000
CXUS56 KSLC 010910
CF6CDC
PRELIMINARY LOCAL CLIMATOLOGICAL DATA (WS FORM: F-6)
STATION: CEDAR CITY UT
MONTH: FEBRUARY
YEAR: 2024
LATITUDE: 37 42 N
LONGITUDE: 113 6 W
TEMPERATURE IN F: :PCPN: SNOW: WIND :SUNSHINE: SKY :PK WND
================================================================================
1 2 3 4 5 6A 6B 7 8 9 10 11 12 13 14 15 16 17 18
12Z AVG MX 2MIN
DY MAX MIN AVG DEP HDD CDD WTR SNW DPTH SPD SPD DIR MIN PSBL S-S WX SPD DR
================================================================================
1 56 36 46 14 19 0 0.26 M M 17.3 38 190 M M 6 1 57 190
2 41 30 36 4 29 0 0.09 M M 10.5 23 220 M M 9 1 30 230
3 45 27 36 4 29 0 0.00 M M 6.5 18 260 M M 6 27 280
4 41 24 33 1 32 0 T M M 8.1 25 210 M M 7 33 210
5 55 39 47 15 18 0 0.00 M M 16.2 33 180 M M 7 47 160
6 50 35 43 10 22 0 0.12 M M 15.4 36 180 M M 7 51 180
7 39 30 35 2 30 0 0.01 M M 15.0 26 220 M M 8 1 38 200
8 36 27 32 -1 33 0 0.14 M M 5.8 20 210 M M 10 12 26 200
9 34 24 29 -4 36 0 T M M 8.7 18 210 M M 10 1 25 210
10 32 21 27 -6 38 0 T M M 10.3 20 10 M M 10 1 29 10
11 37 12 25 -8 40 0 0.00 M M 4.5 14 30 M M 0 17 30
12 46 16 31 -3 34 0 0.00 M M 2.6 7 150 M M 0 9 10
13 52 19 36 2 29 0 0.00 M M 7.8 23 240 M M 0 30 240
14 50 28 39 5 26 0 0.00 M M 9.9 21 230 M M 2 28 230
15 50 32 41 7 24 0 0.00 M M 8.1 25 200 M M 5 35 220
16 53 25 39 5 26 0 0.00 M M 5.1 14 300 M M 0 23 290
17 47 25 36 1 29 0 0.00 M M 2.6 8 170 M M 3 12 180
18 57 36 47 12 18 0 0.00 0.0 M 11.2 22 220 M M 3 30 200
19 57 28 43 8 22 0 0.00 M M 12.4 29 200 M M 3 42 210
20 49 38 44 9 21 0 0.12 M M 8.2 24 230 M M 9 1 34 220
21 47 31 39 3 26 0 0.27 M M 7.1 20 260 M M 7 13 26 260
22 50 28 39 3 26 0 0.00 M M 5.0 15 10 M M 1 26 320
23 53 21 37 1 28 0 0.00 M M 3.7 14 330 M M 0 19 330
24 55 23 39 3 26 0 0.00 M M 4.0 15 220 M M 1 20 220
25 60 28 44 7 21 0 0.00 M M 9.4 22 230 M M 2 31 230
26 58 34 46 9 19 0 0.00 M M 14.3 31 210 M M 0 46 220
27 47 23 35 -2 30 0 T M M 7.2 21 190 M M 4 27 190
28 55 16 36 -2 29 0 0.00 M M 2.4 13 210 M M 0 16 210
29 57 29 43 5 22 0 0.00 M M 15.3 28 210 M M 0 40 M
================================================================================
SM 1409 785 782 0 1.01 0.0 254.6 M 120
================================================================================
AV 48.6 27.1 8.8 FASTST M M 4 MAX(MPH)
MISC ----> 38 190 57 190
================================================================================
NOTES:
# LAST OF SEVERAL OCCURRENCES
COLUMN 17 PEAK WIND IN M.P.H.
PRELIMINARY LOCAL CLIMATOLOGICAL DATA (WS FORM: F-6) , PAGE 2
STATION: CEDAR CITY UT
MONTH: FEBRUARY
YEAR: 2024
LATITUDE: 37 42 N
LONGITUDE: 113 6 W
[TEMPERATURE DATA] [PRECIPITATION DATA] SYMBOLS USED IN COLUMN 16
AVERAGE MONTHLY: 37.8 TOTAL FOR MONTH: 1.01 1 = FOG OR MIST
DPTR FM NORMAL: 3.5 DPTR FM NORMAL: 0.03 2 = FOG REDUCING VISIBILITY
HIGHEST: 60 ON 25 GRTST 24HR 0.33 ON 1- 2 TO 1/4 MILE OR LESS
LOWEST: 12 ON 11 3 = THUNDER
SNOW, ICE PELLETS, HAIL 4 = ICE PELLETS
TOTAL MONTH: 0.0 INCH 5 = HAIL
GRTST 24HR 0.0 6 = FREEZING RAIN OR DRIZZLE
GRTST DEPTH: M ON M 7 = DUSTSTORM OR SANDSTORM:
VSBY 1/2 MILE OR LESS
8 = SMOKE OR HAZE
[NO. OF DAYS WITH] [WEATHER - DAYS WITH] 9 = BLOWING SNOW
X = TORNADO
MAX 32 OR BELOW: 1 0.01 INCH OR MORE: 7
MAX 90 OR ABOVE: 0 0.10 INCH OR MORE: 5
MIN 32 OR BELOW: 23 0.50 INCH OR MORE: 0
MIN 0 OR BELOW: 0 1.00 INCH OR MORE: 0
[HDD (BASE 65) ]
TOTAL THIS MO. 782 CLEAR (SCALE 0-3) 15
DPTR FM NORMAL -76 PTCLDY (SCALE 4-7) 9
TOTAL FM JUL 1 3932 CLOUDY (SCALE 8-10) 5
DPTR FM NORMAL -522
[CDD (BASE 65) ]
TOTAL THIS MO. 0
DPTR FM NORMAL 0 [PRESSURE DATA]
TOTAL FM JAN 1 0 HIGHEST SLP M ON M
DPTR FM NORMAL 0 LOWEST SLP 29.44 ON 6
[REMARKS]
#FINAL-02-24#