000
CXUS56 KSLC 011237
CF6CDC
PRELIMINARY LOCAL CLIMATOLOGICAL DATA (WS FORM: F-6)
STATION: CEDAR CITY UT
MONTH: FEBRUARY
YEAR: 2020
LATITUDE: 37 42 N
LONGITUDE: 113 6 W
TEMPERATURE IN F: :PCPN: SNOW: WIND :SUNSHINE: SKY :PK WND
================================================================================
1 2 3 4 5 6A 6B 7 8 9 10 11 12 13 14 15 16 17 18
12Z AVG MX 2MIN
DY MAX MIN AVG DEP HDD CDD WTR SNW DPTH SPD SPD DIR MIN PSBL S-S WX SPD DR
================================================================================
1 56 20 38 8 27 0 0.00 0.0 0 3.4 12 160 M M 0 12 160
2 62 24 43 12 22 0 0.00 0.0 0 19.1 43 180 M M 0 57 180
3 47 5 26 -5 39 0 0.27 M 0 8.8 35 200 M M 10 12 51 200
4 22 -3 10 -21 55 0 T M 0 6.9 17 30 M M 3 1 22 30
5 31 -4 14 -17 51 0 0.00 0.0 0 2.6 12 320 M M 4 13 320
6 48 14 31 0 34 0 0.00 0.0 0 2.9 9 150 M M 1 10 130
7 53 27 40 8 25 0 0.00 0.0 0 5.9 10 140 M M 0 12 140
8 57 25 41 9 24 0 0.00 0.0 0 11.4 28 220 M M 0 35 210
9 33 24 29 -3 36 0 0.12 M 0 10.6 17 360 M M 9 1 24 360
10 41 11 26 -6 39 0 T M 0 7.5 21 10 M M 2 29 360
11 38 18 28 -4 37 0 0.00 0.0 0 8.2 18 10 M M 1 23 360
12 46 14 30 -3 35 0 0.00 0.0 0 3.5 13 10 M M 0 18 10
13 51 16 34 1 31 0 0.00 0.0 0 2.3 8 150 M M 0 9 150
14 53 21 37 4 28 0 0.00 0.0 0 7.9 20 240 M M 0 24 240
15 54 23 39 6 26 0 0.00 0.0 0 6.6 17 220 M M 0 21 220
16 58 32 45 11 20 0 0.00 0.0 0 9.1 22 210 M M 5 27 220
17 51 23 37 3 28 0 0.00 0.0 0 4.0 16 320 M M 2 22 330
18 45 17 31 -3 34 0 0.00 0.0 0 3.3 10 350 M M 0 13 340
19 44 14 29 -5 36 0 0.00 0.0 0 5.7 16 340 M M 0 21 10
20 48 14 31 -3 34 0 0.00 0.0 0 2.5 8 350 M M 0 9 350
21 59 16 38 3 27 0 0.00 0.0 0 2.4 13 290 M M 2 19 220
22 54 26 40 5 25 0 0.44 M 0 4.5 16 340 M M 7 1 20 350
23 41 27 34 -1 31 0 0.07 M 0 3.0 12 220 M M 5 12 13 210
24 44 22 33 -3 32 0 0.00 0.0 0 8.4 16 360 M M 0 22 360
25 38 18 28 -8 37 0 0.00 0.0 0 10.1 20 20 M M 0 27 360
26 51 13 32 -4 33 0 0.00 0.0 0 2.1 7 200 M M 0 10 30
27 58 19 39 3 26 0 0.00 0.0 0 4.6 15 10 M M 0 22 340
28 59 21 40 3 25 0 0.00 0.0 0 3.4 10 10 M M 0 13 350
29 60 30 45 8 20 0 0.00 0.0 0 10.2 25 220 M M 3 32 210
================================================================================
SM 1402 527 917 0 0.90 0.0 180.9 M 54
================================================================================
AV 48.3 18.2 6.2 FASTST M M 2 MAX(MPH)
MISC ----> # 43 180 # 57 180
================================================================================
NOTES:
# LAST OF SEVERAL OCCURRENCES
COLUMN 17 PEAK WIND IN M.P.H.
PRELIMINARY LOCAL CLIMATOLOGICAL DATA (WS FORM: F-6) , PAGE 2
STATION: CEDAR CITY UT
MONTH: FEBRUARY
YEAR: 2020
LATITUDE: 37 42 N
LONGITUDE: 113 6 W
[TEMPERATURE DATA] [PRECIPITATION DATA] SYMBOLS USED IN COLUMN 16
AVERAGE MONTHLY: 33.3 TOTAL FOR MONTH: 0.90 1 = FOG OR MIST
DPTR FM NORMAL: -0.0 DPTR FM NORMAL: -0.10 2 = FOG REDUCING VISIBILITY
HIGHEST: 62 ON 2 GRTST 24HR 0.44 ON 22-22 TO 1/4 MILE OR LESS
LOWEST: -4 ON 5 3 = THUNDER
SNOW, ICE PELLETS, HAIL 4 = ICE PELLETS
TOTAL MONTH: 0.0 INCH 5 = HAIL
GRTST 24HR 0.0 6 = FREEZING RAIN OR DRIZZLE
GRTST DEPTH: 0 7 = DUSTSTORM OR SANDSTORM:
VSBY 1/2 MILE OR LESS
8 = SMOKE OR HAZE
[NO. OF DAYS WITH] [WEATHER - DAYS WITH] 9 = BLOWING SNOW
X = TORNADO
MAX 32 OR BELOW: 2 0.01 INCH OR MORE: 4
MAX 90 OR ABOVE: 0 0.10 INCH OR MORE: 3
MIN 32 OR BELOW: 29 0.50 INCH OR MORE: 0
MIN 0 OR BELOW: 2 1.00 INCH OR MORE: 0
[HDD (BASE 65) ]
TOTAL THIS MO. 917 CLEAR (SCALE 0-3) 22
DPTR FM NORMAL 30 PTCLDY (SCALE 4-7) 5
TOTAL FM JUL 1 4488 CLOUDY (SCALE 8-10) 2
DPTR FM NORMAL -102
[CDD (BASE 65) ]
TOTAL THIS MO. 0
DPTR FM NORMAL 0 [PRESSURE DATA]
TOTAL FM JAN 1 0 HIGHEST SLP M ON M
DPTR FM NORMAL 0 LOWEST SLP 29.30 ON 3
[REMARKS]
#FINAL-02-20#