000
CXUS55 KEAX 010836
CF6CDJ
PRELIMINARY LOCAL CLIMATOLOGICAL DATA (WS FORM: F-6)
STATION: CHILLICOTHE
MONTH: JANUARY
YEAR: 2021
LATITUDE: 39 49 N
LONGITUDE: 93 35 W
TEMPERATURE IN F: :PCPN: SNOW: WIND :SUNSHINE: SKY :PK WND
================================================================================
1 2 3 4 5 6A 6B 7 8 9 10 11 12 13 14 15 16 17 18
12Z AVG MX 2MIN
DY MAX MIN AVG DEP HDD CDD WTR SNW DPTH SPD SPD DIR MIN PSBL S-S WX SPD DR
================================================================================
1 30 18 24 -3 41 0 0.67 M M 7.8 17 20 M M 0 6 29 20
2 31 18 25 -2 40 0 0.00 M M 0.9 6 360 M M 0 9 340
3 32 14 23 -4 42 0 0.00 M M 4.5 10 200 M M 0 15 160
4 39 25 32 5 33 0 0.00 M M 4.0 10 300 M M 0 16 320
5 45 16 31 4 34 0 0.00 M M 3.3 9 120 M M 0 16 120
6 42 36 39 12 26 0 0.00 M M 6.6 12 110 M M 0 19 110
7 36 30 33 6 32 0 0.00 M M 7.4 14 60 M M 0 21 30
8 34 28 31 4 34 0 0.00 M M 4.1 8 340 M M 0 15 10
9 31 25 28 1 37 0 0.00 M M 3.8 9 310 M M 0 12 300
10 32 23 28 1 37 0 0.00 M M 3.3 9 310 M M 0 16 310
11 44 24 34 7 31 0 0.00 M M 4.9 13 200 M M 0 19 200
12 52 26 39 12 26 0 0.00 M M 4.4 9 230 M M 0 15 240
13 50 30 40 13 25 0 0.00 M M 6.6 15 200 M M 0 22 200
14 44 34 39 12 26 0 0.02 M M 10.4 22 300 M M 0 38 300
15 36 31 34 7 31 0 0.16 M M 11.8 20 290 M M 0 36 290
16 33 28 31 4 34 0 0.00 M M 8.1 18 310 M M 0 27 310
17 37 25 31 4 34 0 0.00 M M 4.5 15 310 M M 0 22 280
18 36 22 29 2 36 0 0.03 M M 1.3 7 50 M M 0 12 30
19 45 19 32 5 33 0 0.00 M M 4.5 17 300 M M 0 32 300
20 53 18 36 9 29 0 0.00 M M 6.8 21 200 M M 0 33 200
21 57 23 40 13 25 0 0.00 M M 3.6 14 350 M M 0 22 340
22 33 20 27 0 38 0 0.00 M M 5.4 13 10 M M 0 22 10
23 38 18 28 1 37 0 0.00 M M 6.5 14 140 M M 0 21 120
24 38 34 36 9 29 0 0.01 M M 3.1 9 60 M M 0 16 50
25 35 29 32 5 33 0 0.57 M M 8.5 17 90 M M 0 6 28 60
26 29 23 26 -1 39 0 0.03 M M 6.0 10 350 M M 0 22 10
27 28 9 19 -9 46 0 0.17 M M 4.4 13 40 M M 0 19 40
28 29 3 16 -12 49 0 0.00 M M 2.5 14 190 M M 0 17 190
29 43 15 29 1 36 0 0.00 M M 6.9 14 140 M M 0 20 130
30 43 35 39 11 26 0 0.84 M M 8.0 15 130 M M 0 24 330
31 36 31 34 6 31 0 0.00 M M 10.6 17 330 M M 0 30 350
================================================================================
SM 1191 730 1050 0 2.50 M 174.5 M 0
================================================================================
AV 38.4 23.5 5.6 FASTST M M 0 MAX(MPH)
MISC ----> 22 300 38 300
================================================================================
NOTES:
# LAST OF SEVERAL OCCURRENCES
COLUMN 17 PEAK WIND IN M.P.H.
PRELIMINARY LOCAL CLIMATOLOGICAL DATA (WS FORM: F-6) , PAGE 2
STATION: CHILLICOTHE
MONTH: JANUARY
YEAR: 2021
LATITUDE: 39 49 N
LONGITUDE: 93 35 W
[TEMPERATURE DATA] [PRECIPITATION DATA] SYMBOLS USED IN COLUMN 16
AVERAGE MONTHLY: 31.0 TOTAL FOR MONTH: 2.50 1 = FOG OR MIST
DPTR FM NORMAL: 3.9 DPTR FM NORMAL: 1.40 2 = FOG REDUCING VISIBILITY
HIGHEST: 57 ON 21 GRTST 24HR 0.96 ON 30-30 TO 1/4 MILE OR LESS
LOWEST: 3 ON 28 3 = THUNDER
SNOW, ICE PELLETS, HAIL 4 = ICE PELLETS
TOTAL MONTH: M 5 = HAIL
GRTST 24HR M ON M 6 = FREEZING RAIN OR DRIZZLE
GRTST DEPTH: M ON M 7 = DUSTSTORM OR SANDSTORM:
VSBY 1/2 MILE OR LESS
8 = SMOKE OR HAZE
[NO. OF DAYS WITH] [WEATHER - DAYS WITH] 9 = BLOWING SNOW
X = TORNADO
MAX 32 OR BELOW: 8 0.01 INCH OR MORE: 9
MAX 90 OR ABOVE: 0 0.10 INCH OR MORE: 5
MIN 32 OR BELOW: 27 0.50 INCH OR MORE: 3
MIN 0 OR BELOW: 0 1.00 INCH OR MORE: 0
[HDD (BASE 65) ]
TOTAL THIS MO. 1050 CLEAR (SCALE 0-3) 31
DPTR FM NORMAL -123 PTCLDY (SCALE 4-7) 0
TOTAL FM JUL 1 3018 CLOUDY (SCALE 8-10) 0
DPTR FM NORMAL -370
[CDD (BASE 65) ]
TOTAL THIS MO. 0
DPTR FM NORMAL 0 [PRESSURE DATA]
TOTAL FM JAN 1 0 HIGHEST SLP 30.77 ON 28
DPTR FM NORMAL 0 LOWEST SLP 29.45 ON 15
[REMARKS]
#FINAL-01-21#