000
CXUS55 KCYS 011045
CF6CDR
PRELIMINARY LOCAL CLIMATOLOGICAL DATA (WS FORM: F-6) ...CORRECTED...
STATION: CHADRON NEBRASKA AIRPORT
MONTH: APRIL
YEAR: 2020
LATITUDE: 42 50 N
LONGITUDE: 103 6 W
TEMPERATURE IN F: :PCPN: SNOW: WIND :SUNSHINE: SKY :PK WND
================================================================================
1 2 3 4 5 6A 6B 7 8 9 10 11 12 13 14 15 16 17 18
12Z AVG MX 2MIN
DY MAX MIN AVG DEP HDD CDD WTR SNW DPTH SPD SPD DIR MIN PSBL S-S WX SPD DR
================================================================================
1 61 20 41 1 24 0 T M M 14.4 29 30 M M 9 168 35 40
2 20 -5 8 -33 57 0 T M M 9.2 22 20 M M 9 126 27 40
3 43 -10 17 -24 48 0 0.00 M M 6.8 30 180 M M 1 35 180
4 62 31 47 6 18 0 0.00 M M 16.1 37 190 M M 1 45 190
5 72 26 49 8 16 0 0.03 M M 10.6 39 200 M M 2 49 200
6 78 32 55 13 10 0 0.00 M M 10.5 30 230 M M 0 1 39 230
7 75 32 54 12 11 0 0.00 M M 13.3 33 270 M M 0 8 42 270
8 58 26 42 0 23 0 0.00 M M 9.2 29 300 M M 0 35 300
9 52 25 39 -4 26 0 0.00 M M 10.3 23 310 M M 0 30 310
10 72 26 49 6 16 0 0.01 M M 9.0 24 200 M M 2 31 200
11 51 24 38 -5 27 0 0.08 M M 14.9 28 40 M M 9 12 36 30
12 27 11 19 -25 46 0 T M M 11.2 23 10 M M 9 18 30 20
13 31 9 20 -24 45 0 0.00 M M 14.7 29 300 M M 1 36 300
14 42 9 26 -18 39 0 T M M 10.3 29 310 M M 4 37 310
15 51 20 36 -8 29 0 0.01 M M 10.8 29 320 M M 7 37 320
16 37 25 31 -14 34 0 T M M 6.9 15 240 M M 10 18 17 240
17 58 14 36 -9 29 0 0.00 M M 10.6 22 300 M M 0 28 300
18 69 26 48 2 17 0 0.00 M M 9.4 24 50 M M 2 30 60
19 60 30 45 -1 20 0 0.05 M M 6.3 21 310 M M 6 3 29 310
20 66 26 46 0 19 0 0.00 M M 11.1 28 310 M M 3 36 310
21 75 28 52 5 13 0 0.00 M M 6.6 20 190 M M 0 23 210
22 75 31 53 6 12 0 0.00 M M 9.2 24 320 M M 1 33 300
23 72 35 54 7 11 0 0.01 M M 6.1 29 10 M M 5 1 36 10
24 57 34 46 -2 19 0 0.22 M M 5.5 15 30 M M 7 1 19 300
25 66 33 50 2 15 0 0.00 M M 9.1 21 330 M M 1 26 310
26 76 39 58 10 7 0 0.00 M M 6.9 17 310 M M 0 23 320
27 80 33 57 8 8 0 T M M 5.8 28 320 M M 2 35 330
28 65 36 51 2 14 0 0.06 M M 15.4 38 310 M M 3 18 49 320
29 69 28 49 -1 16 0 0.00 M M 5.6 14 320 M M 0 17 320
30 90 42 66 16 0 1 0.02 M M 6.4 44 260 M M 0 55 250
================================================================================
SM 1810 736 669 1 0.49 M 292.2 M 94
================================================================================
AV 60.3 24.5 9.7 FASTST M M 3 MAX(MPH)
MISC ----> # 44 260 # 55 250
================================================================================
NOTES:
# LAST OF SEVERAL OCCURRENCES
COLUMN 17 PEAK WIND IN M.P.H.
PRELIMINARY LOCAL CLIMATOLOGICAL DATA (WS FORM: F-6) , PAGE 2
STATION: CHADRON NEBRASKA AIRPORT
MONTH: APRIL
YEAR: 2020
LATITUDE: 42 50 N
LONGITUDE: 103 6 W
[TEMPERATURE DATA] [PRECIPITATION DATA] SYMBOLS USED IN COLUMN 16
AVERAGE MONTHLY: 42.4 TOTAL FOR MONTH: 0.49 1 = FOG OR MIST
DPTR FM NORMAL: -2.4 DPTR FM NORMAL: -1.49 2 = FOG REDUCING VISIBILITY
HIGHEST: 90 ON 30 GRTST 24HR 0.22 ON 24-24 TO 1/4 MILE OR LESS
LOWEST: -10 ON 3 3 = THUNDER
SNOW, ICE PELLETS, HAIL 4 = ICE PELLETS
TOTAL MONTH: M 5 = HAIL
GRTST 24HR M ON M 6 = FREEZING RAIN OR DRIZZLE
GRTST DEPTH: M ON M 7 = DUSTSTORM OR SANDSTORM:
VSBY 1/2 MILE OR LESS
8 = SMOKE OR HAZE
[NO. OF DAYS WITH] [WEATHER - DAYS WITH] 9 = BLOWING SNOW
X = TORNADO
MAX 32 OR BELOW: 3 0.01 INCH OR MORE: 9
MAX 90 OR ABOVE: 1 0.10 INCH OR MORE: 1
MIN 32 OR BELOW: 23 0.50 INCH OR MORE: 0
MIN 0 OR BELOW: 2 1.00 INCH OR MORE: 0
[HDD (BASE 65) ]
TOTAL THIS MO. 669 CLEAR (SCALE 0-3) 19
DPTR FM NORMAL 63 PTCLDY (SCALE 4-7) 6
TOTAL FM JUL 1 6665 CLOUDY (SCALE 8-10) 5
DPTR FM NORMAL -98
[CDD (BASE 65) ]
TOTAL THIS MO. 1
DPTR FM NORMAL -1 [PRESSURE DATA]
TOTAL FM JAN 1 1 HIGHEST SLP 30.53 ON 3
DPTR FM NORMAL -1 LOWEST SLP 29.60 ON 30
[REMARKS]
APRIL 14TH...RECORD LOW 9 DEGREES (PREVIOUS 15 DEGREES IN 1983).
APRIL 30TH...RECORD HIGH 90 DEGREES (PREVIOUS 88 DEGREES IN 1939).
#FINAL-04-20#