000
CXUS56 KEKA 020032
CF6CEC
PRELIMINARY LOCAL CLIMATOLOGICAL DATA (WS FORM: F-6)
STATION: CRESCENT CITY CA
MONTH: SEPTEMBER
YEAR: 2022
LATITUDE: 41 46 N
LONGITUDE: 124 14 W
TEMPERATURE IN F: :PCPN: SNOW: WIND :SUNSHINE: SKY :PK WND
================================================================================
1 2 3 4 5 6A 6B 7 8 9 10 11 12 13 14 15 16 17 18
12Z AVG MX 2MIN
DY MAX MIN AVG DEP HDD CDD WTR SNW DPTH SPD SPD DIR MIN PSBL S-S WX SPD DR
================================================================================
1 61 54 58 0 7 0 0.00 M M 4.9 10 170 M M 10 18 13 320
2 62 57 60 2 5 0 0.00 M M 4.6 12 180 M M 10 18 16 180
3 66 56 61 3 4 0 0.00 M M 4.8 13 310 M M 5 18 16 320
4 69 53 61 3 4 0 0.00 M M 5.9 15 340 M M 6 28 24 340
5 66 56 61 3 4 0 0.00 M M 4.9 13 150 M M 5 28 18 160
6 64 52 58 0 7 0 0.00 M M 5.5 14 330 M M 2 28 18 320
7 72 51 62 4 3 0 0.00 M M 4.4 14 330 M M 3 18 18 330
8 64 52 58 0 7 0 0.00 M M 10.8 23 350 M M 1 18 35 340
9 71 48 60 2 5 0 0.00 M M 7.4 18 160 M M 0 18 25 170
10 68 54 61 3 4 0 0.00 M M 12.1 21 160 M M 6 28 29 160
11 66 56 61 3 4 0 0.00 M M 1.9 8 160 M M 8 28 11 150
12 62 52 57 -1 8 0 0.00 M M 3.7 9 320 M M 9 28 12 310
13 61 50 56 -2 9 0 0.00 M M 3.1 10 190 M M 9 28 14 180
14 59 53 56 -2 9 0 0.00 M M 2.6 9 200 M M 10 2 14 170
15 60 54 57 0 8 0 0.00 M M 5.0 14 170 M M 9 18 19 180
16 64 49 57 0 8 0 0.00 M M 6.1 18 160 M M 3 18 25 150
17 61 50 56 -1 9 0 0.25 M M 5.4 17 180 M M 7 2 23 160
18 65 52 59 2 6 0 0.09 M M 3.6 10 350 M M 9 28 17 350
19 68 56 62 5 3 0 0.01 M M 5.8 13 330 M M 5 18 19 330
20 66 57 62 5 3 0 0.01 M M 4.5 16 180 M M 7 18 22 180
21 63 52 58 1 7 0 0.00 M M 2.6 10 180 M M 8 2 16 190
22 66 52 59 2 6 0 0.00 0.0 M 4.1 10 330 M M 2 28 14 320
23 63 51 57 0 8 0 0.00 M M 5.3 14 160 M M 5 28 20 150
24 72 48 60 3 5 0 0.00 M M 3.7 8 160 M M 3 28 15 190
25 63 50 57 0 8 0 0.00 M 0 2.7 10 200 M M 8 28 13 190
26 61 54 58 1 7 0 0.00 M M 4.3 12 180 M M 10 2 16 160
27 63 52 58 1 7 0 0.00 M M 6.5 15 190 M M 8 1 20 200
28 66 53 60 4 5 0 0.08 M M 5.8 14 160 M M 7 18 19 160
29 67 55 61 5 4 0 0.02 M M 10.0 23 330 M M 3 18 36 340
30 68 56 62 6 3 0 0.00 M M 7.5 14 360 M M 0 18 21 350
================================================================================
SM 1947 1585 177 0 0.46 0.0 159.5 M 178
================================================================================
AV 64.9 52.8 5.3 FASTST M M 6 MAX(MPH)
MISC ----> # 23 350 36 340
================================================================================
NOTES:
# LAST OF SEVERAL OCCURRENCES
COLUMN 17 PEAK WIND IN M.P.H.
PRELIMINARY LOCAL CLIMATOLOGICAL DATA (WS FORM: F-6) , PAGE 2
STATION: CRESCENT CITY CA
MONTH: SEPTEMBER
YEAR: 2022
LATITUDE: 41 46 N
LONGITUDE: 124 14 W
[TEMPERATURE DATA] [PRECIPITATION DATA] SYMBOLS USED IN COLUMN 16
AVERAGE MONTHLY: 58.9 TOTAL FOR MONTH: 0.46 1 = FOG OR MIST
DPTR FM NORMAL: 1.6 DPTR FM NORMAL: -0.64 2 = FOG REDUCING VISIBILITY
HIGHEST: 72 ON 24, 7 GRTST 24HR 0.34 ON 17-18 TO 1/4 MILE OR LESS
LOWEST: 48 ON 24, 9 3 = THUNDER
SNOW, ICE PELLETS, HAIL 4 = ICE PELLETS
TOTAL MONTH: 0.0 INCH 5 = HAIL
GRTST 24HR 0.0 6 = FREEZING RAIN OR DRIZZLE
GRTST DEPTH: 0 7 = DUSTSTORM OR SANDSTORM:
VSBY 1/2 MILE OR LESS
8 = SMOKE OR HAZE
[NO. OF DAYS WITH] [WEATHER - DAYS WITH] 9 = BLOWING SNOW
X = TORNADO
MAX 32 OR BELOW: 0 0.01 INCH OR MORE: 6
MAX 90 OR ABOVE: 0 0.10 INCH OR MORE: 1
MIN 32 OR BELOW: 0 0.50 INCH OR MORE: 0
MIN 0 OR BELOW: 0 1.00 INCH OR MORE: 0
[HDD (BASE 65) ]
TOTAL THIS MO. 177 CLEAR (SCALE 0-3) 8
DPTR FM NORMAL -54 PTCLDY (SCALE 4-7) 14
TOTAL FM JUL 1 512 CLOUDY (SCALE 8-10) 8
DPTR FM NORMAL -160
[CDD (BASE 65) ]
TOTAL THIS MO. 0
DPTR FM NORMAL -1 [PRESSURE DATA]
TOTAL FM JAN 1 0 HIGHEST SLP 30.21 ON 29
DPTR FM NORMAL -2 LOWEST SLP 29.51 ON 9
[REMARKS]
#FINAL-09-22#