000
CXUS53 KPAH 010700
CF6CGI
PRELIMINARY LOCAL CLIMATOLOGICAL DATA (WS FORM: F-6)
STATION: CAPE GIRARDEAU MO
MONTH: APRIL
YEAR: 2022
LATITUDE: 37 13 N
LONGITUDE: 89 35 W
TEMPERATURE IN F: :PCPN: SNOW: WIND :SUNSHINE: SKY :PK WND
================================================================================
1 2 3 4 5 6A 6B 7 8 9 10 11 12 13 14 15 16 17 18
12Z AVG MX 2MIN
DY MAX MIN AVG DEP HDD CDD WTR SNW DPTH SPD SPD DIR MIN PSBL S-S WX SPD DR
================================================================================
1 54 32 43 -10 22 0 0.00 M M 5.6 14 290 M M 3 18 290
2 68 35 52 -1 13 0 0.00 M M 7.9 24 320 M M 4 32 320
3 64 34 49 -5 16 0 0.00 M M 3.8 10 140 M M 1 16 130
4 58 47 53 -1 12 0 0.31 M M 4.4 13 140 M M 8 1 17 140
5 69 52 61 7 4 0 0.04 M M 8.4 16 150 M M 5 22 140
6 67 46 57 2 8 0 0.75 M M 8.9 24 340 M M 6 1 33 350
7 58 39 49 -6 16 0 0.00 M M 13.6 25 290 M M 4 35 300
8 45 39 42 -13 23 0 0.00 M M 13.2 26 310 M M 10 35 300
9 64 33 49 -7 16 0 0.00 M M 6.1 16 260 M M 1 23 230
10 77 39 58 2 7 0 0.00 M M 15.6 31 180 M M 3 47 200
11 71 59 65 9 0 0 1.21 M M 12.2 32 130 M M 8 13 44 120
12 79 59 69 12 0 4 0.52 M M 12.4 28 200 M M 8 13 41 200
13 73 47 60 3 5 0 0.86 M M 15.3 36 190 M M 9 13 53 190
14 63 35 49 -8 16 0 0.00 M M 8.7 18 310 M M 0 26 300
15 59 41 50 -8 15 0 0.11 M M 6.2 15 70 M M 5 3 20 180
16 63 45 54 -4 11 0 0.00 M M 10.8 22 340 M M 5 27 350
17 51 43 47 -11 18 0 0.55 M M 9.4 26 70 M M 10 13 37 80
18 59 40 50 -9 15 0 0.00 M M 12.4 23 310 M M 5 1 32 300
19 58 32 45 -14 20 0 0.00 M M 5.3 12 360 M M 0 18 350
20 59 44 52 -8 13 0 0.64 M M 10.1 29 170 M M 8 13 39 170
21 72 55 64 4 1 0 0.13 M M 4.5 12 130 M M 10 138 17 190
22 80 63 72 12 0 7 0.00 M M 9.7 20 220 M M 5 28 220
23 80 65 73 13 0 8 0.00 M M 14.1 32 200 M M 1 47 210
24 80 67 74 13 0 9 0.03 M M 14.4 24 200 M M 6 18 36 190
25 69 50 60 -1 5 0 1.09 M M 8.9 20 360 M M 6 13 25 360
26 63 42 53 -9 12 0 0.00 M M 8.3 18 360 M M 0 25 10
27 69 38 54 -8 11 0 0.00 M M 4.2 14 190 M M 0 20 200
28 72 44 58 -4 7 0 0.01 M M 4.7 14 180 M M 4 18 180
29 80 58 69 7 0 4 T M M 8.3 21 180 M M 5 28 190
30 75 59 67 4 0 2 0.54 M M 13.5 25 180 M M 5 13 40 170
================================================================================
SM 1999 1382 286 34 6.79 M 280.9 M 145
================================================================================
AV 66.6 46.1 9.4 FASTST M M 5 MAX(MPH)
MISC ----> 36 190 53 190
================================================================================
NOTES:
# LAST OF SEVERAL OCCURRENCES
COLUMN 17 PEAK WIND IN M.P.H.
PRELIMINARY LOCAL CLIMATOLOGICAL DATA (WS FORM: F-6) , PAGE 2
STATION: CAPE GIRARDEAU MO
MONTH: APRIL
YEAR: 2022
LATITUDE: 37 13 N
LONGITUDE: 89 35 W
[TEMPERATURE DATA] [PRECIPITATION DATA] SYMBOLS USED IN COLUMN 16
AVERAGE MONTHLY: 56.4 TOTAL FOR MONTH: 6.79 1 = FOG OR MIST
DPTR FM NORMAL: -1.6 DPTR FM NORMAL: 1.61 2 = FOG REDUCING VISIBILITY
HIGHEST: 80 ON 29,24 GRTST 24HR 1.72 ON 11-12 TO 1/4 MILE OR LESS
LOWEST: 32 ON 19, 1 3 = THUNDER
SNOW, ICE PELLETS, HAIL 4 = ICE PELLETS
TOTAL MONTH: M 5 = HAIL
GRTST 24HR M ON M 6 = FREEZING RAIN OR DRIZZLE
GRTST DEPTH: M ON M 7 = DUSTSTORM OR SANDSTORM:
VSBY 1/2 MILE OR LESS
8 = SMOKE OR HAZE
[NO. OF DAYS WITH] [WEATHER - DAYS WITH] 9 = BLOWING SNOW
X = TORNADO
MAX 32 OR BELOW: 0 0.01 INCH OR MORE: 14
MAX 90 OR ABOVE: 0 0.10 INCH OR MORE: 11
MIN 32 OR BELOW: 2 0.50 INCH OR MORE: 8
MIN 0 OR BELOW: 0 1.00 INCH OR MORE: 2
[HDD (BASE 65) ]
TOTAL THIS MO. 286 CLEAR (SCALE 0-3) 9
DPTR FM NORMAL 44 PTCLDY (SCALE 4-7) 16
TOTAL FM JUL 1 3788 CLOUDY (SCALE 8-10) 5
DPTR FM NORMAL -325
[CDD (BASE 65) ]
TOTAL THIS MO. 34
DPTR FM NORMAL 5 [PRESSURE DATA]
TOTAL FM JAN 1 34 HIGHEST SLP M ON M
DPTR FM NORMAL 1 LOWEST SLP 29.51 ON 6
[REMARKS]
#FINAL-04-22#