000
CXUS53 KPAH 011550
CLSCGI
CLIMATE REPORT
NATIONAL WEATHER SERVICE PADUCAH KY
950 AM CST WED MAR 01 2023
...................................
...THE CAPE GIRARDEAU MO CLIMATE SUMMARY FOR THE SEASON, FROM
12/1/2022 TO 2/28/2023...
CLIMATE NORMAL PERIOD 1991 TO 2020
CLIMATE RECORD PERIOD 1960 TO 2023
WEATHER OBSERVED NORMAL DEPART LAST YEAR`S
VALUE DATE(S) VALUE FROM VALUE
NORMAL
..............................................................
TEMPERATURE (F)
RECORD
HIGH 79 02/13/1962
LOW -18 01/11/1977
HIGHEST 74 02/27 MM MM
LOWEST -5 12/23 MM MM
AVG. MAXIMUM 50.7 45.8 4.9
AVG. MINIMUM 32.8 28.5 4.3
MEAN 41.7 37.2 4.5
DAYS MAX >= 90 0 0.0 0.0
DAYS MAX <= 32 7 12.2 -5.2
DAYS MIN <= 32 45 61.7 -16.7
DAYS MIN <= 0 2 1.2 0.8
PRECIPITATION (INCHES)
RECORD
MAXIMUM 18.09 1979
MINIMUM 4.27 1963
TOTALS 12.41 10.44 1.97
DAILY AVG. 0.14 0.12 0.02
DAYS >= .01 29 27.3 1.7
DAYS >= .10 17 17.5 -0.5
DAYS >= .50 8 7.1 0.9
DAYS >= 1.00 3 2.7 0.3
GREATEST
24 HR. TOTAL 2.59 02/08 TO 02/09
STORM TOTAL 2.57
(MM/DD(HH))
DEGREE DAYS
HEATING TOTAL 2084 2507 -423
SINCE 7/1 2958 3333 -375
COOLING TOTAL 0 0 0
SINCE 1/1 0 0 0
FREEZE DATES
RECORD
EARLIEST MM
LATEST MM
EARLIEST 10/09
LATEST 04/19
..............................................................
WIND (MPH)
AVERAGE WIND SPEED 8.6
HIGHEST WIND SPEED/DIRECTION 39/230 DATE 02/27
HIGHEST GUST SPEED/DIRECTION 60/250 DATE 02/22
SKY COVER
POSSIBLE SUNSHINE (PERCENT) MM
AVERAGE SKY COVER 0.51
NUMBER OF DAYS FAIR 34
NUMBER OF DAYS PC 24
NUMBER OF DAYS CLOUDY 32
AVERAGE RH (PERCENT) 75
WEATHER CONDITIONS. NUMBER OF DAYS WITH
THUNDERSTORM 6 MIXED PRECIP 0
HEAVY RAIN 13 RAIN 15
LIGHT RAIN 31 FREEZING RAIN 1
LT FREEZING RAIN 2 HAIL 0
HEAVY SNOW 1 SNOW 2
LIGHT SNOW 7 SLEET 1
FOG 50 FOG W/VIS <= 1/4 MILE 9
HAZE 18
- INDICATES NEGATIVE NUMBERS.
R INDICATES RECORD WAS SET OR TIED.
MM INDICATES DATA IS MISSING.
T INDICATES TRACE AMOUNT.
[REMARKS:] WARMEST WINTER AT CAPE GIRARDEAU
$$