000
CXUS52 KCHS 010815
CF6CHS
PRELIMINARY LOCAL CLIMATOLOGICAL DATA (WS FORM: F-6)
STATION: NORTH CHARLESTON SC
MONTH: JULY
YEAR: 2023
LATITUDE: 32 54 N
LONGITUDE: 80 2 W
TEMPERATURE IN F: :PCPN: SNOW: WIND :SUNSHINE: SKY :PK WND
================================================================================
1 2 3 4 5 6A 6B 7 8 9 10 11 12 13 14 15 16 17 18
12Z AVG MX 2MIN
DY MAX MIN AVG DEP HDD CDD WTR SNW DPTH SPD SPD DIR MIN PSBL S-S WX SPD DR
================================================================================
1 92 74 83 1 0 18 0.00 0.0 0 5.7 17 130 M M 5 1 21 120
2 96 76 86 4 0 21 0.00 0.0 0 7.0 15 160 M M 4 18 160
3 94 77 86 4 0 21 0.03 0.0 0 7.1 18 250 M M 6 3 22 240
4 98 73 86 4 0 21 1.38 0.0 0 5.8 24 360 M M 5 138 31 360
5 93 75 84 2 0 19 1.95 0.0 0 5.3 26 90 M M 7 138 43 80
6 93 75 84 2 0 19 T 0.0 0 5.8 12 200 M M 5 1 16 260
7 97 75 86 4 0 21 0.05 0.0 0 5.5 23 80 M M 5 13 30 90
8 92 73 83 1 0 18 0.82 0.0 0 4.1 24 30 M M 7 13 30 30
9 94 75 85 3 0 20 0.00 0.0 0 7.8 20 250 M M 5 27 250
10 85 73 79 -3 0 14 1.32 0.0 0 6.9 22 270 M M 7 13 32 260
11 92 71 82 0 0 17 0.00 0.0 0 5.0 13 130 M M 3 17 170
12 93 75 84 1 0 19 0.00 0.0 0 5.6 17 190 M M 3 21 150
13 93 78 86 3 0 21 0.04 0.0 0 8.1 22 200 M M 4 3 26 200
14 93 79 86 3 0 21 0.00 0.0 0 8.0 16 190 M M 4 19 180
15 93 78 86 3 0 21 0.00 0.0 0 10.4 21 200 M M 6 3 28 180
16 96 78 87 4 0 22 0.00 0.0 0 8.3 17 200 M M 7 3 22 200
17 96 78 87 4 0 22 0.00 0.0 0 4.7 20 50 M M 4 3 26 50
18 95 77 86 3 0 21 0.00 0.0 0 4.8 14 160 M M 3 123 17 150
19 96 78 87 4 0 22 T 0.0 0 8.0 31 310 M M 6 138 40 300
20 97 77 87 4 0 22 0.12 0.0 0 9.0 25 300 M M 4 13 36 300
21 95 76 86 3 0 21 T 0.0 0 8.7 20 330 M M 6 3 24 350
22 95 76 86 3 0 21 0.00 0.0 0 9.0 17 330 M M 5 3 25 290
23 92 74 83 0 0 18 3.68 0.0 0 6.0 30 130 M M 6 123 37 120
24 91 73 82 -1 0 17 0.00 0.0 0 5.3 12 280 M M 6 1 15 320
25 93 75 84 1 0 19 T 0.0 0 3.7 14 20 M M 6 3 24 160
26 93 76 85 2 0 20 0.55 0.0 0 4.1 23 30 M M 4 13 29 40
27 92 75 84 1 0 19 T 0.0 0 5.4 15 140 M M 6 3 18 150
28 86 77 82 -1 0 17 1.02 0.0 0 3.5 17 160 M M 7 138 20 160
29 90 75 83 0 0 18 0.17 0.0 0 7.5 22 150 M M 8 13 29 140
30 91 76 84 1 0 19 T 0.0 0 7.0 26 360 M M 7 13 36 340
31 92 73 83 0 0 18 0.08 0.0 0 5.9 23 60 M M 6 13 28 60
================================================================================
SM 2888 2341 0 607 11.21 0.0 199.0 M 167
================================================================================
AV 93.2 75.5 6.4 FASTST M M 5 MAX(MPH)
MISC ----> 31 310 43 80
================================================================================
NOTES:
# LAST OF SEVERAL OCCURRENCES
COLUMN 17 PEAK WIND IN M.P.H.
PRELIMINARY LOCAL CLIMATOLOGICAL DATA (WS FORM: F-6) , PAGE 2
STATION: NORTH CHARLESTON SC
MONTH: JULY
YEAR: 2023
LATITUDE: 32 54 N
LONGITUDE: 80 2 W
[TEMPERATURE DATA] [PRECIPITATION DATA] SYMBOLS USED IN COLUMN 16
AVERAGE MONTHLY: 84.3 TOTAL FOR MONTH: 11.21 1 = FOG OR MIST
DPTR FM NORMAL: 1.8 DPTR FM NORMAL: 4.61 2 = FOG REDUCING VISIBILITY
HIGHEST: 98 ON 4 GRTST 24HR 3.68 ON 23-23 TO 1/4 MILE OR LESS
LOWEST: 71 ON 11 3 = THUNDER
SNOW, ICE PELLETS, HAIL 4 = ICE PELLETS
TOTAL MONTH: 0.0 INCH 5 = HAIL
GRTST 24HR 0.0 6 = FREEZING RAIN OR DRIZZLE
GRTST DEPTH: 0 7 = DUSTSTORM OR SANDSTORM:
VSBY 1/2 MILE OR LESS
8 = SMOKE OR HAZE
[NO. OF DAYS WITH] [WEATHER - DAYS WITH] 9 = BLOWING SNOW
X = TORNADO
MAX 32 OR BELOW: 0 0.01 INCH OR MORE: 13
MAX 90 OR ABOVE: 29 0.10 INCH OR MORE: 9
MIN 32 OR BELOW: 0 0.50 INCH OR MORE: 7
MIN 0 OR BELOW: 0 1.00 INCH OR MORE: 5
[HDD (BASE 65) ]
TOTAL THIS MO. 0 CLEAR (SCALE 0-3) 2
DPTR FM NORMAL 0 PTCLDY (SCALE 4-7) 29
TOTAL FM JUL 1 0 CLOUDY (SCALE 8-10) 0
DPTR FM NORMAL 0
[CDD (BASE 65) ]
TOTAL THIS MO. 607
DPTR FM NORMAL 65 [PRESSURE DATA]
TOTAL FM JAN 1 1520 HIGHEST SLP 30.17 ON 28
DPTR FM NORMAL 137 LOWEST SLP 29.78 ON 9
[REMARKS]
#FINAL-07-23#