000
CXUS52 KCHS 031415
CF6CHS
PRELIMINARY LOCAL CLIMATOLOGICAL DATA (WS FORM: F-6)
STATION: NORTH CHARLESTON SC
MONTH: MARCH
YEAR: 2023
LATITUDE: 32 54 N
LONGITUDE: 80 2 W
TEMPERATURE IN F: :PCPN: SNOW: WIND :SUNSHINE: SKY :PK WND
================================================================================
1 2 3 4 5 6A 6B 7 8 9 10 11 12 13 14 15 16 17 18
12Z AVG MX 2MIN
DY MAX MIN AVG DEP HDD CDD WTR SNW DPTH SPD SPD DIR MIN PSBL S-S WX SPD DR
================================================================================
1 86 59 73 17 0 8 0.00 0.0 0 6.4 15 190 M M 5 18 200
2 83 64 74 18 0 9 0.01 0.0 0 10.2 21 230 M M 8 18 25 230
3 80 63 72 16 0 7 T 0.0 0 14.5 30 200 M M 6 37 210
4 81 58 70 14 0 5 0.07 0.0 0 10.1 26 310 M M 6 1 38 220
5 74 52 63 7 2 0 0.00 0.0 0 6.9 15 110 M M 1 20 120
6 79 53 66 9 0 1 0.03 0.0 0 7.4 16 30 M M 6 18 150
7 87 61 74 17 0 9 0.00 0.0 0 10.5 21 320 M M 1 27 320
8 68 48 58 1 7 0 0.00 0.0 0 9.7 22 20 M M 1 30 20
9 70 44 57 0 8 0 0.00 0.0 0 5.6 15 150 M M 6 19 160
10 65 58 62 5 3 0 0.43 0.0 0 7.9 16 230 M M 9 1 23 240
11 66 46 56 -2 9 0 0.00 0.0 0 8.5 17 320 M M 4 21 320
12 66 47 57 -1 8 0 0.29 0.0 0 7.9 16 120 M M 8 1 20 120
13 58 43 51 -7 14 0 0.00 0.0 0 8.6 16 340 M M 9 1 20 330
14 59 37 48 -10 17 0 0.00 0.0 0 9.2 20 300 M M 1 25 320
15 61 33 47 -11 18 0 0.00 0.0 0 7.3 21 340 M M 1 27 330
16 69 34 52 -7 13 0 0.00 0.0 0 5.4 18 140 M M 2 22 130
17 74 50 62 3 3 0 T 0.0 0 14.6 30 190 M M 5 37 200
18 69 49 59 0 6 0 0.40 0.0 0 9.5 21 200 M M 9 1 27 210
19 63 43 53 -6 12 0 0.00 0.0 0 7.8 15 290 M M 5 23 310
20 61 42 52 -8 13 0 0.00 0.0 0 9.7 18 20 M M 4 27 10
21 65 35 50 -10 15 0 0.00 0.0 0 6.9 15 40 M M 3 21 150
22 72 47 60 0 5 0 0.07 0.0 0 3.8 13 150 M M 8 1 16 140
23 82 57 70 10 0 5 0.00 0.0 0 9.6 21 190 M M 5 12 26 190
24 84 63 74 14 0 9 0.00 0.0 0 11.7 18 180 M M 1 25 210
25 81 65 73 12 0 8 0.08 0.0 0 10.8 20 220 M M 5 13 26 210
26 81 64 73 12 0 8 0.00 0.0 0 7.2 20 350 M M 7 25 360
27 74 64 69 8 0 4 0.13 0.0 0 8.6 29 170 M M 7 138 44 170
28 74 60 67 6 0 2 T 0.0 0 4.8 15 130 M M 8 12 18 140
29 70 49 60 -2 5 0 0.00 0.0 0 9.3 25 340 M M 5 1 31 330
30 73 44 59 -3 6 0 0.00 0.0 0 4.6 18 150 M M 0 1 24 150
31 81 51 66 4 0 1 0.03 0.0 0 10.0 24 200 M M 5 33 210
================================================================================
SM 2256 1583 164 76 1.54 0.0 265.0 M 151
================================================================================
AV 72.8 51.1 8.5 FASTST M M 5 MAX(MPH)
MISC ----> # 30 200 44 170
================================================================================
NOTES:
# LAST OF SEVERAL OCCURRENCES
COLUMN 17 PEAK WIND IN M.P.H.
PRELIMINARY LOCAL CLIMATOLOGICAL DATA (WS FORM: F-6) , PAGE 2
STATION: NORTH CHARLESTON SC
MONTH: MARCH
YEAR: 2023
LATITUDE: 32 54 N
LONGITUDE: 80 2 W
[TEMPERATURE DATA] [PRECIPITATION DATA] SYMBOLS USED IN COLUMN 16
AVERAGE MONTHLY: 61.9 TOTAL FOR MONTH: 1.54 1 = FOG OR MIST
DPTR FM NORMAL: 3.2 DPTR FM NORMAL: -1.81 2 = FOG REDUCING VISIBILITY
HIGHEST: 87 ON 7 GRTST 24HR 0.43 ON 10-10 TO 1/4 MILE OR LESS
LOWEST: 33 ON 15 3 = THUNDER
SNOW, ICE PELLETS, HAIL 4 = ICE PELLETS
TOTAL MONTH: 0.0 INCH 5 = HAIL
GRTST 24HR 0.0 6 = FREEZING RAIN OR DRIZZLE
GRTST DEPTH: 0 7 = DUSTSTORM OR SANDSTORM:
VSBY 1/2 MILE OR LESS
8 = SMOKE OR HAZE
[NO. OF DAYS WITH] [WEATHER - DAYS WITH] 9 = BLOWING SNOW
X = TORNADO
MAX 32 OR BELOW: 0 0.01 INCH OR MORE: 10
MAX 90 OR ABOVE: 0 0.10 INCH OR MORE: 4
MIN 32 OR BELOW: 0 0.50 INCH OR MORE: 0
MIN 0 OR BELOW: 0 1.00 INCH OR MORE: 0
[HDD (BASE 65) ]
TOTAL THIS MO. 164 CLEAR (SCALE 0-3) 9
DPTR FM NORMAL -63 PTCLDY (SCALE 4-7) 18
TOTAL FM JUL 1 1233 CLOUDY (SCALE 8-10) 4
DPTR FM NORMAL -531
[CDD (BASE 65) ]
TOTAL THIS MO. 76
DPTR FM NORMAL 45 [PRESSURE DATA]
TOTAL FM JAN 1 149 HIGHEST SLP 30.44 ON 21
DPTR FM NORMAL 107 LOWEST SLP 29.63 ON 3
[REMARKS]
#FINAL-03-23#