000
CXUS52 KCHS 022045
CF6CHS
PRELIMINARY LOCAL CLIMATOLOGICAL DATA (WS FORM: F-6)
STATION: NORTH CHARLESTON SC
MONTH: OCTOBER
YEAR: 2020
LATITUDE: 32 54 N
LONGITUDE: 80 2 W
TEMPERATURE IN F: :PCPN: SNOW: WIND :SUNSHINE: SKY :PK WND
================================================================================
1 2 3 4 5 6A 6B 7 8 9 10 11 12 13 14 15 16 17 18
12Z AVG MX 2MIN
DY MAX MIN AVG DEP HDD CDD WTR SNW DPTH SPD SPD DIR MIN PSBL S-S WX SPD DR
================================================================================
1 81 54 68 -4 0 3 0.00 0.0 0 3.5 12 200 M M 1 13 210
2 75 57 66 -5 0 1 0.00 0.0 0 8.0 17 30 M M 7 24 20
3 72 56 64 -7 1 0 0.00 0.0 0 9.2 17 40 M M 8 23 40
4 72 60 66 -5 0 1 T 0.0 0 8.3 15 10 M M 9 18 360
5 77 58 68 -2 0 3 0.00 0.0 0 7.5 14 60 M M 7 20 60
6 71 66 69 -1 0 4 0.17 0.0 0 7.0 13 40 M M 9 1 17 30
7 87 64 76 6 0 11 0.00 0.0 0 5.8 12 270 M M 3 1 16 340
8 88 64 76 7 0 11 0.00 0.0 0 3.0 13 180 M M 4 128 15 170
9 84 62 73 4 0 8 0.00 0.0 0 5.9 14 120 M M 6 1 21 130
10 84 73 79 10 0 14 1.48 0.0 0 11.3 29 150 M M 8 18 35 150
11 87 74 81 13 0 16 0.08 0.0 0 8.6 21 190 M M 6 13 25 210
12 83 72 78 10 0 13 T 0.0 0 6.3 14 270 M M 7 17 270
13 87 69 78 10 0 13 0.00 0.0 0 3.6 12 270 M M 4 1 15 260
14 84 65 75 8 0 10 0.00 0.0 0 6.6 16 110 M M 2 1 19 110
15 84 66 75 8 0 10 T 0.0 0 8.0 22 180 M M 7 28 180
16 86 64 75 8 0 10 0.00 0.0 0 6.7 17 10 M M 4 1 21 10
17 72 55 64 -2 1 0 0.00 0.0 0 11.1 21 30 M M 2 27 30
18 77 54 66 0 0 1 0.00 0.0 0 8.5 14 30 M M 2 18 20
19 83 58 71 5 0 6 0.00 0.0 0 7.3 17 40 M M 2 22 40
20 81 63 72 6 0 7 T 0.0 0 6.3 14 60 M M 7 1 17 70
21 82 69 76 11 0 11 T 0.0 0 7.4 15 40 M M 7 1 19 60
22 84 69 77 12 0 12 0.03 0.0 0 8.2 16 100 M M 7 1 21 100
23 81 66 74 9 0 9 0.00 0.0 0 4.4 10 100 M M 5 1 14 80
24 85 63 74 10 0 9 0.00 0.0 0 4.1 14 140 M M 5 12 17 150
25 84 68 76 12 0 11 0.15 0.0 0 4.7 15 170 M M 6 1 18 170
26 77 61 69 5 0 4 T 0.0 0 5.5 14 30 M M 6 1 17 30
27 82 59 71 7 0 6 0.00 0.0 0 3.1 10 150 M M 3 1 12 130
28 83 65 74 11 0 9 0.00 0.0 0 6.7 14 150 M M 7 1 17 140
29 82 74 78 15 0 13 0.22 0.0 0 16.4 30 210 M M 8 1 41 210
30 75 55 65 2 0 0 0.00 0.0 0 11.5 26 280 M M 0 37 270
31 71 51 61 -2 4 0 0.00 0.0 0 11.3 18 60 M M 4 25 30
================================================================================
SM 2501 1954 6 226 2.13 0.0 225.8 M 163
================================================================================
AV 80.7 63.0 7.3 FASTST M M 5 MAX(MPH)
MISC ----> 30 210 41 210
================================================================================
NOTES:
# LAST OF SEVERAL OCCURRENCES
COLUMN 17 PEAK WIND IN M.P.H.
PRELIMINARY LOCAL CLIMATOLOGICAL DATA (WS FORM: F-6) , PAGE 2
STATION: NORTH CHARLESTON SC
MONTH: OCTOBER
YEAR: 2020
LATITUDE: 32 54 N
LONGITUDE: 80 2 W
[TEMPERATURE DATA] [PRECIPITATION DATA] SYMBOLS USED IN COLUMN 16
AVERAGE MONTHLY: 71.9 TOTAL FOR MONTH: 2.13 1 = FOG OR MIST
DPTR FM NORMAL: 5.0 DPTR FM NORMAL: -1.62 2 = FOG REDUCING VISIBILITY
HIGHEST: 88 ON 8 GRTST 24HR 1.56 ON 10-11 TO 1/4 MILE OR LESS
LOWEST: 51 ON 31 3 = THUNDER
SNOW, ICE PELLETS, HAIL 4 = ICE PELLETS
TOTAL MONTH: 0.0 INCH 5 = HAIL
GRTST 24HR 0.0 6 = FREEZING RAIN OR DRIZZLE
GRTST DEPTH: 0 7 = DUSTSTORM OR SANDSTORM:
VSBY 1/2 MILE OR LESS
8 = SMOKE OR HAZE
[NO. OF DAYS WITH] [WEATHER - DAYS WITH] 9 = BLOWING SNOW
X = TORNADO
MAX 32 OR BELOW: 0 0.01 INCH OR MORE: 6
MAX 90 OR ABOVE: 0 0.10 INCH OR MORE: 4
MIN 32 OR BELOW: 0 0.50 INCH OR MORE: 1
MIN 0 OR BELOW: 0 1.00 INCH OR MORE: 1
[HDD (BASE 65) ]
TOTAL THIS MO. 6 CLEAR (SCALE 0-3) 8
DPTR FM NORMAL -60 PTCLDY (SCALE 4-7) 20
TOTAL FM JUL 1 7 CLOUDY (SCALE 8-10) 3
DPTR FM NORMAL -62
[CDD (BASE 65) ]
TOTAL THIS MO. 226
DPTR FM NORMAL 100 [PRESSURE DATA]
TOTAL FM JAN 1 2579 HIGHEST SLP 30.34 ON 31
DPTR FM NORMAL 315 LOWEST SLP 29.64 ON 29
[REMARKS]
#FINAL-10-20#