000
CXUS55 KDVN 011000
CF6CID
PRELIMINARY LOCAL CLIMATOLOGICAL DATA (WS FORM: F-6)
STATION: CEDAR RAPIDS IA
MONTH: OCTOBER
YEAR: 2021
LATITUDE: 41 52 N
LONGITUDE: 91 42 W
TEMPERATURE IN F: :PCPN: SNOW: WIND :SUNSHINE: SKY :PK WND
================================================================================
1 2 3 4 5 6A 6B 7 8 9 10 11 12 13 14 15 16 17 18
12Z AVG MX 2MIN
DY MAX MIN AVG DEP HDD CDD WTR SNW DPTH SPD SPD DIR MIN PSBL S-S WX SPD DR
================================================================================
1 83 57 70 13 0 5 T M M 7.6 21 170 M M 3 1 31 150
2 81 61 71 14 0 6 0.00 M M 6.2 17 290 M M 3 1 25 250
3 78 53 66 10 0 1 0.01 M M 8.0 17 310 M M 6 1 23 310
4 73 52 63 7 2 0 0.00 M M 8.3 15 350 M M 7 21 350
5 72 55 64 8 1 0 T M M 7.5 14 60 M M 7 1 19 50
6 76 63 70 15 0 5 0.00 M M 10.0 16 110 M M 9 18 23 80
7 71 60 66 11 0 1 T M M 4.6 13 100 M M 9 18 18 110
8 78 59 69 15 0 4 0.61 M M 4.7 10 190 M M 7 1 15 140
9 81 55 68 14 0 3 0.00 M M 11.4 21 130 M M 0 1 29 130
10 72 58 65 12 0 0 0.34 M M 7.9 20 210 M M 5 1 28 210
11 59 53 56 3 9 0 1.49 M M 9.5 20 360 M M 10 1 26 350
12 69 45 57 5 8 0 0.00 M M 8.0 16 310 M M 2 1 21 280
13 71 52 62 10 3 0 0.92 M M 12.9 24 140 M M 5 13 33 130
14 68 48 58 6 7 0 0.00 M M 7.4 13 260 M M 0 20 230
15 61 37 49 -2 16 0 0.02 M M 8.8 24 310 M M 4 1 32 310
16 60 35 48 -3 17 0 0.00 M M 11.5 24 310 M M 0 41 280
17 68 36 52 2 13 0 0.00 M M 5.7 14 270 M M 0 8 17 270
18 73 40 57 7 8 0 0.00 M M 6.1 13 150 M M 0 19 140
19 73 46 60 11 5 0 0.00 M M 9.1 21 190 M M 0 28 190
20 69 48 59 10 6 0 T M M 12.8 25 260 M M 5 35 270
21 50 34 42 -6 23 0 0.06 M M 13.6 25 300 M M 9 1 33 300
22 49 31 40 -8 25 0 0.03 M M 5.6 14 320 M M 4 1 19 320
23 54 29 42 -6 23 0 0.00 M M 6.9 15 80 M M 1 1 19 80
24 46 41 44 -3 21 0 1.79 M M 19.1 35 60 M M 9 13 46 60
25 54 37 46 -1 19 0 0.24 M M 12.1 24 50 M M 4 1 35 50
26 57 34 46 0 19 0 0.00 M M 10.9 20 130 M M 1 27 120
27 56 46 51 5 14 0 T M M 15.3 24 130 M M 7 34 100
28 48 44 46 1 19 0 0.69 M M 14.8 23 360 M M 10 1 32 360
29 52 42 47 2 18 0 0.01 M M 17.7 26 360 M M 9 1 35 360
30 59 36 48 4 17 0 0.00 M M 7.2 15 310 M M 0 19 310
31 52 29 41 -3 24 0 0.00 M M 14.4 25 320 M M 0 34 330
================================================================================
SM 2013 1416 317 25 6.21 M 305.6 M 136
================================================================================
AV 64.9 45.7 9.9 FASTST M M 4 MAX(MPH)
MISC ----> 35 60 46 60
================================================================================
NOTES:
# LAST OF SEVERAL OCCURRENCES
COLUMN 17 PEAK WIND IN M.P.H.
PRELIMINARY LOCAL CLIMATOLOGICAL DATA (WS FORM: F-6) , PAGE 2
STATION: CEDAR RAPIDS IA
MONTH: OCTOBER
YEAR: 2021
LATITUDE: 41 52 N
LONGITUDE: 91 42 W
[TEMPERATURE DATA] [PRECIPITATION DATA] SYMBOLS USED IN COLUMN 16
AVERAGE MONTHLY: 55.3 TOTAL FOR MONTH: 6.21 1 = FOG OR MIST
DPTR FM NORMAL: 4.6 DPTR FM NORMAL: 3.30 2 = FOG REDUCING VISIBILITY
HIGHEST: 83 ON 1 GRTST 24HR 2.03 ON 24-25 TO 1/4 MILE OR LESS
LOWEST: 29 ON 31,23 3 = THUNDER
SNOW, ICE PELLETS, HAIL 4 = ICE PELLETS
TOTAL MONTH: M 5 = HAIL
GRTST 24HR M ON M 6 = FREEZING RAIN OR DRIZZLE
GRTST DEPTH: M ON M 7 = DUSTSTORM OR SANDSTORM:
VSBY 1/2 MILE OR LESS
8 = SMOKE OR HAZE
[NO. OF DAYS WITH] [WEATHER - DAYS WITH] 9 = BLOWING SNOW
X = TORNADO
MAX 32 OR BELOW: 0 0.01 INCH OR MORE: 12
MAX 90 OR ABOVE: 0 0.10 INCH OR MORE: 7
MIN 32 OR BELOW: 3 0.50 INCH OR MORE: 5
MIN 0 OR BELOW: 0 1.00 INCH OR MORE: 2
[HDD (BASE 65) ]
TOTAL THIS MO. 317 CLEAR (SCALE 0-3) 13
DPTR FM NORMAL -136 PTCLDY (SCALE 4-7) 11
TOTAL FM JUL 1 358 CLOUDY (SCALE 8-10) 7
DPTR FM NORMAL -241
[CDD (BASE 65) ]
TOTAL THIS MO. 25
DPTR FM NORMAL 15 [PRESSURE DATA]
TOTAL FM JAN 1 971 HIGHEST SLP 30.29 ON 31
DPTR FM NORMAL 215 LOWEST SLP 29.55 ON 28
[REMARKS]
#FINAL-10-21#