000
CXUS51 KILN 010542
CF6CMH
PRELIMINARY LOCAL CLIMATOLOGICAL DATA (WS FORM: F-6)
STATION: COLUMBUS OH
MONTH: OCTOBER
YEAR: 2020
LATITUDE: 40 0 N
LONGITUDE: 82 53 W
TEMPERATURE IN F: :PCPN: SNOW: WIND :SUNSHINE: SKY :PK WND
================================================================================
1 2 3 4 5 6A 6B 7 8 9 10 11 12 13 14 15 16 17 18
12Z AVG MX 2MIN
DY MAX MIN AVG DEP HDD CDD WTR SNW DPTH SPD SPD DIR MIN PSBL S-S WX SPD DR
================================================================================
1 67 44 56 -4 9 0 T 0.0 0 6.0 32 300 M M 3 38 300
2 61 42 52 -8 13 0 0.00 0.0 0 5.3 13 290 M M 6 17 310
3 62 41 52 -8 13 0 0.00 0.0 0 2.5 12 210 M M 7 14 210
4 68 45 57 -2 8 0 0.21 0.0 0 7.3 28 320 M M 8 1 34 330
5 56 41 49 -10 16 0 0.00 0.0 0 4.3 9 230 M M 5 12 12 160
6 71 39 55 -3 10 0 0.00 0.0 0 6.5 18 210 M M 1 1 25 200
7 79 50 65 7 0 0 0.00 0.0 0 10.4 23 300 M M 1 8 30 280
8 71 43 57 -1 8 0 0.00 0.0 0 2.0 10 340 M M 1 14 360
9 76 45 61 4 4 0 0.00 0.0 0 5.6 15 150 M M 6 21 160
10 73 61 67 10 0 2 0.00 0.0 0 7.2 16 220 M M 8 1 22 210
11 72 62 67 10 0 2 0.00 0.0 0 6.6 15 100 M M 8 1 17 100
12 76 55 66 10 0 1 0.30 0.0 0 9.7 30 280 M M 9 13 36 280
13 67 45 56 0 9 0 0.00 0.0 0 6.3 22 340 M M 1 30 340
14 72 43 58 2 7 0 0.00 0.0 0 6.9 16 170 M M 6 25 160
15 64 48 56 1 9 0 0.17 0.0 0 10.0 21 310 M M 7 1 25 230
16 56 37 47 -8 18 0 0.00 0.0 0 4.9 12 280 M M 4 15 230
17 61 33 47 -8 18 0 0.00 0.0 0 5.0 13 220 M M 4 18 240
18 57 45 51 -3 14 0 0.03 0.0 0 7.3 16 190 M M 9 23 180
19 58 52 55 1 10 0 0.98 0.0 0 4.7 10 150 M M 10 1 15 140
20 57 50 54 0 11 0 0.22 0.0 0 5.9 14 330 M M 10 1 17 330
21 68 56 62 9 3 0 T 0.0 0 4.7 13 210 M M 10 12 16 210
22 80 53 67 14 0 2 0.00 0.0 0 4.2 15 190 M M 4 12 20 170
23 78 53 66 13 0 1 0.81 0.0 0 9.0 26 320 M M 6 13 33 320
24 53 41 47 -5 18 0 T 0.0 0 9.8 23 340 M M 9 28 330
25 52 41 47 -5 18 0 0.00 0.0 0 8.1 15 50 M M 9 19 50
26 52 45 49 -3 16 0 0.03 0.0 0 5.4 14 320 M M 10 1 18 330
27 51 45 48 -3 17 0 0.04 0.0 0 2.5 10 340 M M 10 18 12 330
28 53 47 50 -1 15 0 0.15 0.0 0 3.5 10 310 M M 10 1 13 290
29 50 45 48 -3 17 0 1.25 0.0 0 10.5 16 340 M M 10 1 22 350
30 48 37 43 -7 22 0 T 0.0 0 11.1 22 350 M M 10 1 27 350
31 54 30 42 -8 23 0 0.00 0.0 0 5.9 14 150 M M 1 18 150
================================================================================
SM 1963 1414 326 8 4.19 0.0 199.1 M 203
================================================================================
AV 63.3 45.6 6.4 FASTST M M 7 MAX(MPH)
MISC ----> 32 300 38 300
================================================================================
NOTES:
# LAST OF SEVERAL OCCURRENCES
COLUMN 17 PEAK WIND IN M.P.H.
PRELIMINARY LOCAL CLIMATOLOGICAL DATA (WS FORM: F-6) , PAGE 2
STATION: COLUMBUS OH
MONTH: OCTOBER
YEAR: 2020
LATITUDE: 40 0 N
LONGITUDE: 82 53 W
[TEMPERATURE DATA] [PRECIPITATION DATA] SYMBOLS USED IN COLUMN 16
AVERAGE MONTHLY: 54.5 TOTAL FOR MONTH: 4.19 1 = FOG OR MIST
DPTR FM NORMAL: -0.5 DPTR FM NORMAL: 1.58 2 = FOG REDUCING VISIBILITY
HIGHEST: 80 ON 22 GRTST 24HR 1.37 ON 28-29 TO 1/4 MILE OR LESS
LOWEST: 30 ON 31 3 = THUNDER
SNOW, ICE PELLETS, HAIL 4 = ICE PELLETS
TOTAL MONTH: 0.0 INCH 5 = HAIL
GRTST 24HR 0.0 6 = FREEZING RAIN OR DRIZZLE
GRTST DEPTH: 0 7 = DUSTSTORM OR SANDSTORM:
VSBY 1/2 MILE OR LESS
8 = SMOKE OR HAZE
[NO. OF DAYS WITH] [WEATHER - DAYS WITH] 9 = BLOWING SNOW
X = TORNADO
MAX 32 OR BELOW: 0 0.01 INCH OR MORE: 11
MAX 90 OR ABOVE: 0 0.10 INCH OR MORE: 8
MIN 32 OR BELOW: 1 0.50 INCH OR MORE: 3
MIN 0 OR BELOW: 0 1.00 INCH OR MORE: 1
[HDD (BASE 65) ]
TOTAL THIS MO. 326 CLEAR (SCALE 0-3) 5
DPTR FM NORMAL 1 PTCLDY (SCALE 4-7) 13
TOTAL FM JUL 1 394 CLOUDY (SCALE 8-10) 13
DPTR FM NORMAL 0
[CDD (BASE 65) ]
TOTAL THIS MO. 8
DPTR FM NORMAL -5 [PRESSURE DATA]
TOTAL FM JAN 1 1224 HIGHEST SLP M ON M
DPTR FM NORMAL 200 LOWEST SLP 29.61 ON 29
[REMARKS]
#FINAL-10-20#