000
CXUS53 KTOP 010910
CF6CNK
PRELIMINARY LOCAL CLIMATOLOGICAL DATA (WS FORM: F-6)
STATION: CONCORDIA KS
MONTH: FEBRUARY
YEAR: 2022
LATITUDE: 39 32 N
LONGITUDE: 97 39 W
TEMPERATURE IN F: :PCPN: SNOW: WIND :SUNSHINE: SKY :PK WND
================================================================================
1 2 3 4 5 6A 6B 7 8 9 10 11 12 13 14 15 16 17 18
12Z AVG MX 2MIN
DY MAX MIN AVG DEP HDD CDD WTR SNW DPTH SPD SPD DIR MIN PSBL S-S WX SPD DR
================================================================================
1 45 25 35 5 30 0 0.00 M M 15.3 25 30 M M 3 34 30
2 25 11 18 -12 47 0 0.03 M M 18.5 25 30 M M 9 1 36 30
3 24 3 14 -16 51 0 0.00 M M 10.2 21 20 M M 2 27 20
4 43 9 26 -4 39 0 0.00 M M 9.1 15 310 M M 0 20 280
5 56 19 38 8 27 0 0.00 M M 17.1 32 200 M M 0 42 220
6 51 20 36 6 29 0 0.00 M M 10.1 26 360 M M 2 36 340
7 60 28 44 13 21 0 0.00 M M 10.9 20 290 M M 2 24 270
8 65 33 49 18 16 0 0.00 M M 12.0 29 340 M M 0 42 330
9 59 31 45 14 20 0 0.00 M M 10.3 24 320 M M 2 34 330
10 58 28 43 12 22 0 0.00 M M 12.2 23 230 M M 3 33 210
11 54 19 37 5 28 0 T M M 17.2 30 330 M M 3 42 330
12 43 9 26 -6 39 0 0.00 M M 8.8 17 290 M M 2 23 260
13 40 21 31 -1 34 0 0.00 M M 10.4 23 320 M M 1 8 32 340
14 53 25 39 7 26 0 0.00 M M 7.6 16 20 M M 0 21 20
15 66 25 46 13 19 0 0.00 M M 16.8 33 190 M M 0 41 190
16 57 28 43 10 22 0 0.00 M M 17.2 31 20 M M 3 43 10
17 33 19 26 -7 39 0 0.00 M M 15.1 29 10 M M 4 41 360
18 59 21 40 6 25 0 0.00 M M 14.9 26 20 M M 2 40 20
19 45 17 31 -3 34 0 0.00 M M 13.4 30 180 M M 0 43 170
20 69 40 55 21 10 0 0.00 M M 12.7 29 190 M M 0 41 180
21 53 11 32 -2 33 0 T M M 14.0 29 350 M M 3 40 10
22 17 4 11 -24 54 0 T M M 19.6 31 330 M M 8 19 40 330
23 21 -1 10 -25 55 0 0.00 M M 13.3 20 350 M M 0 30 360
24 20 5 13 -23 52 0 T M M 8.6 17 330 M M 6 8 23 340
25 31 1 16 -20 49 0 0.00 M M 5.0 12 180 M M 0 8 14 160
26 42 9 26 -10 39 0 0.00 M M 6.7 14 230 M M 2 19 240
27 58 15 37 0 28 0 0.00 M M 10.8 18 260 M M 0 25 260
28 67 28 48 11 17 0 0.00 M M 8.5 15 290 M M 0 21 230
================================================================================
SM 1314 503 905 0 0.03 M 346.3 M 57
================================================================================
AV 46.9 18.0 12.4 FASTST M M 2 MAX(MPH)
MISC ----> 33 190 # 43 10
================================================================================
NOTES:
# LAST OF SEVERAL OCCURRENCES
COLUMN 17 PEAK WIND IN M.P.H.
PRELIMINARY LOCAL CLIMATOLOGICAL DATA (WS FORM: F-6) , PAGE 2
STATION: CONCORDIA KS
MONTH: FEBRUARY
YEAR: 2022
LATITUDE: 39 32 N
LONGITUDE: 97 39 W
[TEMPERATURE DATA] [PRECIPITATION DATA] SYMBOLS USED IN COLUMN 16
AVERAGE MONTHLY: 32.4 TOTAL FOR MONTH: 0.03 1 = FOG OR MIST
DPTR FM NORMAL: -0.4 DPTR FM NORMAL: -0.83 2 = FOG REDUCING VISIBILITY
HIGHEST: 69 ON 20 GRTST 24HR 0.03 ON 2- 2 TO 1/4 MILE OR LESS
LOWEST: -1 ON 23 3 = THUNDER
SNOW, ICE PELLETS, HAIL 4 = ICE PELLETS
TOTAL MONTH: M 5 = HAIL
GRTST 24HR M ON M 6 = FREEZING RAIN OR DRIZZLE
GRTST DEPTH: M ON M 7 = DUSTSTORM OR SANDSTORM:
VSBY 1/2 MILE OR LESS
8 = SMOKE OR HAZE
[NO. OF DAYS WITH] [WEATHER - DAYS WITH] 9 = BLOWING SNOW
X = TORNADO
MAX 32 OR BELOW: 6 0.01 INCH OR MORE: 1
MAX 90 OR ABOVE: 0 0.10 INCH OR MORE: 0
MIN 32 OR BELOW: 26 0.50 INCH OR MORE: 0
MIN 0 OR BELOW: 1 1.00 INCH OR MORE: 0
[HDD (BASE 65) ]
TOTAL THIS MO. 905 CLEAR (SCALE 0-3) 21
DPTR FM NORMAL 3 PTCLDY (SCALE 4-7) 6
TOTAL FM JUL 1 3473 CLOUDY (SCALE 8-10) 1
DPTR FM NORMAL -658
[CDD (BASE 65) ]
TOTAL THIS MO. 0
DPTR FM NORMAL 0 [PRESSURE DATA]
TOTAL FM JAN 1 0 HIGHEST SLP 30.74 ON 23
DPTR FM NORMAL 0 LOWEST SLP 29.52 ON 16
[REMARKS]
#FINAL-02-22#