000
CXUS54 KMAF 011509
CF6CNM
PRELIMINARY LOCAL CLIMATOLOGICAL DATA (WS FORM: F-6)
STATION: CARLSBAD
MONTH: NOVEMBER
YEAR: 2022
LATITUDE: 32 20 N
LONGITUDE: 104 15 W
TEMPERATURE IN F: :PCPN: SNOW: WIND :SUNSHINE: SKY :PK WND
================================================================================
1 2 3 4 5 6A 6B 7 8 9 10 11 12 13 14 15 16 17 18
12Z AVG MX 2MIN
DY MAX MIN AVG DEP HDD CDD WTR SNW DPTH SPD SPD DIR MIN PSBL S-S WX SPD DR
================================================================================
1 75 39 57 0 8 0 0.00 M M 6.4 15 150 M M 2 12 21 130
2 80 47 64 8 1 0 0.00 M M 9.4 21 190 M M 3 12 26 180
3 84 52 68 12 0 3 0.00 M M 10.6 32 200 M M 3 1 42 220
4 63 41 52 -4 13 0 0.00 M M 17.7 36 260 M M 2 44 250
5 73 34 54 -1 11 0 0.00 M M 12.0 30 230 M M 0 40 240
6 81 47 64 9 1 0 0.00 M M 7.7 26 260 M M 0 34 260
7 66 44 55 1 10 0 0.00 M M 6.3 14 330 M M 1 17 360
8 78 51 65 11 0 0 0.00 M M 9.2 20 160 M M 2 27 160
9 85 54 70 16 0 5 0.00 M M 9.2 20 210 M M 1 1 25 210
10 75 50 63 10 2 0 0.00 M M 13.9 35 250 M M 0 41 250
11 53 30 42 -11 23 0 0.00 M M 10.2 20 340 M M 2 31 350
12 53 27 40 -13 25 0 0.00 M M 10.2 21 150 M M 0 27 150
13 56 30 43 -9 22 0 0.00 M M 9.3 20 160 M M 0 25 160
14 52 30 41 -11 24 0 0.00 M M 11.9 31 350 M M 1 40 340
15 47 24 36 -15 29 0 0.00 M M 5.7 14 150 M M 2 19 140
16 46 32 39 -12 26 0 0.00 M M 5.5 21 360 M M 9 27 360
17 56 21 39 -12 26 0 0.00 M M 4.4 14 170 M M 1 8 19 160
18 42 28 35 -15 30 0 0.00 M M 10.0 16 40 M M 6 20 40
19 41 30 36 -14 29 0 T M M 5.3 10 20 M M 10 14 20
20 47 28 38 -12 27 0 0.00 M M 6.1 15 160 M M 5 21 170
21 55 27 41 -8 24 0 0.00 M M 4.8 10 180 M M 5 12 15 170
22 61 24 43 -6 22 0 0.00 M M 5.5 12 160 M M 0 16 170
23 70 36 53 4 12 0 0.00 M M 5.7 23 240 M M 4 12 30 240
24 52 37 45 -3 20 0 0.03 M M 18.9 29 350 M M 5 1 38 340
25 37 32 35 -13 30 0 0.96 M M 15.3 24 330 M M 10 1 30 320
26 58 33 46 -2 19 0 0.04 M M 17.7 35 250 M M 4 1 46 260
27 59 34 47 0 18 0 0.00 M M 8.4 28 260 M M 0 40 250
28 67 30 49 2 16 0 0.00 M M 12.5 36 230 M M 0 55 230
29 70 37 54 7 11 0 0.00 M M 18.6 41 250 M M 0 8 55 250
30 44 28 36 -10 29 0 0.00 M M 6.7 16 150 M M 0 21 150
================================================================================
SM 1826 1057 508 8 1.03 M 295.1 M 78
================================================================================
AV 60.9 35.2 9.8 FASTST M M 3 MAX(MPH)
MISC ----> 41 250 # 55 230
================================================================================
NOTES:
# LAST OF SEVERAL OCCURRENCES
COLUMN 17 PEAK WIND IN M.P.H.
PRELIMINARY LOCAL CLIMATOLOGICAL DATA (WS FORM: F-6) , PAGE 2
STATION: CARLSBAD
MONTH: NOVEMBER
YEAR: 2022
LATITUDE: 32 20 N
LONGITUDE: 104 15 W
[TEMPERATURE DATA] [PRECIPITATION DATA] SYMBOLS USED IN COLUMN 16
AVERAGE MONTHLY: 48.1 TOTAL FOR MONTH: 1.03 1 = FOG OR MIST
DPTR FM NORMAL: -3.4 DPTR FM NORMAL: 0.50 2 = FOG REDUCING VISIBILITY
HIGHEST: 85 ON 9 GRTST 24HR 0.96 ON 25-25 TO 1/4 MILE OR LESS
LOWEST: 21 ON 17 3 = THUNDER
SNOW, ICE PELLETS, HAIL 4 = ICE PELLETS
TOTAL MONTH: M 5 = HAIL
GRTST 24HR M ON M 6 = FREEZING RAIN OR DRIZZLE
GRTST DEPTH: M ON M 7 = DUSTSTORM OR SANDSTORM:
VSBY 1/2 MILE OR LESS
8 = SMOKE OR HAZE
[NO. OF DAYS WITH] [WEATHER - DAYS WITH] 9 = BLOWING SNOW
X = TORNADO
MAX 32 OR BELOW: 0 0.01 INCH OR MORE: 3
MAX 90 OR ABOVE: 0 0.10 INCH OR MORE: 1
MIN 32 OR BELOW: 15 0.50 INCH OR MORE: 1
MIN 0 OR BELOW: 0 1.00 INCH OR MORE: 0
[HDD (BASE 65) ]
TOTAL THIS MO. 508 CLEAR (SCALE 0-3) 21
DPTR FM NORMAL 97 PTCLDY (SCALE 4-7) 6
TOTAL FM JUL 1 631 CLOUDY (SCALE 8-10) 3
DPTR FM NORMAL 93
[CDD (BASE 65) ]
TOTAL THIS MO. 8
DPTR FM NORMAL 5 [PRESSURE DATA]
TOTAL FM JAN 1 2527 HIGHEST SLP 30.46 ON 16
DPTR FM NORMAL 332 LOWEST SLP 29.55 ON 29
[REMARKS]
#FINAL-11-22#