000
CXUS53 KICT 010937
CLMCNU
CLIMATE REPORT
NATIONAL WEATHER SERVICE WICHITA KANSAS
337 AM CST FRI DEC 01 2023
...................................
...THE CHANUTE KS CLIMATE SUMMARY FOR THE MONTH OF NOVEMBER 2023...
CLIMATE NORMAL PERIOD 1991 TO 2020
CLIMATE RECORD PERIOD 1894 TO 2023
WEATHER OBSERVED NORMAL DEPART LAST YEAR`S
VALUE DATE(S) VALUE FROM VALUE DATE(S)
NORMAL
................................................................
TEMPERATURE (F)
RECORD
HIGH 89 11/06/1915
LOW 1 11/27/1975
11/16/1932
HIGHEST 82 11/07 81 11/01
LOWEST 19 11/01 14 11/20
AVG. MAXIMUM 61.9 58.5 3.4 57.3
AVG. MINIMUM 36.6 35.7 0.9 33.3
MEAN 49.3 47.1 2.2 45.3
DAYS MAX >= 90 0 0.0 0.0 0
DAYS MAX <= 32 0 0.5 -0.5 0
DAYS MIN <= 32 11 13.0 -2.0 17
DAYS MIN <= 0 0 0.0 0.0 0
PRECIPITATION (INCHES)
RECORD
MAXIMUM 8.35 1931
MINIMUM 0.00 1989
TOTALS 1.52 2.36 -0.84 3.42
DAILY AVG. 0.05 0.08 -0.03 0.11
DAYS >= .01 5 7.0 -2.0 9
DAYS >= .10 4 3.8 0.2 4
DAYS >= .50 1 1.6 -0.6 3
DAYS >= 1.00 0 0.6 -0.6 1
GREATEST
24 HR. TOTAL 0.81 11/30 TO 11/30
DEGREE DAYS
HEATING TOTAL 475 541 -66 593
SINCE 7/1 691 796 -105 MM
COOLING TOTAL 8 4 4 9
................................................................
WIND (MPH)
AVERAGE WIND SPEED 8.6
HIGHEST WIND SPEED/DIRECTION 28/200 DATE 11/03
HIGHEST GUST SPEED/DIRECTION 38/200 DATE 11/03
SKY COVER
POSSIBLE SUNSHINE (PERCENT) MM
AVERAGE SKY COVER 0.21
NUMBER OF DAYS FAIR 23
NUMBER OF DAYS PC 5
NUMBER OF DAYS CLOUDY 2
AVERAGE RH (PERCENT) 64
WEATHER CONDITIONS. NUMBER OF DAYS WITH
THUNDERSTORM 0 MIXED PRECIP 0
HEAVY RAIN 1 RAIN 3
LIGHT RAIN 5 FREEZING RAIN 0
LT FREEZING RAIN 1 HAIL 0
HEAVY SNOW 0 SNOW 0
LIGHT SNOW 3 SLEET 0
FOG 9 FOG W/VIS <= 1/4 MILE 2
HAZE 1
- INDICATES NEGATIVE NUMBERS.
R INDICATES RECORD WAS SET OR TIED.
MM INDICATES DATA IS MISSING.
T INDICATES TRACE AMOUNT.
$$