000
CXUS55 KRIW 011110
CF6COD
PRELIMINARY LOCAL CLIMATOLOGICAL DATA (WS FORM: F-6)
STATION: CODY WY
MONTH: NOVEMBER
YEAR: 2021
LATITUDE: 44 31 N
LONGITUDE: 109 1 W
TEMPERATURE IN F: :PCPN: SNOW: WIND :SUNSHINE: SKY :PK WND
================================================================================
1 2 3 4 5 6A 6B 7 8 9 10 11 12 13 14 15 16 17 18
12Z AVG MX 2MIN
DY MAX MIN AVG DEP HDD CDD WTR SNW DPTH SPD SPD DIR MIN PSBL S-S WX SPD DR
================================================================================
1 37 28 33 -9 32 0 T M M 6.0 8 140 M M 9 M M
2 49 24 37 -4 28 0 0.00 M M 2.5 7 170 M M 4 M M
3 60 34 47 6 18 0 0.00 M M 5.2 12 100 M M 1 20 260
4 65 39 52 12 13 0 T M M 9.2 28 250 M M 1 40 250
5 58 38 48 8 17 0 0.00 M M 14.7 22 250 M M 0 35 250
6 61 35 48 8 17 0 0.00 M M 9.4 18 280 M M 0 39 280
7 49 29 39 0 26 0 0.00 M M 8.2 16 260 M M 0 31 260
8 47 22 35 -4 30 0 0.00 M M 5.2 14 90 M M 0 M M
9 52 26 39 1 26 0 0.00 M M 6.5 17 260 M M 4 33 260
10 47 26 37 -1 28 0 0.00 M M 9.1 20 250 M M 3 33 250
11 39 16 28 -9 37 0 T M M 5.6 12 30 M M 5 M M
12 56 18 37 0 28 0 0.00 M M 5.3 18 260 M M 3 36 260
13 60 40 50 14 15 0 0.00 M M 13.8 24 250 M M 6 43 250
14 60 39 50 14 15 0 T M M 20.7 32 260 M M 2 60 260
15 65 54 60 25 5 0 0.00 M M 13.8 23 240 M M 0 44 250
16 60 27 44 9 21 0 T M M 16.1 30 260 M M 2 47 260
17 38 13 26 -8 39 0 0.00 M M 5.2 15 250 M M 0 M M
18 47 16 32 -2 33 0 0.00 M M 6.4 17 270 M M 1 28 270
19 55 40 48 15 17 0 T M M 12.9 24 260 M M 5 40 240
20 49 33 41 8 24 0 T M M 7.0 18 260 M M 5 27 260
21 47 33 40 8 25 0 0.00 M M 13.7 24 260 M M 1 41 260
22 62 34 48 16 17 0 0.00 M M 7.6 16 270 M M 1 31 270
23 54 31 43 11 22 0 T M M 10.9 17 280 M M 1 1 28 280
24 36 23 30 -1 35 0 0.03 M M 7.3 20 260 M M 6 1 37 270
25 54 33 44 13 21 0 0.00 M M 20.0 31 260 M M 3 48 260
26 59 35 47 17 18 0 0.00 M M 14.0 27 270 M M 0 40 250
27 50 30 40 10 25 0 0.00 M M 5.9 14 180 M M 4 27 310
28 62 38 50 21 15 0 0.00 M M 16.4 28 250 M M 1 43 280
29 61 33 47 18 18 0 T M M 10.6 30 10 M M 1 45 10
30 53 26 40 11 25 0 0.00 M M 12.8 27 260 M M 1 46 300
================================================================================
SM 1592 913 690 0 0.03 M 302.0 M 70
================================================================================
AV 53.1 30.4 10.1 FASTST M M 2 MAX(MPH)
MISC ----> 32 260 60 260
================================================================================
NOTES:
# LAST OF SEVERAL OCCURRENCES
COLUMN 17 PEAK WIND IN M.P.H.
PRELIMINARY LOCAL CLIMATOLOGICAL DATA (WS FORM: F-6) , PAGE 2
STATION: CODY WY
MONTH: NOVEMBER
YEAR: 2021
LATITUDE: 44 31 N
LONGITUDE: 109 1 W
[TEMPERATURE DATA] [PRECIPITATION DATA] SYMBOLS USED IN COLUMN 16
AVERAGE MONTHLY: 41.8 TOTAL FOR MONTH: 0.03 1 = FOG OR MIST
DPTR FM NORMAL: 6.7 DPTR FM NORMAL: M 2 = FOG REDUCING VISIBILITY
HIGHEST: 65 ON 15, 4 GRTST 24HR 0.03 ON 24-24 TO 1/4 MILE OR LESS
LOWEST: 13 ON 17 3 = THUNDER
SNOW, ICE PELLETS, HAIL 4 = ICE PELLETS
TOTAL MONTH: M 5 = HAIL
GRTST 24HR M ON M 6 = FREEZING RAIN OR DRIZZLE
GRTST DEPTH: M ON M 7 = DUSTSTORM OR SANDSTORM:
VSBY 1/2 MILE OR LESS
8 = SMOKE OR HAZE
[NO. OF DAYS WITH] [WEATHER - DAYS WITH] 9 = BLOWING SNOW
X = TORNADO
MAX 32 OR BELOW: 0 0.01 INCH OR MORE: 1
MAX 90 OR ABOVE: 0 0.10 INCH OR MORE: 0
MIN 32 OR BELOW: 15 0.50 INCH OR MORE: 0
MIN 0 OR BELOW: 0 1.00 INCH OR MORE: 0
[HDD (BASE 65) ]
TOTAL THIS MO. 690 CLEAR (SCALE 0-3) 20
DPTR FM NORMAL -207 PTCLDY (SCALE 4-7) 9
TOTAL FM JUL 1 1413 CLOUDY (SCALE 8-10) 1
DPTR FM NORMAL 49
[CDD (BASE 65) ]
TOTAL THIS MO. 0
DPTR FM NORMAL 0 [PRESSURE DATA]
TOTAL FM JAN 1 634 HIGHEST SLP M ON M
DPTR FM NORMAL 634 LOWEST SLP M ON M
[REMARKS]
#FINAL-11-21#