000
CXUS55 KRIW 011859
CF6CPR
PRELIMINARY LOCAL CLIMATOLOGICAL DATA (WS FORM: F-6)
STATION: CASPER WY
MONTH: MARCH
YEAR: 2024
LATITUDE: 42 55 N
LONGITUDE: 106 28 W
TEMPERATURE IN F: :PCPN: SNOW: WIND :SUNSHINE: SKY :PK WND
================================================================================
1 2 3 4 5 6A 6B 7 8 9 10 11 12 13 14 15 16 17 18
12Z AVG MX 2MIN
DY MAX MIN AVG DEP HDD CDD WTR SNW DPTH SPD SPD DIR MIN PSBL S-S WX SPD DR
================================================================================
1 57 29 43 13 22 0 0.00 0.0 0 19.4 37 220 M M 1 50 230
2 56 27 42 11 23 0 0.01 0.0 0 22.5 47 220 M M 3 19 59 210
3 37 21 29 -2 36 0 T 0.0 0 16.7 36 240 M M 4 45 240
4 38 18 28 -4 37 0 0.00 0.0 0 18.5 31 240 M M 3 8 40 240
5 45 16 31 -1 34 0 0.00 0.0 0 22.8 36 220 M M 0 47 210
6 43 23 33 1 32 0 T T 0 12.6 30 210 M M 6 43 200
7 37 22 30 -3 35 0 0.00 0.0 0 7.4 18 90 M M 9 24 90
8 42 20 31 -2 34 0 0.00 0.0 0 4.6 14 280 M M 6 1 18 260
9 53 17 35 1 30 0 0.00 0.0 0 19.2 32 210 M M 0 41 210
10 57 34 46 12 19 0 0.00 0.0 0 23.9 31 210 M M 0 47 220
11 60 35 48 14 17 0 0.00 0.0 0 18.4 29 250 M M 2 38 230
12 55 29 42 7 23 0 0.00 0.0 0 15.0 29 210 M M 3 40 250
13 40 21 31 -4 34 0 0.25 0.6 1 15.0 35 20 M M 7 1 43 20
14 32 20 26 -10 39 0 T 0.3 0 16.1 35 10 M M 10 1 44 20
15 44 17 31 -5 34 0 0.00 0.0 0 6.7 18 240 M M 4 1 24 240
16 50 20 35 -1 30 0 0.00 0.0 0 6.7 18 50 M M 4 22 40
17 47 23 35 -1 30 0 0.00 0.0 0 5.8 15 40 M M 9 22 20
18 63 25 44 7 21 0 0.00 0.0 0 12.9 25 200 M M 0 33 220
19 62 30 46 9 19 0 0.00 0.0 0 11.1 25 220 M M 0 33 210
20 61 19 40 3 25 0 0.00 0.0 0 8.6 23 240 M M 0 30 210
21 61 31 46 8 19 0 0.00 0.0 0 15.5 35 260 M M 2 46 260
22 52 26 39 1 26 0 0.01 0.0 0 8.1 18 80 M M 5 1 24 80
23 62 26 44 6 21 0 T 0.0 0 10.4 26 220 M M 5 34 210
24 34 15 25 -13 40 0 0.03 T 0 13.3 23 30 M M 9 1 29 20
25 35 13 24 -15 41 0 0.02 1.2 1 5.7 17 80 M M 8 18 22 90
26 45 18 32 -7 33 0 T 0.3 T 9.2 23 300 M M 7 1 30 290
27 51 18 35 -4 30 0 T 0.0 0 15.7 28 250 M M 3 40 240
28 56 34 45 6 20 0 T 0.0 0 22.0 38 220 M M 2 48 210
29 50 19 35 -4 30 0 0.00 0.0 0 6.0 15 340 M M 3 20 240
30 45 28 37 -3 28 0 0.11 T 0 6.1 24 210 M M 9 1 31 210
31 39 28 34 -6 31 0 0.14 0.3 0 10.7 21 360 M M 10 1 24 20
================================================================================
SM 1509 722 893 0 0.57 2.7 406.6 M 134
================================================================================
AV 48.7 23.3 13.1 FASTST M M 4 MAX(MPH)
MISC ----> 47 220 59 210
================================================================================
NOTES:
# LAST OF SEVERAL OCCURRENCES
COLUMN 17 PEAK WIND IN M.P.H.
PRELIMINARY LOCAL CLIMATOLOGICAL DATA (WS FORM: F-6) , PAGE 2
STATION: CASPER WY
MONTH: MARCH
YEAR: 2024
LATITUDE: 42 55 N
LONGITUDE: 106 28 W
[TEMPERATURE DATA] [PRECIPITATION DATA] SYMBOLS USED IN COLUMN 16
AVERAGE MONTHLY: 36.0 TOTAL FOR MONTH: 0.57 1 = FOG OR MIST
DPTR FM NORMAL: 0.2 DPTR FM NORMAL: -0.27 2 = FOG REDUCING VISIBILITY
HIGHEST: 63 ON 18 GRTST 24HR 0.25 ON 13-13 TO 1/4 MILE OR LESS
LOWEST: 13 ON 25 3 = THUNDER
SNOW, ICE PELLETS, HAIL 4 = ICE PELLETS
TOTAL MONTH: 2.7 INCHES 5 = HAIL
GRTST 24HR 1.2 ON 25-25 6 = FREEZING RAIN OR DRIZZLE
GRTST DEPTH: 1 ON 25,13 7 = DUSTSTORM OR SANDSTORM:
VSBY 1/2 MILE OR LESS
8 = SMOKE OR HAZE
[NO. OF DAYS WITH] [WEATHER - DAYS WITH] 9 = BLOWING SNOW
X = TORNADO
MAX 32 OR BELOW: 1 0.01 INCH OR MORE: 7
MAX 90 OR ABOVE: 0 0.10 INCH OR MORE: 3
MIN 32 OR BELOW: 28 0.50 INCH OR MORE: 0
MIN 0 OR BELOW: 0 1.00 INCH OR MORE: 0
[HDD (BASE 65) ]
TOTAL THIS MO. 893 CLEAR (SCALE 0-3) 14
DPTR FM NORMAL -14 PTCLDY (SCALE 4-7) 11
TOTAL FM JUL 1 5848 CLOUDY (SCALE 8-10) 6
DPTR FM NORMAL -421
[CDD (BASE 65) ]
TOTAL THIS MO. 0
DPTR FM NORMAL 0 [PRESSURE DATA]
TOTAL FM JAN 1 0 HIGHEST SLP 30.47 ON 14
DPTR FM NORMAL 0 LOWEST SLP 29.28 ON 2
[REMARKS]
#FINAL-03-24#