000
CXUS53 KLSX 012239
CF6CPS
PRELIMINARY LOCAL CLIMATOLOGICAL DATA (WS FORM: F-6)
STATION: CAHOKIA/ST. LOUIS
MONTH: NOVEMBER
YEAR: 2022
LATITUDE: 38 34 N
LONGITUDE: 90 9 W
TEMPERATURE IN F: :PCPN: SNOW: WIND :SUNSHINE: SKY :PK WND
================================================================================
1 2 3 4 5 6A 6B 7 8 9 10 11 12 13 14 15 16 17 18
12Z AVG MX 2MIN
DY MAX MIN AVG DEP HDD CDD WTR SNW DPTH SPD SPD DIR MIN PSBL S-S WX SPD DR
================================================================================
1 74 41 58 7 7 0 0.00 0.0 0 1.0 7 250 M M M 2 10 250
2 76 45 61 10 4 0 0.00 0.0 0 2.5 9 210 M M 0 13 200
3 77 47 62 12 3 0 0.00 0.0 0 8.0 17 160 M M 0 26 180
4 81 62 72 22 0 7 M 0.0 0 11.5 22 160 M M 5 13 38 180
5 66 43 55 5 10 0 0.42 0.0 0 11.4 30 150 M M 5 13 48 250
6 73 40 57 8 8 0 0.00 0.0 0 6.1 13 20 M M 0 21 160
7 63 47 55 6 10 0 0.00 0.0 0 8.6 17 40 M M 0 23 30
8 64 47 56 8 9 0 0.00 0.0 0 4.4 12 110 M M 7 16 100
9 82 47 65 17 0 0 0.00 0.0 0 6.3 13 140 M M 0 17 160
10 75 49 62 14 3 0 0.00 0.0 0 7.9 18 150 M M 0 26 190
11 52 30 41 -6 24 0 0.00 0.0 0 15.0 24 320 M M 4 30 320
12 31 27 29 -18 36 0 0.10 M M 12.7 22 310 M M 10 1 28 300
13 40 19 30 -16 35 0 0.00 0.0 0 3.0 12 110 M M 2 16 110
14 43 21 32 -14 33 0 0.09 M M 5.1 15 120 M M 2 1 21 120
15 40 32 36 -10 29 0 0.15 M M 6.2 18 300 M M 10 1 26 290
16 36 29 33 -12 32 0 0.00 0.0 0 12.8 22 300 M M 8 31 290
17 43 24 34 -11 31 0 0.00 0.0 0 9.2 26 310 M M 5 36 310
18 31 22 27 -17 38 0 0.00 0.0 0 9.8 22 300 M M 1 29 300
19 39 19 29 -15 36 0 0.00 0.0 0 10.0 24 310 M M 1 34 310
20 41 17 29 -15 36 0 0.00 0.0 0 4.6 10 160 M M 0 14 180
21 57 24 41 -2 24 0 0.00 0.0 0 5.1 13 210 M M 0 19 210
22 61 25 43 0 22 0 0.00 0.0 0 2.4 12 210 M M 0 18 190
23 62 26 44 1 21 0 0.00 0.0 0 3.5 13 170 M M 0 19 160
24 50 43 47 5 18 0 0.35 0.0 0 2.6 13 140 M M 10 1 15 150
25 53 30 42 0 23 0 0.00 0.0 0 4.4 15 340 M M 5 1 19 340
26 48 26 37 -5 28 0 0.46 0.0 0 3.5 10 90 M M 5 12 16 90
27 51 44 48 7 17 0 0.17 0.0 0 9.0 21 300 M M 10 1 26 300
28 50 41 46 5 19 0 0.00 0.0 0 5.1 12 160 M M 6 16 160
29 60 36 48 7 17 0 0.01 0.0 0 13.0 30 310 M M 4 42 300
30 40 27 34 -6 31 0 0.00 0.0 0 11.9 31 310 M M 1 42 320
================================================================================
SM 1659 1030 604 7 1.75 0.0 216.6 M 101
================================================================================
AV 55.3 34.3 7.2 FASTST M M 3 MAX(MPH)
MISC ----> 31 310 48 250
================================================================================
NOTES:
# LAST OF SEVERAL OCCURRENCES
COLUMN 17 PEAK WIND IN M.P.H.
PRELIMINARY LOCAL CLIMATOLOGICAL DATA (WS FORM: F-6) , PAGE 2
STATION: CAHOKIA/ST. LOUIS
MONTH: NOVEMBER
YEAR: 2022
LATITUDE: 38 34 N
LONGITUDE: 90 9 W
[TEMPERATURE DATA] [PRECIPITATION DATA] SYMBOLS USED IN COLUMN 16
AVERAGE MONTHLY: 44.8 TOTAL FOR MONTH: 1.75 1 = FOG OR MIST
DPTR FM NORMAL: -0.8 DPTR FM NORMAL: -1.59 2 = FOG REDUCING VISIBILITY
HIGHEST: 82 ON 9 GRTST 24HR 0.63 ON 26-27 TO 1/4 MILE OR LESS
LOWEST: 17 ON 20 3 = THUNDER
SNOW, ICE PELLETS, HAIL 4 = ICE PELLETS
TOTAL MONTH: 0.0 INCH 5 = HAIL
GRTST 24HR 0.0 6 = FREEZING RAIN OR DRIZZLE
GRTST DEPTH: 0 7 = DUSTSTORM OR SANDSTORM:
VSBY 1/2 MILE OR LESS
8 = SMOKE OR HAZE
[NO. OF DAYS WITH] [WEATHER - DAYS WITH] 9 = BLOWING SNOW
X = TORNADO
MAX 32 OR BELOW: 2 0.01 INCH OR MORE: 8
MAX 90 OR ABOVE: 0 0.10 INCH OR MORE: 6
MIN 32 OR BELOW: 16 0.50 INCH OR MORE: 0
MIN 0 OR BELOW: 0 1.00 INCH OR MORE: 0
[HDD (BASE 65) ]
TOTAL THIS MO. 604 CLEAR (SCALE 0-3) 15
DPTR FM NORMAL 20 PTCLDY (SCALE 4-7) 9
TOTAL FM JUL 1 969 CLOUDY (SCALE 8-10) 6
DPTR FM NORMAL 78
[CDD (BASE 65) ]
TOTAL THIS MO. 7
DPTR FM NORMAL 5 [PRESSURE DATA]
TOTAL FM JAN 1 1569 HIGHEST SLP 30.53 ON 20
DPTR FM NORMAL 94 LOWEST SLP 29.35 ON 27
[REMARKS]
#FINAL-11-22#