000
CXUS56 KLOX 011255
CF6CQT
PRELIMINARY LOCAL CLIMATOLOGICAL DATA (WS FORM: F-6)
STATION: DOWNTOWN LOS ANGELES (USC) CA
MONTH: JANUARY
YEAR: 2023
LATITUDE: 34 1 N
LONGITUDE: 118 17 W
TEMPERATURE IN F: :PCPN: SNOW: WIND :SUNSHINE: SKY :PK WND
================================================================================
1 2 3 4 5 6A 6B 7 8 9 10 11 12 13 14 15 16 17 18
12Z AVG MX 2MIN
DY MAX MIN AVG DEP HDD CDD WTR SNW DPTH SPD SPD DIR MIN PSBL S-S WX SPD DR
================================================================================
1 63 50 57 -1 8 0 0.01 M M 1.7 13 260 M M 3 1 18 270
2 58 48 53 -5 12 0 0.03 M M 2.2 8 100 M M 4 11 80
3 59 50 55 -3 10 0 0.06 M M 6.8 13 100 M M 10 1 20 100
4 62 57 60 2 5 0 0.46 M M 5.0 9 130 M M 10 1 16 100
5 63 50 57 -1 8 0 1.37 M M 3.2 12 130 M M 7 1 19 120
6 65 46 56 -2 9 0 0.00 M M 1.2 6 260 M M 0 1 11 280
7 69 50 60 2 5 0 0.00 M M 0.9 7 260 M M 0 10 270
8 66 48 57 -1 8 0 0.00 M M 0.6 7 260 M M 6 9 50
9 60 53 57 -1 8 0 2.04 M M 5.6 12 90 M M 10 1 19 110
10 62 52 57 -1 8 0 1.31 M M 3.0 13 270 M M 7 1 25 260
11 63 47 55 -3 10 0 0.00 M M 0.4 6 260 M M 0 1 11 260
12 72 51 62 4 3 0 0.00 M M 2.0 7 70 M M 0 12 70
13 67 51 59 1 6 0 0.00 M M 0.5 7 270 M M 0 12 270
14 57 52 55 -3 10 0 1.82 M M 3.4 12 100 M M 7 1 18 90
15 60 51 56 -3 9 0 0.69 M M 2.7 14 100 M M 7 1 22 100
16 61 48 55 -4 10 0 0.41 M M 4.1 15 80 M M 6 1 23 100
17 60 43 52 -7 13 0 0.00 M M 1.3 9 270 M M 0 16 280
18 62 43 53 -6 12 0 0.00 M M 0.7 6 260 M M 0 10 260
19 59 43 51 -8 14 0 T M M 0.9 6 260 M M 3 18 11 260
20 62 43 53 -6 12 0 0.00 M M 1.1 7 260 M M 1 8 12 260
21 65 42 54 -5 11 0 0.00 M M 0.7 7 270 M M 0 10 270
22 63 42 53 -6 12 0 0.00 M M 1.3 10 360 M M 0 19 360
23 67 46 57 -2 8 0 0.00 M M 1.4 10 70 M M 0 16 360
24 67 42 55 -4 10 0 0.00 M M 0.2 8 270 M M 0 12 280
25 73 43 58 -1 7 0 0.00 M M 0.8 7 270 M M 0 13 270
26 70 45 58 -1 7 0 0.00 M M 0.4 7 270 M M 0 8 11 260
27 69 46 58 -1 7 0 0.00 M M 0.8 7 260 M M 0 12 270
28 65 48 57 -2 8 0 0.00 M M 2.2 8 140 M M 5 13 80
29 60 50 55 -4 10 0 0.18 M M 2.6 10 260 M M 9 1 20 260
30 61 48 55 -4 10 0 0.57 M M 2.7 9 90 M M 8 1 13 90
31 67 43 55 -4 10 0 0.00 M M 0.6 7 340 M M 0 18 12 350
================================================================================
SM 1977 1471 280 0 8.95 M 61.0 M 103
================================================================================
AV 63.8 47.5 2.0 FASTST M M 3 MAX(MPH)
MISC ----> 15 80 25 260
================================================================================
NOTES:
# LAST OF SEVERAL OCCURRENCES
COLUMN 17 PEAK WIND IN M.P.H.
PRELIMINARY LOCAL CLIMATOLOGICAL DATA (WS FORM: F-6) , PAGE 2
STATION: DOWNTOWN LOS ANGELES (USC) CA
MONTH: JANUARY
YEAR: 2023
LATITUDE: 34 1 N
LONGITUDE: 118 17 W
[TEMPERATURE DATA] [PRECIPITATION DATA] SYMBOLS USED IN COLUMN 16
AVERAGE MONTHLY: 55.6 TOTAL FOR MONTH: 8.95 1 = FOG OR MIST
DPTR FM NORMAL: -2.8 DPTR FM NORMAL: 5.66 2 = FOG REDUCING VISIBILITY
HIGHEST: 73 ON 25 GRTST 24HR 2.04 ON 9- 9 TO 1/4 MILE OR LESS
LOWEST: 42 ON 24,22 3 = THUNDER
SNOW, ICE PELLETS, HAIL 4 = ICE PELLETS
TOTAL MONTH: M 5 = HAIL
GRTST 24HR M ON M 6 = FREEZING RAIN OR DRIZZLE
GRTST DEPTH: M ON M 7 = DUSTSTORM OR SANDSTORM:
VSBY 1/2 MILE OR LESS
8 = SMOKE OR HAZE
[NO. OF DAYS WITH] [WEATHER - DAYS WITH] 9 = BLOWING SNOW
X = TORNADO
MAX 32 OR BELOW: 0 0.01 INCH OR MORE: 12
MAX 90 OR ABOVE: 0 0.10 INCH OR MORE: 9
MIN 32 OR BELOW: 0 0.50 INCH OR MORE: 6
MIN 0 OR BELOW: 0 1.00 INCH OR MORE: 4
[HDD (BASE 65) ]
TOTAL THIS MO. 280 CLEAR (SCALE 0-3) 17
DPTR FM NORMAL 69 PTCLDY (SCALE 4-7) 10
TOTAL FM JUL 1 651 CLOUDY (SCALE 8-10) 4
DPTR FM NORMAL 91
[CDD (BASE 65) ]
TOTAL THIS MO. 0
DPTR FM NORMAL -8 [PRESSURE DATA]
TOTAL FM JAN 1 0 HIGHEST SLP M ON M
DPTR FM NORMAL -8 LOWEST SLP 29.68 ON 16
[REMARKS]
#FINAL-01-23#