000
CXUS52 KILM 011000
CF6CRE
PRELIMINARY LOCAL CLIMATOLOGICAL DATA (WS FORM: F-6)
STATION: N.MYRTLE BEACH SOUTH CAROLINA
MONTH: JUNE
YEAR: 2021
LATITUDE: 33 49 N
LONGITUDE: 78 43 W
TEMPERATURE IN F: :PCPN: SNOW: WIND :SUNSHINE: SKY :PK WND
================================================================================
1 2 3 4 5 6A 6B 7 8 9 10 11 12 13 14 15 16 17 18
12Z AVG MX 2MIN
DY MAX MIN AVG DEP HDD CDD WTR SNW DPTH SPD SPD DIR MIN PSBL S-S WX SPD DR
================================================================================
1 80 58 69 -5 0 4 0.00 M M 9.2 17 110 M M 2 24 110
2 81 70 76 1 0 11 0.19 M M 7.3 15 160 M M 4 1 21 160
3 81 73 77 2 0 12 0.35 M M 10.7 21 190 M M 7 13 26 220
4 82 72 77 2 0 12 0.85 M M 9.6 22 230 M M 6 13 28 230
5 81 69 75 0 0 10 T M M 5.5 13 210 M M 3 1 17 200
6 78 72 75 -1 0 10 1.91 M M 3.9 16 230 M M 6 123 19 240
7 83 75 79 3 0 14 0.00 M M 7.6 17 210 M M 4 1 23 210
8 84 76 80 4 0 15 T M M 10.0 17 190 M M 3 21 180
9 84 75 80 4 0 15 T M M 11.4 25 220 M M 3 3 30 220
10 85 75 80 4 0 15 T M M 12.7 26 210 M M 3 3 33 200
11 89 75 82 5 0 17 0.17 M M 11.0 24 210 M M 4 13 30 200
12 85 72 79 2 0 14 T M M 7.5 15 50 M M 6 3 20 60
13 82 68 75 -2 0 10 0.06 M M 7.4 16 40 M M 8 1 21 50
14 85 70 78 1 0 13 T M M 8.1 18 200 M M 0 23 210
15 89 71 80 2 0 15 0.34 M M 5.2 20 150 M M 2 13 28 160
16 84 67 76 -2 0 11 0.01 M M 3.3 10 210 M M 2 1 14 200
17 87 65 76 -2 0 11 0.00 M M 4.1 13 290 M M 0 1 17 340
18 83 60 72 -6 0 7 0.00 M M 8.8 18 210 M M 0 24 220
19 89 75 82 4 0 17 T M M 10.7 23 210 M M 1 28 220
20 86 73 80 1 0 15 1.05 M M 14.7 30 210 M M 6 13 38 220
21 92 74 83 4 0 18 0.06 M M 14.5 26 210 M M 5 1 34 220
22 83 70 77 -2 0 12 0.25 M M 12.6 22 220 M M 7 1 29 220
23 81 69 75 -4 0 10 0.00 M M 10.5 18 110 M M 6 26 110
24 82 61 72 -7 0 7 0.00 M M 8.2 20 40 M M 2 23 40
25 82 67 75 -5 0 10 0.09 M M 8.4 16 110 M M 8 1 22 100
26 83 72 78 -2 0 13 2.98 M M 6.0 13 130 M M 4 123 18 90
27 83 74 79 -1 0 14 T M M 7.2 13 120 M M 2 17 110
28 83 72 78 -2 0 13 0.63 M M 11.0 23 110 M M 3 1 32 110
29 84 74 79 -1 0 14 T M M 6.5 12 160 M M 1 18 160
30 84 73 79 -1 0 14 T M M 7.5 16 210 M M 1 1 21 200
================================================================================
SM 2515 2117 0 373 8.94 M 261.1 M 109
================================================================================
AV 83.8 70.6 8.7 FASTST M M 4 MAX(MPH)
MISC ----> 30 210 38 220
================================================================================
NOTES:
# LAST OF SEVERAL OCCURRENCES
COLUMN 17 PEAK WIND IN M.P.H.
PRELIMINARY LOCAL CLIMATOLOGICAL DATA (WS FORM: F-6) , PAGE 2
STATION: N.MYRTLE BEACH SOUTH CAROLINA
MONTH: JUNE
YEAR: 2021
LATITUDE: 33 49 N
LONGITUDE: 78 43 W
[TEMPERATURE DATA] [PRECIPITATION DATA] SYMBOLS USED IN COLUMN 16
AVERAGE MONTHLY: 77.2 TOTAL FOR MONTH: 8.94 1 = FOG OR MIST
DPTR FM NORMAL: -0.3 DPTR FM NORMAL: 4.87 2 = FOG REDUCING VISIBILITY
HIGHEST: 92 ON 21 GRTST 24HR 2.99 ON 25-26 TO 1/4 MILE OR LESS
LOWEST: 58 ON 1 3 = THUNDER
SNOW, ICE PELLETS, HAIL 4 = ICE PELLETS
TOTAL MONTH: M 5 = HAIL
GRTST 24HR M ON M 6 = FREEZING RAIN OR DRIZZLE
GRTST DEPTH: M ON M 7 = DUSTSTORM OR SANDSTORM:
VSBY 1/2 MILE OR LESS
8 = SMOKE OR HAZE
[NO. OF DAYS WITH] [WEATHER - DAYS WITH] 9 = BLOWING SNOW
X = TORNADO
MAX 32 OR BELOW: 0 0.01 INCH OR MORE: 14
MAX 90 OR ABOVE: 1 0.10 INCH OR MORE: 10
MIN 32 OR BELOW: 0 0.50 INCH OR MORE: 5
MIN 0 OR BELOW: 0 1.00 INCH OR MORE: 3
[HDD (BASE 65) ]
TOTAL THIS MO. 0 CLEAR (SCALE 0-3) 14
DPTR FM NORMAL 0 PTCLDY (SCALE 4-7) 16
TOTAL FM JUL 1 2096 CLOUDY (SCALE 8-10) 0
DPTR FM NORMAL -246
[CDD (BASE 65) ]
TOTAL THIS MO. 373
DPTR FM NORMAL -4 [PRESSURE DATA]
TOTAL FM JAN 1 612 HIGHEST SLP 30.31 ON 29
DPTR FM NORMAL -13 LOWEST SLP 29.71 ON 12
[REMARKS]
#FINAL-06-21#