000
CXUS52 KJAX 011301
CF6CRG
PRELIMINARY LOCAL CLIMATOLOGICAL DATA (WS FORM: F-6)
STATION: CRAIG EXEC ARPT
MONTH: APRIL
YEAR: 2023
LATITUDE: 30 19 N
LONGITUDE: 81 31 W
TEMPERATURE IN F: :PCPN: SNOW: WIND :SUNSHINE: SKY :PK WND
================================================================================
1 2 3 4 5 6A 6B 7 8 9 10 11 12 13 14 15 16 17 18
12Z AVG MX 2MIN
DY MAX MIN AVG DEP HDD CDD WTR SNW DPTH SPD SPD DIR MIN PSBL S-S WX SPD DR
================================================================================
1 89 67 78 12 0 13 0.00 0.0 0 12.5 24 230 M M 1 32 250
2 85 60 73 7 0 8 0.00 0.0 0 6.6 18 270 M M 1 1 26 270
3 85 58 72 6 0 7 0.00 0.0 0 5.2 15 160 M M 1 20 220
4 85 61 73 7 0 8 0.00 0.0 0 2.9 12 90 M M 2 1 18 60
5 87 65 76 10 0 11 0.00 0.0 0 7.8 18 150 M M 3 12 26 150
6 84 71 78 11 0 13 0.00 0.0 0 8.1 16 90 M M 1 22 160
7 84 63 74 7 0 9 0.00 0.0 0 6.6 16 140 M M 3 12 23 140
8 81 64 73 6 0 8 0.55 0.0 0 7.7 18 30 M M 6 1 30 50
9 65 53 59 -8 6 0 0.15 0.0 0 15.2 24 40 M M 10 1 40 10
10 65 62 64 -3 1 0 0.29 0.0 0 15.0 24 40 M M 10 1 39 40
11 70 63 67 -1 0 2 0.63 0.0 0 11.3 21 60 M M 8 1 31 40
12 77 63 70 2 0 5 0.00 0.0 0 9.4 21 80 M M 4 29 90
13 83 67 75 7 0 10 0.31 0.0 0 8.9 21 150 M M 6 13 28 140
14 90 64 77 9 0 12 0.00 0.0 0 8.0 20 220 M M 2 1 27 230
15 86 59 73 5 0 8 0.00 0.0 0 6.0 14 140 M M 0 20 140
16 87 65 76 7 0 11 0.02 0.0 0 7.1 22 270 M M 3 33 270
17 78 53 66 -3 0 1 0.13 0.0 0 8.3 20 360 M M 3 1 28 350
18 76 46 61 -8 4 0 0.00 0.0 0 4.3 16 50 M M 0 22 50
19 81 51 66 -3 0 1 0.00 0.0 0 2.9 13 90 M M 0 17 90
20 82 56 69 0 0 4 0.00 0.0 0 5.7 18 100 M M 1 1 26 80
21 81 56 69 0 0 4 0.00 0.0 0 6.7 16 110 M M 2 23 100
22 87 67 77 7 0 12 0.21 0.0 0 6.3 15 350 M M 4 3 22 360
23 77 58 68 -2 0 3 0.00 0.0 0 8.6 20 50 M M 1 29 70
24 77 59 68 -2 0 3 T 0.0 0 5.2 15 20 M M 3 21 10
25 80 64 72 2 0 7 T 0.0 0 7.1 18 90 M M 5 23 80
26 82 64 73 3 0 8 0.00 0.0 0 6.4 15 60 M M 2 20 50
27 82 65 74 3 0 9 0.49 0.0 0 8.6 23 160 M M 5 13 35 150
28 87 64 76 5 0 11 0.00 0.0 0 7.3 18 250 M M 2 30 250
29 88 71 80 9 0 15 0.17 0.0 0 8.3 21 190 M M 4 13 31 180
30 80 69 75 4 0 10 0.02 0.0 0 15.0 30 260 M M 3 1 47 260
================================================================================
SM 2441 1848 11 213 2.97 0.0 239.0 M 96
================================================================================
AV 81.4 61.6 8.0 FASTST M M 3 MAX(MPH)
MISC ----> 30 260 47 260
================================================================================
NOTES:
# LAST OF SEVERAL OCCURRENCES
COLUMN 17 PEAK WIND IN M.P.H.
PRELIMINARY LOCAL CLIMATOLOGICAL DATA (WS FORM: F-6) , PAGE 2
STATION: CRAIG EXEC ARPT
MONTH: APRIL
YEAR: 2023
LATITUDE: 30 19 N
LONGITUDE: 81 31 W
[TEMPERATURE DATA] [PRECIPITATION DATA] SYMBOLS USED IN COLUMN 16
AVERAGE MONTHLY: 71.5 TOTAL FOR MONTH: 2.97 1 = FOG OR MIST
DPTR FM NORMAL: 3.2 DPTR FM NORMAL: 0.56 2 = FOG REDUCING VISIBILITY
HIGHEST: 90 ON 14 GRTST 24HR 0.85 ON 10-11 TO 1/4 MILE OR LESS
LOWEST: 46 ON 18 3 = THUNDER
SNOW, ICE PELLETS, HAIL 4 = ICE PELLETS
TOTAL MONTH: 0.0 INCH 5 = HAIL
GRTST 24HR 0.0 6 = FREEZING RAIN OR DRIZZLE
GRTST DEPTH: 0 7 = DUSTSTORM OR SANDSTORM:
VSBY 1/2 MILE OR LESS
8 = SMOKE OR HAZE
[NO. OF DAYS WITH] [WEATHER - DAYS WITH] 9 = BLOWING SNOW
X = TORNADO
MAX 32 OR BELOW: 0 0.01 INCH OR MORE: 11
MAX 90 OR ABOVE: 1 0.10 INCH OR MORE: 9
MIN 32 OR BELOW: 0 0.50 INCH OR MORE: 2
MIN 0 OR BELOW: 0 1.00 INCH OR MORE: 0
[HDD (BASE 65) ]
TOTAL THIS MO. 11 CLEAR (SCALE 0-3) 17
DPTR FM NORMAL -25 PTCLDY (SCALE 4-7) 11
TOTAL FM JUL 1 683 CLOUDY (SCALE 8-10) 2
DPTR FM NORMAL -426
[CDD (BASE 65) ]
TOTAL THIS MO. 213
DPTR FM NORMAL 77 [PRESSURE DATA]
TOTAL FM JAN 1 519 HIGHEST SLP 30.27 ON 11
DPTR FM NORMAL 284 LOWEST SLP 29.50 ON 30
[REMARKS]
#FINAL-04-23#