000
CXUS52 KJAX 010900
CF6CRG
PRELIMINARY LOCAL CLIMATOLOGICAL DATA (WS FORM: F-6)
STATION: CRAIG EXEC ARPT
MONTH: FEBRUARY
YEAR: 2022
LATITUDE: 30 19 N
LONGITUDE: 81 31 W
TEMPERATURE IN F: :PCPN: SNOW: WIND :SUNSHINE: SKY :PK WND
================================================================================
1 2 3 4 5 6A 6B 7 8 9 10 11 12 13 14 15 16 17 18
12Z AVG MX 2MIN
DY MAX MIN AVG DEP HDD CDD WTR SNW DPTH SPD SPD DIR MIN PSBL S-S WX SPD DR
================================================================================
1 69 37 53 -3 12 0 0.00 0.0 0 4.3 15 40 M M 0 19 50
2 76 47 62 6 3 0 0.00 0.0 0 4.7 16 160 M M 3 1 26 110
3 79 60 70 14 0 5 0.00 0.0 0 11.5 24 150 M M 1 36 170
4 84 65 75 19 0 10 0.05 0.0 0 10.6 21 230 M M 4 1 29 230
5 65 49 57 0 8 0 0.19 0.0 0 11.9 21 330 M M 8 1 28 350
6 53 47 50 -7 15 0 0.32 0.0 0 14.5 22 20 M M 10 1 33 10
7 52 45 49 -8 16 0 0.02 0.0 0 8.6 15 330 M M 10 1 20 300
8 52 47 50 -7 15 0 0.60 0.0 0 4.1 13 350 M M 7 1 16 350
9 63 41 52 -5 13 0 0.00 0.0 0 5.3 13 340 M M 2 12 18 340
10 68 36 52 -5 13 0 0.00 0.0 0 3.0 12 100 M M 0 1 19 90
11 70 41 56 -2 9 0 0.00 0.0 0 1.9 13 90 M M 0 17 90
12 71 49 60 2 5 0 0.01 0.0 0 3.0 12 50 M M 4 15 50
13 70 49 60 2 5 0 0.09 0.0 0 8.3 23 320 M M 6 1 31 330
14 62 40 51 -7 14 0 0.00 0.0 0 7.7 18 310 M M 0 26 340
15 64 37 51 -7 14 0 0.00 0.0 0 6.5 18 40 M M 0 25 40
16 75 53 64 6 1 0 0.01 0.0 0 7.8 21 140 M M 4 1 30 100
17 81 57 69 10 0 4 T 0.0 0 8.3 21 160 M M 3 29 150
18 82 64 73 14 0 8 0.30 0.0 0 10.4 20 220 M M 6 13 29 240
19 68 47 58 -1 7 0 0.00 0.0 0 9.1 16 330 M M 3 23 340
20 70 42 56 -3 9 0 0.00 0.0 0 6.5 18 30 M M 0 26 60
21 77 49 63 4 2 0 0.00 0.0 0 5.5 18 140 M M 0 1 25 150
22 79 53 66 7 0 1 0.00 0.0 0 7.1 17 140 M M 0 1 24 110
23 82 57 70 11 0 5 0.00 0.0 0 4.9 15 140 M M 3 12 21 140
24 83 60 72 12 0 7 0.00 0.0 0 6.1 15 110 M M 1 1 20 110
25 88 62 75 15 0 10 0.00 0.0 0 5.3 15 230 M M 1 18 22 250
26 76 58 67 7 0 2 0.00 0.0 0 5.1 14 50 M M 0 22 50
27 85 61 73 13 0 8 0.00 0.0 0 4.9 16 20 M M 6 12 23 10
28 63 54 59 -1 6 0 0.32 0.0 0 11.7 18 20 M M 10 13 28 30
================================================================================
SM 2007 1407 167 60 1.91 0.0 198.6 M 92
================================================================================
AV 71.7 50.3 7.1 FASTST M M 3 MAX(MPH)
MISC ----> 24 150 36 170
================================================================================
NOTES:
# LAST OF SEVERAL OCCURRENCES
COLUMN 17 PEAK WIND IN M.P.H.
PRELIMINARY LOCAL CLIMATOLOGICAL DATA (WS FORM: F-6) , PAGE 2
STATION: CRAIG EXEC ARPT
MONTH: FEBRUARY
YEAR: 2022
LATITUDE: 30 19 N
LONGITUDE: 81 31 W
[TEMPERATURE DATA] [PRECIPITATION DATA] SYMBOLS USED IN COLUMN 16
AVERAGE MONTHLY: 61.0 TOTAL FOR MONTH: 1.91 1 = FOG OR MIST
DPTR FM NORMAL: 3.0 DPTR FM NORMAL: -0.51 2 = FOG REDUCING VISIBILITY
HIGHEST: 88 ON 25 GRTST 24HR 0.62 ON 7- 8 TO 1/4 MILE OR LESS
LOWEST: 36 ON 10 3 = THUNDER
SNOW, ICE PELLETS, HAIL 4 = ICE PELLETS
TOTAL MONTH: 0.0 INCH 5 = HAIL
GRTST 24HR 0.0 6 = FREEZING RAIN OR DRIZZLE
GRTST DEPTH: 0 7 = DUSTSTORM OR SANDSTORM:
VSBY 1/2 MILE OR LESS
8 = SMOKE OR HAZE
[NO. OF DAYS WITH] [WEATHER - DAYS WITH] 9 = BLOWING SNOW
X = TORNADO
MAX 32 OR BELOW: 0 0.01 INCH OR MORE: 10
MAX 90 OR ABOVE: 0 0.10 INCH OR MORE: 5
MIN 32 OR BELOW: 0 0.50 INCH OR MORE: 1
MIN 0 OR BELOW: 0 1.00 INCH OR MORE: 0
[HDD (BASE 65) ]
TOTAL THIS MO. 167 CLEAR (SCALE 0-3) 15
DPTR FM NORMAL -52 PTCLDY (SCALE 4-7) 9
TOTAL FM JUL 1 713 CLOUDY (SCALE 8-10) 4
DPTR FM NORMAL -228
[CDD (BASE 65) ]
TOTAL THIS MO. 60
DPTR FM NORMAL 36 [PRESSURE DATA]
TOTAL FM JAN 1 85 HIGHEST SLP 30.53 ON 15
DPTR FM NORMAL 44 LOWEST SLP 29.96 ON 13
[REMARKS]
#FINAL-02-22#