000
CXUS54 KCRP 020309
CF6CRP
PRELIMINARY LOCAL CLIMATOLOGICAL DATA (WS FORM: F-6)
STATION: CORPUS CHRISTI
MONTH: DECEMBER
YEAR: 2020
LATITUDE: 27 46 N
LONGITUDE: 97 30 W
TEMPERATURE IN F: :PCPN: SNOW: WIND :SUNSHINE: SKY :PK WND
================================================================================
1 2 3 4 5 6A 6B 7 8 9 10 11 12 13 14 15 16 17 18
12Z AVG MX 2MIN
DY MAX MIN AVG DEP HDD CDD WTR SNW DPTH SPD SPD DIR MIN PSBL S-S WX SPD DR
================================================================================
1 68 34 51 -10 14 0 0.00 0.0 0 7.9 22 150 M M 1 27 180
2 76 53 65 4 0 0 T 0.0 0 9.0 28 10 M M 5 1 34 10
3 60 44 52 -9 13 0 0.00 0.0 0 14.7 31 360 M M 4 39 360
4 59 41 50 -11 15 0 0.00 0.0 0 8.1 21 20 M M 4 24 20
5 58 42 50 -10 15 0 0.08 0.0 0 8.0 20 350 M M 10 1 23 350
6 66 42 54 -6 11 0 0.02 0.0 0 9.2 23 320 M M 4 28 320
7 73 36 55 -5 10 0 0.00 0.0 0 5.3 12 320 M M 1 15 350
8 77 39 58 -2 7 0 0.00 0.0 0 4.3 12 140 M M 4 14 300
9 80 43 62 3 3 0 0.00 0.0 0 7.5 17 160 M M 3 20 160
10 79 49 64 5 1 0 0.00 0.0 0 12.8 25 150 M M 4 12 32 150
11 81 58 70 11 0 5 0.00 0.0 0 9.8 17 210 M M 9 1 24 190
12 77 51 64 5 1 0 0.00 0.0 0 9.9 20 90 M M 7 12 24 90
13 84 49 67 8 0 2 T 0.0 0 16.0 35 10 M M 8 1 42 350
14 54 38 46 -12 19 0 0.00 0.0 0 10.0 28 360 M M 4 34 360
15 70 44 57 -1 8 0 0.00 0.0 0 7.5 16 360 M M 5 21 330
16 64 38 51 -7 14 0 0.00 0.0 0 10.7 18 330 M M 0 23 20
17 63 40 52 -6 13 0 0.00 0.0 0 9.0 16 80 M M 0 19 90
18 71 46 59 1 6 0 T 0.0 0 11.6 23 150 M M 8 28 140
19 81 54 68 10 0 3 0.03 0.0 0 9.7 22 310 M M 7 1 28 310
20 75 43 59 1 6 0 0.00 0.0 0 5.5 14 140 M M 4 12 17 290
21 77 42 60 2 5 0 0.00 0.0 0 5.8 18 140 M M 5 1 23 170
22 76 53 65 8 0 0 0.00 0.0 0 12.3 22 140 M M 7 1 27 130
23 80 58 69 12 0 4 0.00 0.0 0 8.8 29 10 M M 7 12 35 20
24 59 35 47 -10 18 0 0.00 0.0 0 17.4 37 360 M M 5 45 360
25 71 31 51 -6 14 0 0.00 0.0 0 7.1 14 130 M M 4 16 140
26 73 38 56 -1 9 0 0.00 0.0 0 8.4 22 150 M M 3 28 150
27 78 48 63 6 2 0 0.00 0.0 0 13.5 28 160 M M 2 12 34 180
28 78 60 69 12 0 4 T 0.0 0 15.3 26 120 M M 5 32 140
29 79 64 72 15 0 7 0.00 0.0 0 19.0 36 150 M M 5 41 150
30 80 54 67 10 0 2 0.29 0.0 0 19.3 32 160 M M 7 13 41 150
31 54 40 47 -10 18 0 1.29 0.0 0 20.0 33 310 M M 7 13 39 310
================================================================================
SM 2221 1407 222 27 1.71 0.0 333.4 M 149
================================================================================
AV 71.6 45.4 10.8 FASTST M M 5 MAX(MPH)
MISC ----> 37 360 45 360
================================================================================
NOTES:
# LAST OF SEVERAL OCCURRENCES
COLUMN 17 PEAK WIND IN M.P.H.
PRELIMINARY LOCAL CLIMATOLOGICAL DATA (WS FORM: F-6) , PAGE 2
STATION: CORPUS CHRISTI
MONTH: DECEMBER
YEAR: 2020
LATITUDE: 27 46 N
LONGITUDE: 97 30 W
[TEMPERATURE DATA] [PRECIPITATION DATA] SYMBOLS USED IN COLUMN 16
AVERAGE MONTHLY: 58.5 TOTAL FOR MONTH: 1.71 1 = FOG OR MIST
DPTR FM NORMAL: 0.0 DPTR FM NORMAL: -0.12 2 = FOG REDUCING VISIBILITY
HIGHEST: 84 ON 13 GRTST 24HR 1.57 ON 30-31 TO 1/4 MILE OR LESS
LOWEST: 31 ON 25 3 = THUNDER
SNOW, ICE PELLETS, HAIL 4 = ICE PELLETS
TOTAL MONTH: 0.0 INCH 5 = HAIL
GRTST 24HR 0.0 6 = FREEZING RAIN OR DRIZZLE
GRTST DEPTH: 0 7 = DUSTSTORM OR SANDSTORM:
VSBY 1/2 MILE OR LESS
8 = SMOKE OR HAZE
[NO. OF DAYS WITH] [WEATHER - DAYS WITH] 9 = BLOWING SNOW
X = TORNADO
MAX 32 OR BELOW: 0 0.01 INCH OR MORE: 5
MAX 90 OR ABOVE: 0 0.10 INCH OR MORE: 2
MIN 32 OR BELOW: 1 0.50 INCH OR MORE: 1
MIN 0 OR BELOW: 0 1.00 INCH OR MORE: 1
[HDD (BASE 65) ]
TOTAL THIS MO. 222 CLEAR (SCALE 0-3) 7
DPTR FM NORMAL -28 PTCLDY (SCALE 4-7) 21
TOTAL FM JUL 1 278 CLOUDY (SCALE 8-10) 3
DPTR FM NORMAL -72
[CDD (BASE 65) ]
TOTAL THIS MO. 27
DPTR FM NORMAL -22 [PRESSURE DATA]
TOTAL FM JAN 1 3991 HIGHEST SLP 30.47 ON 24
DPTR FM NORMAL 467 LOWEST SLP 29.66 ON 31
[REMARKS]
#FINAL-12-20#