000
CXUS54 KCRP 011604
CLMCRP
CLIMATE REPORT
NATIONAL WEATHER SERVICE CORPUS CHRISTI TX
1031 AM CDT SUN OCT 01 2023
...................................
...THE CORPUS CHRISTI CLIMATE SUMMARY FOR THE MONTH OF SEPTEMBER 2023...
CLIMATE NORMAL PERIOD 1991 TO 2020
CLIMATE RECORD PERIOD 1887 TO 2023
WEATHER OBSERVED NORMAL DEPART LAST YEAR`S
VALUE DATE(S) VALUE FROM VALUE DATE(S)
NORMAL
................................................................
TEMPERATURE (F)
RECORD
HIGH 109 09/05/2000
LOW 51 09/30/2020
HIGHEST 101 09/14 90 11 98 09/26
09/24
LOWEST 71 09/19 72 -1 64 09/28
09/20
09/29
AVG. MAXIMUM 97.3 90.8 6.5 93.2
AVG. MINIMUM 74.7 73.0 1.7 74.6
MEAN 86.0 81.9 4.1 83.9
DAYS MAX >= 90 30 19.6 10.4 26
DAYS MAX <= 32 0 0.0 0.0 0
DAYS MIN <= 32 0 0.0 0.0 0
DAYS MIN <= 0 0 0.0 0.0 0
PRECIPITATION (INCHES)
RECORD
MAXIMUM 20.33 1967
MINIMUM T 1920
TOTALS 1.01 5.42 -4.41 1.66
DAILY AVG. 0.03 0.18 -0.15 0.06
DAYS >= .01 6 9.8 -3.8 6
DAYS >= .10 3 7.0 -4.0 4
DAYS >= .50 0 3.5 -3.5 2
DAYS >= 1.00 0 1.8 -1.8 0
GREATEST
24 HR. TOTAL 0.34 09/25 TO 09/26 0.79
SNOWFALL (INCHES)
RECORDS
TOTAL 0.0 MM
24 HR TOTAL 0.0 MM
TOTALS 0.0 0.0 0.0 0.0
SINCE 7/1 0.0 0.0 0.0 MM
SNOWDEPTH AVG. 0 0
DAYS >= 1.0 0 0.0 0.0 0
GREATEST
SNOW DEPTH 0 0
24 HR TOTAL 0.0 MM
DEGREE DAYS
HEATING TOTAL 0 0 0 0
SINCE 7/1 0 0 0 MM
COOLING TOTAL 639 507 132 571
SINCE 1/1 3984 3228 756 MM
................................................................
WIND (MPH)
AVERAGE WIND SPEED 8.8
HIGHEST WIND SPEED/DIRECTION 38/030 DATE 09/15
HIGHEST GUST SPEED/DIRECTION 48/030 DATE 09/15
SKY COVER
AVERAGE SKY COVER 0.33
AVERAGE RH (PERCENT) 72
WEATHER CONDITIONS. NUMBER OF DAYS WITH
THUNDERSTORM 5 MIXED PRECIP 0
HEAVY RAIN 2 RAIN 4
LIGHT RAIN 7 FREEZING RAIN 0
LT FREEZING RAIN 0 HAIL 0
HEAVY SNOW 0 SNOW 0
LIGHT SNOW 0 SLEET 0
FOG 6 FOG W/VIS <= 1/4 MILE 0
HAZE 0
- INDICATES NEGATIVE NUMBERS.
R INDICATES RECORD WAS SET OR TIED.
MM INDICATES DATA IS MISSING.
T INDICATES TRACE AMOUNT.
$$
EMF