000
CXUS56 KSGX 011045
CF6CRQ
PRELIMINARY LOCAL CLIMATOLOGICAL DATA (WS FORM: F-6)
STATION: CARLSBAD PALOMAR AIRPORT CA
MONTH: OCTOBER
YEAR: 2021
LATITUDE: 33 7 N
LONGITUDE: 117 17 W
TEMPERATURE IN F: :PCPN: SNOW: WIND :SUNSHINE: SKY :PK WND
================================================================================
1 2 3 4 5 6A 6B 7 8 9 10 11 12 13 14 15 16 17 18
12Z AVG MX 2MIN
DY MAX MIN AVG DEP HDD CDD WTR SNW DPTH SPD SPD DIR MIN PSBL S-S WX SPD DR
================================================================================
1 84 59 72 4 0 7 0.00 M M 2.3 9 280 M M 0 13 260
2 83 59 71 3 0 6 0.00 M M 2.2 10 270 M M 0 14 260
3 84 62 73 5 0 8 0.00 M M 2.5 9 250 M M 0 13 300
4 80 64 72 4 0 7 0.30 M M 3.4 14 150 M M 2 138 19 150
5 75 63 69 1 0 4 0.29 M M 4.8 15 80 M M 4 1 20 70
6 70 64 67 0 0 2 0.00 M M 3.7 12 240 M M 9 14 290
7 68 64 66 -1 0 1 0.00 M M 4.5 12 220 M M 7 15 230
8 66 61 64 -3 1 0 0.42 M M 4.0 12 250 M M 7 18 16 240
9 68 57 63 -4 2 0 0.00 M M 3.2 12 260 M M 2 17 280
10 72 55 64 -3 1 0 0.00 M M 2.7 13 250 M M 0 15 250
11 68 57 63 -4 2 0 0.00 M M 9.2 21 230 M M 8 8 29 300
12 67 52 60 -7 5 0 0.00 M M 4.6 14 260 M M 1 21 280
13 68 49 59 -7 6 0 0.00 M M 3.5 13 260 M M 0 16 260
14 71 52 62 -4 3 0 0.00 M M 3.2 10 260 M M 0 14 260
15 87 53 70 4 0 5 0.00 M M 3.2 17 90 M M 0 22 90
16 81 55 68 2 0 3 0.00 M M 1.7 10 270 M M 0 14 270
17 72 57 65 -1 0 0 0.00 M M 3.5 13 250 M M 1 8 18 250
18 65 52 59 -7 6 0 T M M 5.3 16 260 M M 7 8 20 260
19 65 50 58 -8 7 0 0.00 M M 4.4 12 230 M M 0 17 250
20 67 51 59 -7 6 0 0.00 M M 3.0 10 250 M M 0 16 270
21 69 52 61 -5 4 0 0.00 M M 2.8 10 260 M M 1 1 14 250
22 66 56 61 -4 4 0 0.00 M M 2.6 13 260 M M 8 18 16 270
23 65 58 62 -3 3 0 T M M 5.4 13 220 M M 7 18 18 240
24 66 55 61 -4 4 0 0.00 M M 3.6 12 240 M M 2 16 240
25 65 54 60 -5 5 0 0.33 M M 5.5 18 240 M M 9 18 32 250
26 64 53 59 -6 6 0 0.00 M M 3.9 13 250 M M 2 16 250
27 76 52 64 -1 1 0 0.00 M M 2.2 10 260 M M 0 13 260
28 79 57 68 3 0 3 0.00 M M 2.2 9 260 M M 0 12 260
29 77 59 68 4 0 3 0.00 M M 3.5 12 220 M M 2 12 13 220
30 65 59 62 -2 3 0 0.00 M M 4.2 10 240 M M 8 18 16 240
31 64 59 62 -2 3 0 0.00 M M 2.3 9 250 M M 6 8 13 260
================================================================================
SM 2217 1750 72 49 1.34 M 113.1 M 93
================================================================================
AV 71.5 56.5 3.6 FASTST M M 3 MAX(MPH)
MISC ----> 21 230 32 250
================================================================================
NOTES:
# LAST OF SEVERAL OCCURRENCES
COLUMN 17 PEAK WIND IN M.P.H.
PRELIMINARY LOCAL CLIMATOLOGICAL DATA (WS FORM: F-6) , PAGE 2
STATION: CARLSBAD PALOMAR AIRPORT CA
MONTH: OCTOBER
YEAR: 2021
LATITUDE: 33 7 N
LONGITUDE: 117 17 W
[TEMPERATURE DATA] [PRECIPITATION DATA] SYMBOLS USED IN COLUMN 16
AVERAGE MONTHLY: 64.0 TOTAL FOR MONTH: 1.34 1 = FOG OR MIST
DPTR FM NORMAL: -2.1 DPTR FM NORMAL: 0.84 2 = FOG REDUCING VISIBILITY
HIGHEST: 87 ON 15 GRTST 24HR 0.59 ON 4- 5 TO 1/4 MILE OR LESS
LOWEST: 49 ON 13 3 = THUNDER
SNOW, ICE PELLETS, HAIL 4 = ICE PELLETS
TOTAL MONTH: M 5 = HAIL
GRTST 24HR M ON M 6 = FREEZING RAIN OR DRIZZLE
GRTST DEPTH: M ON M 7 = DUSTSTORM OR SANDSTORM:
VSBY 1/2 MILE OR LESS
8 = SMOKE OR HAZE
[NO. OF DAYS WITH] [WEATHER - DAYS WITH] 9 = BLOWING SNOW
X = TORNADO
MAX 32 OR BELOW: 0 0.01 INCH OR MORE: 4
MAX 90 OR ABOVE: 0 0.10 INCH OR MORE: 4
MIN 32 OR BELOW: 0 0.50 INCH OR MORE: 0
MIN 0 OR BELOW: 0 1.00 INCH OR MORE: 0
[HDD (BASE 65) ]
TOTAL THIS MO. 72 CLEAR (SCALE 0-3) 20
DPTR FM NORMAL 34 PTCLDY (SCALE 4-7) 8
TOTAL FM JUL 1 73 CLOUDY (SCALE 8-10) 3
DPTR FM NORMAL 30
[CDD (BASE 65) ]
TOTAL THIS MO. 49
DPTR FM NORMAL -23 [PRESSURE DATA]
TOTAL FM JAN 1 520 HIGHEST SLP 30.15 ON 27
DPTR FM NORMAL -63 LOWEST SLP 29.66 ON 11
[REMARKS]
#FINAL-10-21#