000
CXUS54 KFWD 010830
CF6CRS
PRELIMINARY LOCAL CLIMATOLOGICAL DATA (WS FORM: F-6)
STATION: CORSICANA
MONTH: FEBRUARY
YEAR: 2021
LATITUDE: 32 1 N
LONGITUDE: 96 24 W
TEMPERATURE IN F: :PCPN: SNOW: WIND :SUNSHINE: SKY :PK WND
================================================================================
1 2 3 4 5 6A 6B 7 8 9 10 11 12 13 14 15 16 17 18
12Z AVG MX 2MIN
DY MAX MIN AVG DEP HDD CDD WTR SNW DPTH SPD SPD DIR MIN PSBL S-S WX SPD DR
================================================================================
1 60 33 47 -2 18 0 0.00 M M 7.5 15 10 M M 0 23 20
2 65 37 51 2 14 0 0.00 M M 4.9 13 150 M M 0 16 150
3 71 43 57 8 8 0 0.00 M M 13.6 24 160 M M 0 32 170
4 74 48 61 12 4 0 0.00 M M 15.8 29 200 M M 4 40 190
5 60 42 51 2 14 0 0.00 M M 7.2 13 160 M M 4 19 20
6 63 42 53 3 12 0 0.00 M M 9.0 22 330 M M 6 1 33 340
7 63 34 49 -1 16 0 0.00 M M 8.2 15 170 M M 2 22 170
8 71 48 60 10 5 0 0.00 M M 11.5 21 180 M M 7 1 26 180
9 50 36 43 -7 22 0 0.00 M M 9.7 16 330 M M 10 1 24 330
10 36 31 34 -16 31 0 0.26 M M 11.5 18 350 M M 10 1368 26 350
11 31 27 29 -21 36 0 0.18 0.0 0 13.3 21 340 M M 10 136 28 350
12 29 25 27 -24 38 0 0.00 0.0 0 13.6 20 340 M M 10 18 27 360
13 31 24 28 -23 37 0 T M M 12.1 18 360 M M 10 168 26 360
14 26 13 20 -31 45 0 0.05 M M 15.9 22 350 M M 10 168 31 360
15 16 6 11 -40 54 0 0.03 M M 13.9 24 340 M M 5 128 34 310
16 23 -6 9 -43 56 0 T M M 5.0 10 80 M M 3 14 10
17 28 23 26 -26 39 0 0.06 M M 9.2 16 360 M M 10 168 23 360
18 30 24 27 -25 38 0 0.00 M M 11.6 20 350 M M 5 27 350
19 39 12 26 -26 39 0 0.00 M M 5.8 10 160 M M 0 18 13 320
20 54 25 40 -12 25 0 M M M 10.1 16 150 M M 0 1 20 160
21 70 42 56 3 9 0 0.00 M M 13.8 30 220 M M 5 1 46 230
22 69 35 52 -1 13 0 0.00 M M 5.1 10 170 M M 0 14 240
23 76 43 60 7 5 0 0.00 0.0 M 13.6 25 190 M M 0 35 200
24 77 55 66 13 0 1 0.00 M M 13.0 25 220 M M 3 34 210
25 57 47 52 -2 13 0 0.10 M M 8.5 16 10 M M 7 13 20 10
26 58 48 53 -1 12 0 0.05 M M 4.0 16 70 M M 10 1 21 80
27 76 54 65 11 0 0 0.03 M M 10.6 22 170 M M 9 128 28 170
28 75 55 65 11 0 0 0.02 M M 12.3 21 360 M M 10 13 29 10
================================================================================
SM 1478 946 603 1 0.78 0.0 290.3 M 150
================================================================================
AV 52.8 33.8 10.4 FASTST M M 5 MAX(MPH)
MISC ----> 30 220 46 230
================================================================================
NOTES:
# LAST OF SEVERAL OCCURRENCES
COLUMN 17 PEAK WIND IN M.P.H.
PRELIMINARY LOCAL CLIMATOLOGICAL DATA (WS FORM: F-6) , PAGE 2
STATION: CORSICANA
MONTH: FEBRUARY
YEAR: 2021
LATITUDE: 32 1 N
LONGITUDE: 96 24 W
[TEMPERATURE DATA] [PRECIPITATION DATA] SYMBOLS USED IN COLUMN 16
AVERAGE MONTHLY: 43.3 TOTAL FOR MONTH: 0.78 1 = FOG OR MIST
DPTR FM NORMAL: -8.1 DPTR FM NORMAL: -2.60 2 = FOG REDUCING VISIBILITY
HIGHEST: 77 ON 24 GRTST 24HR 0.44 ON 10-11 TO 1/4 MILE OR LESS
LOWEST: -6 ON 16 3 = THUNDER
SNOW, ICE PELLETS, HAIL 4 = ICE PELLETS
TOTAL MONTH: 0.0 INCH 5 = HAIL
GRTST 24HR 0.0 6 = FREEZING RAIN OR DRIZZLE
GRTST DEPTH: 0 7 = DUSTSTORM OR SANDSTORM:
VSBY 1/2 MILE OR LESS
8 = SMOKE OR HAZE
[NO. OF DAYS WITH] [WEATHER - DAYS WITH] 9 = BLOWING SNOW
X = TORNADO
MAX 32 OR BELOW: 8 0.01 INCH OR MORE: 9
MAX 90 OR ABOVE: 0 0.10 INCH OR MORE: 3
MIN 32 OR BELOW: 11 0.50 INCH OR MORE: 0
MIN 0 OR BELOW: 1 1.00 INCH OR MORE: 0
[HDD (BASE 65) ]
TOTAL THIS MO. 603 CLEAR (SCALE 0-3) 9
DPTR FM NORMAL 211 PTCLDY (SCALE 4-7) 9
TOTAL FM JUL 1 1768 CLOUDY (SCALE 8-10) 10
DPTR FM NORMAL -3
[CDD (BASE 65) ]
TOTAL THIS MO. 1
DPTR FM NORMAL -9 [PRESSURE DATA]
TOTAL FM JAN 1 3 HIGHEST SLP 30.59 ON 19
DPTR FM NORMAL -6 LOWEST SLP 29.70 ON 4
[REMARKS]
#FINAL-02-21#