000
CXUS51 KRLX 030200
CF6CRW
PRELIMINARY LOCAL CLIMATOLOGICAL DATA (WS FORM: F-6)
STATION: CHARLESTON WV
MONTH: JULY
YEAR: 2022
LATITUDE: 38 22 N
LONGITUDE: 81 36 W
TEMPERATURE IN F: :PCPN: SNOW: WIND :SUNSHINE: SKY :PK WND
================================================================================
1 2 3 4 5 6A 6B 7 8 9 10 11 12 13 14 15 16 17 18
12Z AVG MX 2MIN
DY MAX MIN AVG DEP HDD CDD WTR SNW DPTH SPD SPD DIR MIN PSBL S-S WX SPD DR
================================================================================
1 88 67 78 3 0 13 T 0.0 0 3.7 14 190 M M 7 3 19 270
2 86 69 78 2 0 13 0.12 0.0 0 1.8 20 200 M M 7 3 24 210
3 85 66 76 0 0 11 0.07 0.0 0 2.0 12 100 M M 6 1 14 100
4 89 62 76 0 0 11 0.00 0.0 0 2.4 9 90 M M 4 1 14 40
5 86 68 77 1 0 12 0.56 0.0 0 2.5 20 320 M M 5 123 30 330
6 88 67 78 2 0 13 0.93 0.0 0 4.0 14 170 M M 7 13 18 290
7 86 70 78 2 0 13 0.00 0.0 0 1.6 7 320 M M 7 12 10 340
8 86 70 78 2 0 13 0.99 0.0 0 2.2 20 240 M M 9 123 31 260
9 72 68 70 -6 0 5 0.55 0.0 0 2.8 8 10 M M 10 1 12 350
10 82 66 74 -2 0 9 0.00 0.0 0 4.5 10 170 M M 6 1 13 80
11 86 60 73 -3 0 8 0.00 0.0 0 2.3 9 190 M M 2 12 13 170
12 88 67 78 2 0 13 0.97 0.0 0 4.3 36 320 M M 5 13 54 300
13 85 66 76 0 0 11 0.00 0.0 0 1.9 9 230 M M 6 12 12 260
14 85 66 76 0 0 11 0.00 0.0 0 2.3 10 350 M M 6 12 14 350
15 86 66 76 0 0 11 0.00 0.0 0 1.1 9 50 M M 7 1 12 70
16 86 67 77 1 0 12 0.01 0.0 0 2.3 14 190 M M 6 1 16 190
17 86 70 78 2 0 13 0.88 0.0 0 4.0 39 280 M M 8 138 53 280
18 83 69 76 0 0 11 0.85 0.0 0 6.1 15 330 M M 8 13 17 230
19 84 69 77 1 0 12 0.12 0.0 0 4.1 9 200 M M 6 1 12 220
20 90 66 78 2 0 13 0.00 0.0 0 5.5 14 200 M M 5 1 19 220
21 86 70 78 2 0 13 0.75 0.0 0 5.0 38 320 M M 5 13 52 320
22 89 67 78 2 0 13 0.00 0.0 0 3.3 15 220 M M 2 1 19 230
23 91 68 80 4 0 15 0.17 0.0 0 3.2 32 330 M M 3 13 49 330
24 90 65 78 2 0 13 0.00 0.0 0 5.3 15 190 M M 5 12 19 180
25 83 74 79 3 0 14 0.26 0.0 0 4.5 14 220 M M 8 13 19 240
26 77 72 75 -1 0 10 0.14 0.0 0 4.6 14 200 M M 9 1 16 200
27 81 71 76 0 0 11 1.13 0.0 0 3.7 20 220 M M 9 13 25 220
28 85 72 79 3 0 14 0.09 0.0 0 6.0 16 240 M M 7 1 22 250
29 82 69 76 0 0 11 0.14 0.0 0 3.5 14 210 M M 8 1 18 210
30 83 65 74 -2 0 9 0.00 0.0 0 2.1 8 60 M M 7 1 11 140
31 75 66 71 -5 0 6 1.22 0.0 0 2.4 10 320 M M 10 13 17 330
================================================================================
SM 2629 2098 0 357 9.95 0.0 105.0 M 200
================================================================================
AV 84.8 67.7 3.4 FASTST M M 6 MAX(MPH)
MISC ----> 39 280 54 300
================================================================================
NOTES:
# LAST OF SEVERAL OCCURRENCES
COLUMN 17 PEAK WIND IN M.P.H.
PRELIMINARY LOCAL CLIMATOLOGICAL DATA (WS FORM: F-6) , PAGE 2
STATION: CHARLESTON WV
MONTH: JULY
YEAR: 2022
LATITUDE: 38 22 N
LONGITUDE: 81 36 W
[TEMPERATURE DATA] [PRECIPITATION DATA] SYMBOLS USED IN COLUMN 16
AVERAGE MONTHLY: 76.2 TOTAL FOR MONTH: 9.95 1 = FOG OR MIST
DPTR FM NORMAL: 0.4 DPTR FM NORMAL: 4.57 2 = FOG REDUCING VISIBILITY
HIGHEST: 91 ON 23 GRTST 24HR 1.70 ON 17-18 TO 1/4 MILE OR LESS
LOWEST: 60 ON 11 3 = THUNDER
SNOW, ICE PELLETS, HAIL 4 = ICE PELLETS
TOTAL MONTH: 0.0 INCH 5 = HAIL
GRTST 24HR 0.0 6 = FREEZING RAIN OR DRIZZLE
GRTST DEPTH: 0 7 = DUSTSTORM OR SANDSTORM:
VSBY 1/2 MILE OR LESS
8 = SMOKE OR HAZE
[NO. OF DAYS WITH] [WEATHER - DAYS WITH] 9 = BLOWING SNOW
X = TORNADO
MAX 32 OR BELOW: 0 0.01 INCH OR MORE: 19
MAX 90 OR ABOVE: 3 0.10 INCH OR MORE: 16
MIN 32 OR BELOW: 0 0.50 INCH OR MORE: 10
MIN 0 OR BELOW: 0 1.00 INCH OR MORE: 2
[HDD (BASE 65) ]
TOTAL THIS MO. 0 CLEAR (SCALE 0-3) 3
DPTR FM NORMAL 0 PTCLDY (SCALE 4-7) 20
TOTAL FM JUL 1 0 CLOUDY (SCALE 8-10) 8
DPTR FM NORMAL 0
[CDD (BASE 65) ]
TOTAL THIS MO. 357
DPTR FM NORMAL 24 [PRESSURE DATA]
TOTAL FM JAN 1 715 HIGHEST SLP 30.21 ON 30
DPTR FM NORMAL 24 LOWEST SLP 29.67 ON 21
[REMARKS]
#FINAL-07-22#