000
CXUS51 KRLX 031314
CF6CRW
PRELIMINARY LOCAL CLIMATOLOGICAL DATA (WS FORM: F-6)
STATION: CHARLESTON WV
MONTH: JANUARY
YEAR: 2022
LATITUDE: 38 22 N
LONGITUDE: 81 36 W
TEMPERATURE IN F: :PCPN: SNOW: WIND :SUNSHINE: SKY :PK WND
================================================================================
1 2 3 4 5 6A 6B 7 8 9 10 11 12 13 14 15 16 17 18
12Z AVG MX 2MIN
DY MAX MIN AVG DEP HDD CDD WTR SNW DPTH SPD SPD DIR MIN PSBL S-S WX SPD DR
================================================================================
1 63 55 59 23 6 0 2.09 0.0 0 3.3 25 320 M M 10 12 34 320
2 57 34 46 10 19 0 0.23 0.0 0 7.9 20 300 M M 10 1 25 300
3 34 26 30 -6 35 0 T 0.0 T 7.1 17 330 M M 9 1 27 340
4 50 22 36 1 29 0 0.00 0.0 0 3.3 12 140 M M 1 1 15 150
5 54 34 44 9 21 0 0.00 0.0 0 12.2 22 250 M M 5 35 250
6 41 21 31 -4 34 0 0.59 8.3 0 4.8 18 280 M M 6 12 29 270
7 21 12 17 -18 48 0 0.05 2.2 9 5.3 16 270 M M 10 128 24 280
8 44 6 25 -10 40 0 0.00 0.0 7 2.0 8 120 M M 1 11 130
9 45 31 38 3 27 0 1.21 0.0 2 6.0 21 330 M M 10 1 29 330
10 31 21 26 -9 39 0 0.00 0.0 0 5.8 14 270 M M 4 23 290
11 33 16 25 -10 40 0 0.00 0.0 0 2.4 15 290 M M 1 20 280
12 51 22 37 2 28 0 0.00 0.0 0 5.4 20 220 M M 3 24 240
13 51 29 40 5 25 0 0.00 0.0 0 2.1 9 160 M M 8 13 160
14 42 31 37 2 28 0 0.00 0.0 0 3.7 10 320 M M 10 18 15 310
15 38 26 32 -3 33 0 0.00 0.0 0 4.7 10 60 M M 5 14 50
16 33 26 30 -5 35 0 0.59 1.7 0 5.6 15 100 M M 8 146 19 130
17 31 26 29 -6 36 0 0.34 4.3 5 12.1 21 280 M M 10 18 36 300
18 29 20 25 -10 40 0 T T 4 5.5 14 240 M M 8 1 18 240
19 46 19 33 -2 32 0 0.39 0.0 3 2.2 12 220 M M 9 1 19 230
20 38 20 29 -6 36 0 0.26 2.0 2 6.6 15 330 M M 10 1 21 320
21 22 16 19 -16 46 0 0.00 T 2 4.6 13 70 M M 8 17 60
22 30 17 24 -11 41 0 0.00 T 1 2.5 10 190 M M 8 13 170
23 37 21 29 -6 36 0 0.02 0.2 1 8.3 23 310 M M 6 1 30 310
24 44 21 33 -2 32 0 T 0.0 1 5.5 20 240 M M 9 29 210
25 42 23 33 -2 32 0 0.01 T 0 5.2 17 300 M M 8 14 23 300
26 27 14 21 -14 44 0 T 0.0 0 3.5 10 330 M M 5 14 340
27 41 9 25 -10 40 0 0.00 0.0 0 1.6 10 250 M M 4 1 15 240
28 37 24 31 -4 34 0 0.07 1.5 T 4.7 16 350 M M 10 1 22 350
29 24 9 17 -18 48 0 T T 1 6.7 18 340 M M 5 25 330
30 43 11 27 -8 38 0 0.00 0.0 T 3.2 13 230 M M 6 19 280
31 45 22 34 -2 31 0 0.00 0.0 0 0.3 6 330 M M 4 8 310
================================================================================
SM 1224 684 1053 0 5.85 20.2 154.1 M 211
================================================================================
AV 39.5 22.1 5.0 FASTST M M 7 MAX(MPH)
MISC ----> 25 320 36 300
================================================================================
NOTES:
# LAST OF SEVERAL OCCURRENCES
COLUMN 17 PEAK WIND IN M.P.H.
PRELIMINARY LOCAL CLIMATOLOGICAL DATA (WS FORM: F-6) , PAGE 2
STATION: CHARLESTON WV
MONTH: JANUARY
YEAR: 2022
LATITUDE: 38 22 N
LONGITUDE: 81 36 W
[TEMPERATURE DATA] [PRECIPITATION DATA] SYMBOLS USED IN COLUMN 16
AVERAGE MONTHLY: 30.8 TOTAL FOR MONTH: 5.85 1 = FOG OR MIST
DPTR FM NORMAL: -4.2 DPTR FM NORMAL: 2.58 2 = FOG REDUCING VISIBILITY
HIGHEST: 63 ON 1 GRTST 24HR 2.25 ON 1- 2 TO 1/4 MILE OR LESS
LOWEST: 6 ON 8 3 = THUNDER
SNOW, ICE PELLETS, HAIL 4 = ICE PELLETS
TOTAL MONTH: 20.2 INCHES 5 = HAIL
GRTST 24HR 8.3 ON 6- 6 6 = FREEZING RAIN OR DRIZZLE
GRTST DEPTH: 9 ON 7 7 = DUSTSTORM OR SANDSTORM:
VSBY 1/2 MILE OR LESS
8 = SMOKE OR HAZE
[NO. OF DAYS WITH] [WEATHER - DAYS WITH] 9 = BLOWING SNOW
X = TORNADO
MAX 32 OR BELOW: 8 0.01 INCH OR MORE: 12
MAX 90 OR ABOVE: 0 0.10 INCH OR MORE: 8
MIN 32 OR BELOW: 28 0.50 INCH OR MORE: 4
MIN 0 OR BELOW: 0 1.00 INCH OR MORE: 2
[HDD (BASE 65) ]
TOTAL THIS MO. 1053 CLEAR (SCALE 0-3) 4
DPTR FM NORMAL 123 PTCLDY (SCALE 4-7) 14
TOTAL FM JUL 1 2431 CLOUDY (SCALE 8-10) 13
DPTR FM NORMAL -187
[CDD (BASE 65) ]
TOTAL THIS MO. 0
DPTR FM NORMAL 0 [PRESSURE DATA]
TOTAL FM JAN 1 0 HIGHEST SLP 30.62 ON 11
DPTR FM NORMAL 0 LOWEST SLP 29.33 ON 17
[REMARKS]
#FINAL-01-22#