000
CXUS52 KFFC 011110
CF6CSG
PRELIMINARY LOCAL CLIMATOLOGICAL DATA (WS FORM: F-6)
STATION: COLUMBUS
MONTH: FEBRUARY
YEAR: 2023
LATITUDE: 32 31 N
LONGITUDE: 84 56 W
TEMPERATURE IN F: :PCPN: SNOW: WIND :SUNSHINE: SKY :PK WND
================================================================================
1 2 3 4 5 6A 6B 7 8 9 10 11 12 13 14 15 16 17 18
12Z AVG MX 2MIN
DY MAX MIN AVG DEP HDD CDD WTR SNW DPTH SPD SPD DIR MIN PSBL S-S WX SPD DR
================================================================================
1 62 56 59 9 6 0 0.06 0.0 M 4.0 17 330 M M 9 12 26 340
2 57 49 53 3 12 0 0.70 M M 4.3 12 30 M M 10 1 17 50
3 58 40 49 -1 16 0 0.16 M M 8.6 22 350 M M 3 1 32 360
4 59 33 46 -4 19 0 0.00 0.0 M 6.9 18 90 M M 0 26 90
5 66 43 55 5 10 0 0.00 0.0 M 4.3 12 300 M M 4 16 290
6 71 38 55 5 10 0 0.00 0.0 M 0.9 8 340 M M 0 17 320
7 72 39 56 5 9 0 0.00 0.0 M 3.1 13 150 M M 1 16 140
8 79 53 66 15 0 1 0.00 0.0 M 5.1 14 210 M M 5 19 160
9 68 59 64 13 1 0 0.08 0.0 M 5.8 16 240 M M 8 1 24 220
10 59 51 55 4 10 0 0.09 0.0 M 3.2 12 360 M M 9 1 18 360
11 53 45 49 -3 16 0 0.59 M M 11.6 29 90 M M 8 1 46 90
12 51 40 46 -6 19 0 0.21 M M 8.9 21 300 M M 9 1 29 300
13 69 32 51 -1 14 0 0.00 0.0 M 3.0 15 320 M M 0 19 310
14 73 36 55 3 10 0 0.00 0.0 M 5.5 18 190 M M 0 23 170
15 75 46 61 9 4 0 0.00 0.0 M 5.7 16 210 M M 6 23 230
16 77 53 65 12 0 0 0.00 0.0 M 8.6 17 200 M M 4 1 25 180
17 70 37 54 1 11 0 0.09 M M 15.0 24 340 M M 6 1 34 340
18 59 31 45 -8 20 0 0.00 0.0 M 5.0 13 100 M M 0 18 90
19 66 39 53 0 12 0 0.00 0.0 M 2.8 12 310 M M 3 17 220
20 72 40 56 2 9 0 0.00 0.0 M 5.3 17 240 M M 0 24 270
21 78 62 70 16 0 5 T 0.0 M 8.3 20 280 M M 6 26 270
22 84 63 74 20 0 9 0.00 0.0 M 12.0 24 220 M M 5 36 200
23 79 68 74 20 0 9 0.00 0.0 M 8.5 17 210 M M 7 1 24 220
24 80 65 73 19 0 8 0.00 0.0 M 5.2 12 340 M M 9 1 16 350
25 79 60 70 15 0 5 0.00 0.0 M 4.5 18 290 M M 8 1 25 300
26 81 62 72 17 0 7 0.00 0.0 M 5.6 15 320 M M 5 1 22 320
27 80 58 69 14 0 4 T 0.0 M 9.3 22 240 M M 7 33 210
28 82 62 72 17 0 7 0.01 0.0 M 7.6 17 300 M M 6 25 280
================================================================================
SM 1959 1360 208 55 1.99 0.0 178.6 M 138
================================================================================
AV 70.0 48.6 6.4 FASTST M M 5 MAX(MPH)
MISC ----> 29 90 46 90
================================================================================
NOTES:
# LAST OF SEVERAL OCCURRENCES
COLUMN 17 PEAK WIND IN M.P.H.
PRELIMINARY LOCAL CLIMATOLOGICAL DATA (WS FORM: F-6) , PAGE 2
STATION: COLUMBUS
MONTH: FEBRUARY
YEAR: 2023
LATITUDE: 32 31 N
LONGITUDE: 84 56 W
[TEMPERATURE DATA] [PRECIPITATION DATA] SYMBOLS USED IN COLUMN 16
AVERAGE MONTHLY: 59.3 TOTAL FOR MONTH: 1.99 1 = FOG OR MIST
DPTR FM NORMAL: 7.0 DPTR FM NORMAL: -2.47 2 = FOG REDUCING VISIBILITY
HIGHEST: 84 ON 22 GRTST 24HR 0.86 ON 2- 3 TO 1/4 MILE OR LESS
LOWEST: 31 ON 18 3 = THUNDER
SNOW, ICE PELLETS, HAIL 4 = ICE PELLETS
TOTAL MONTH: 0.0 INCH 5 = HAIL
GRTST 24HR 0.0 6 = FREEZING RAIN OR DRIZZLE
GRTST DEPTH: M ON M 7 = DUSTSTORM OR SANDSTORM:
VSBY 1/2 MILE OR LESS
8 = SMOKE OR HAZE
[NO. OF DAYS WITH] [WEATHER - DAYS WITH] 9 = BLOWING SNOW
X = TORNADO
MAX 32 OR BELOW: 0 0.01 INCH OR MORE: 9
MAX 90 OR ABOVE: 0 0.10 INCH OR MORE: 4
MIN 32 OR BELOW: 2 0.50 INCH OR MORE: 2
MIN 0 OR BELOW: 0 1.00 INCH OR MORE: 0
[HDD (BASE 65) ]
TOTAL THIS MO. 208 CLEAR (SCALE 0-3) 8
DPTR FM NORMAL -153 PTCLDY (SCALE 4-7) 15
TOTAL FM JUL 1 1321 CLOUDY (SCALE 8-10) 5
DPTR FM NORMAL -321
[CDD (BASE 65) ]
TOTAL THIS MO. 55
DPTR FM NORMAL 48 [PRESSURE DATA]
TOTAL FM JAN 1 59 HIGHEST SLP 30.56 ON 4
DPTR FM NORMAL 57 LOWEST SLP 29.72 ON 27
[REMARKS]
#FINAL-02-23#