000
CXUS52 KTAE 010800
CF6CTY
PRELIMINARY LOCAL CLIMATOLOGICAL DATA (WS FORM: F-6)
STATION: CROSS CITY
MONTH: JULY
YEAR: 2021
LATITUDE: 29 37 N
LONGITUDE: 83 6 W
TEMPERATURE IN F: :PCPN: SNOW: WIND :SUNSHINE: SKY :PK WND
================================================================================
1 2 3 4 5 6A 6B 7 8 9 10 11 12 13 14 15 16 17 18
12Z AVG MX 2MIN
DY MAX MIN AVG DEP HDD CDD WTR SNW DPTH SPD SPD DIR MIN PSBL S-S WX SPD DR
================================================================================
1 89 72 81 0 0 16 0.49 0.0 M 2.0 7 210 M M 2 1 M M
2 84 71 78 -3 0 13 0.84 0.0 0 5.2 14 230 M M 2 1 18 330
3 82 74 78 -3 0 13 1.06 0.0 0 3.3 9 220 M M 2 13 18 220
4 86 74 80 -1 0 15 1.60 0.0 0 5.5 14 240 M M 2 13 20 240
5 85 73 79 -2 0 14 0.50 0.0 M 2.7 9 320 M M 0 1 M M
6 89 73 81 0 0 16 0.20 0.0 0 4.8 12 110 M M 1 8 27 120
7 82 73 78 -3 0 13 3.14 M M 12.9 24 190 M M 7 13 33 190
8 86 75 81 0 0 16 0.06 0.0 M 5.4 12 240 M M 3 1 M M
9 87 76 82 1 0 17 0.15 0.0 0 3.5 12 310 M M 1 13 M M
10 86 73 80 -1 0 15 0.00 0.0 0 2.3 7 240 M M 0 M M
11 91 73 82 1 0 17 0.00 0.0 0 2.8 M M M M 0 M M
12 88 72 80 -1 0 15 0.07 0.0 0 4.3 M M M M 0 1 M M
13 93 71 82 1 0 17 0.65 0.0 0 3.7 10 220 M M 0 13 30 220
14 94 73 84 3 0 19 0.01 0.0 0 3.8 10 160 M M 0 8 M M
15 92 75 84 3 0 19 0.00 M M 3.3 7 260 M M 0 M M
16 93 74 84 3 0 19 0.00 M M 4.2 8 80 M M 0 M M
17 92 74 83 2 0 18 0.00 M M 4.1 12 280 M M 0 M M
18 91 75 83 2 0 18 0.57 0.0 0 1.7 8 290 M M 0 13 M M
19 88 74 81 0 0 16 0.00 0.0 0 4.6 10 230 M M 0 M M
20 86 75 81 0 0 16 0.17 0.0 0 3.7 10 250 M M 0 13 18 330
21 90 74 82 1 0 17 0.00 0.0 0 4.8 15 240 M M 0 M M
22 92 76 84 3 0 19 0.34 0.0 M 4.7 14 240 M M 0 20 240
23 90 74 82 1 0 17 0.38 0.0 0 4.6 15 270 M M 0 13 24 190
24 91 73 82 0 0 17 0.00 0.0 0 4.9 12 50 M M 0 1 M M
25 92 71 82 0 0 17 0.00 0.0 0 4.2 9 350 M M 0 1 M M
26 93 73 83 1 0 18 0.00 0.0 M 3.3 12 10 M M 0 M M
27 89 77 83 1 0 18 0.00 0.0 0 2.5 16 360 M M 1 3 21 360
28 90 76 83 1 0 18 0.00 0.0 M 1.4 7 320 M M 3 138 17 320
29 91 73 82 0 0 17 0.04 0.0 M 2.7 12 210 M M 2 1 M M
30 91 76 84 2 0 19 0.01 0.0 M 3.3 9 200 M M 4 1 M M
31 90 75 83 1 0 18 0.69 0.0 0 3.9 15 210 M M 3 13 22 60
================================================================================
SM 2763 2288 0 517 10.97 0.0 124.1 M 33
================================================================================
AV 89.1 73.8 4.0 FASTST M M 1 MAX(MPH)
MISC ----> 24 190 33 190
================================================================================
NOTES:
# LAST OF SEVERAL OCCURRENCES
COLUMN 17 PEAK WIND IN M.P.H.
PRELIMINARY LOCAL CLIMATOLOGICAL DATA (WS FORM: F-6) , PAGE 2
STATION: CROSS CITY
MONTH: JULY
YEAR: 2021
LATITUDE: 29 37 N
LONGITUDE: 83 6 W
[TEMPERATURE DATA] [PRECIPITATION DATA] SYMBOLS USED IN COLUMN 16
AVERAGE MONTHLY: 81.5 TOTAL FOR MONTH: 10.97 1 = FOG OR MIST
DPTR FM NORMAL: 0.2 DPTR FM NORMAL: 3.20 2 = FOG REDUCING VISIBILITY
HIGHEST: 94 ON 14 GRTST 24HR 3.14 ON 7- 7 TO 1/4 MILE OR LESS
LOWEST: 71 ON 25,13 3 = THUNDER
SNOW, ICE PELLETS, HAIL 4 = ICE PELLETS
TOTAL MONTH: 0.0 INCH 5 = HAIL
GRTST 24HR 0.0 6 = FREEZING RAIN OR DRIZZLE
GRTST DEPTH: 0 7 = DUSTSTORM OR SANDSTORM:
VSBY 1/2 MILE OR LESS
8 = SMOKE OR HAZE
[NO. OF DAYS WITH] [WEATHER - DAYS WITH] 9 = BLOWING SNOW
X = TORNADO
MAX 32 OR BELOW: 0 0.01 INCH OR MORE: 19
MAX 90 OR ABOVE: 17 0.10 INCH OR MORE: 14
MIN 32 OR BELOW: 0 0.50 INCH OR MORE: 8
MIN 0 OR BELOW: 0 1.00 INCH OR MORE: 3
[HDD (BASE 65) ]
TOTAL THIS MO. 0 CLEAR (SCALE 0-3) 29
DPTR FM NORMAL 0 PTCLDY (SCALE 4-7) 2
TOTAL FM JUL 1 0 CLOUDY (SCALE 8-10) 0
DPTR FM NORMAL 0
[CDD (BASE 65) ]
TOTAL THIS MO. 517
DPTR FM NORMAL 12 [PRESSURE DATA]
TOTAL FM JAN 1 1558 HIGHEST SLP M ON M
DPTR FM NORMAL 88 LOWEST SLP M ON M
[REMARKS]
#FINAL-07-21#