000
CXUS54 KHGX 011410
CF6CXO
PRELIMINARY LOCAL CLIMATOLOGICAL DATA (WS FORM: F-6)
STATION: CONROE
MONTH: MARCH
YEAR: 2023
LATITUDE: 30 21 N
LONGITUDE: 95 25 W
TEMPERATURE IN F: :PCPN: SNOW: WIND :SUNSHINE: SKY :PK WND
================================================================================
1 2 3 4 5 6A 6B 7 8 9 10 11 12 13 14 15 16 17 18
12Z AVG MX 2MIN
DY MAX MIN AVG DEP HDD CDD WTR SNW DPTH SPD SPD DIR MIN PSBL S-S WX SPD DR
================================================================================
1 85 67 76 18 0 11 0.00 0.0 0 10.3 25 140 M M 6 1 32 210
2 79 65 72 14 0 7 0.42 0.0 0 11.6 26 170 M M 9 138 38 170
3 71 45 58 0 7 0 0.01 0.0 0 10.9 28 330 M M 2 43 330
4 79 40 60 2 5 0 0.00 0.0 0 1.5 10 160 M M 0 14 160
5 80 43 62 3 3 0 0.00 0.0 0 4.7 15 160 M M 1 12 21 150
6 81 49 65 6 0 0 0.00 0.0 0 2.6 9 130 M M 7 18 13 130
7 81 66 74 15 0 9 0.00 0.0 0 4.8 13 150 M M 10 18 18 160
8 85 60 73 14 0 8 0.00 0.0 0 3.8 15 170 M M 6 12 20 170
9 85 65 75 15 0 10 0.00 0.0 0 6.2 15 150 M M M 20 140
10 76 60 68 8 0 3 0.00 0.0 0 4.3 12 330 M M 8 1 16 330
11 86 61 74 14 0 9 0.00 0.0 0 10.3 24 180 M M 6 1 31 210
12 82 56 69 9 0 4 0.00 0.0 0 10.5 20 340 M M 7 1 31 320
13 68 50 59 -1 6 0 0.00 0.0 0 5.4 14 360 M M 0 23 350
14 67 44 56 -5 9 0 0.00 0.0 0 5.5 13 70 M M 4 19 70
15 72 41 57 -4 8 0 0.00 0.0 0 8.0 20 160 M M 1 31 140
16 73 55 64 3 1 0 0.95 0.0 0 9.7 28 160 M M 8 13 36 150
17 59 42 51 -10 14 0 0.13 0.0 0 11.2 25 330 M M 5 138 42 330
18 54 45 50 -12 15 0 0.00 0.0 0 5.7 13 350 M M 8 22 350
19 58 33 46 -16 19 0 0.00 0.0 0 3.8 15 350 M M 0 25 340
20 55 32 44 -18 21 0 0.00 0.0 0 6.8 18 150 M M 6 24 140
21 72 50 61 -1 4 0 T 0.0 0 9.8 23 160 M M 10 18 30 160
22 84 68 76 14 0 11 0.00 0.0 0 11.4 24 180 M M 9 31 170
23 85 69 77 14 0 12 T 0.0 0 13.0 24 160 M M 10 1 35 160
24 81 61 71 8 0 6 0.51 0.0 0 7.9 18 170 M M 7 128 28 180
25 82 49 66 3 0 1 T 0.0 0 2.5 16 340 M M 1 1 23 340
26 70 48 59 -4 6 0 0.41 0.0 0 2.6 14 290 M M 7 123 20 290
27 78 59 69 6 0 4 0.00 0.0 0 3.7 9 70 M M 6 12 13 40
28 75 54 65 1 0 0 T 0.0 0 7.9 20 20 M M 4 30 350
29 69 53 61 -3 4 0 0.03 0.0 0 5.7 13 70 M M 7 19 70
30 75 56 66 2 0 1 T 0.0 0 9.7 18 150 M M 9 27 150
31 85 67 76 12 0 11 T 0.0 0 11.9 24 220 M M 5 35 190
================================================================================
SM 2332 1653 122 107 2.46 0.0 223.7 M 169
================================================================================
AV 75.2 53.3 7.2 FASTST M M 6 MAX(MPH)
MISC ----> # 28 330 43 330
================================================================================
NOTES:
# LAST OF SEVERAL OCCURRENCES
COLUMN 17 PEAK WIND IN M.P.H.
PRELIMINARY LOCAL CLIMATOLOGICAL DATA (WS FORM: F-6) , PAGE 2
STATION: CONROE
MONTH: MARCH
YEAR: 2023
LATITUDE: 30 21 N
LONGITUDE: 95 25 W
[TEMPERATURE DATA] [PRECIPITATION DATA] SYMBOLS USED IN COLUMN 16
AVERAGE MONTHLY: 64.3 TOTAL FOR MONTH: 2.46 1 = FOG OR MIST
DPTR FM NORMAL: 3.3 DPTR FM NORMAL: -0.53 2 = FOG REDUCING VISIBILITY
HIGHEST: 86 ON 11 GRTST 24HR 1.08 ON 16-17 TO 1/4 MILE OR LESS
LOWEST: 32 ON 20 3 = THUNDER
SNOW, ICE PELLETS, HAIL 4 = ICE PELLETS
TOTAL MONTH: 0.0 INCH 5 = HAIL
GRTST 24HR 0.0 6 = FREEZING RAIN OR DRIZZLE
GRTST DEPTH: 0 7 = DUSTSTORM OR SANDSTORM:
VSBY 1/2 MILE OR LESS
8 = SMOKE OR HAZE
[NO. OF DAYS WITH] [WEATHER - DAYS WITH] 9 = BLOWING SNOW
X = TORNADO
MAX 32 OR BELOW: 0 0.01 INCH OR MORE: 7
MAX 90 OR ABOVE: 0 0.10 INCH OR MORE: 5
MIN 32 OR BELOW: 1 0.50 INCH OR MORE: 2
MIN 0 OR BELOW: 0 1.00 INCH OR MORE: 0
[HDD (BASE 65) ]
TOTAL THIS MO. 122 CLEAR (SCALE 0-3) 7
DPTR FM NORMAL -57 PTCLDY (SCALE 4-7) 16
TOTAL FM JUL 1 1402 CLOUDY (SCALE 8-10) 8
DPTR FM NORMAL -236
[CDD (BASE 65) ]
TOTAL THIS MO. 107
DPTR FM NORMAL 52 [PRESSURE DATA]
TOTAL FM JAN 1 188 HIGHEST SLP 30.55 ON 19
DPTR FM NORMAL 101 LOWEST SLP 29.34 ON 2
[REMARKS]
#FINAL-03-23#