000
CXUS54 KHGX 011510
CF6CXO
PRELIMINARY LOCAL CLIMATOLOGICAL DATA (WS FORM: F-6)
STATION: CONROE
MONTH: FEBRUARY
YEAR: 2024
LATITUDE: 30 21 N
LONGITUDE: 95 25 W
TEMPERATURE IN F: :PCPN: SNOW: WIND :SUNSHINE: SKY :PK WND
================================================================================
1 2 3 4 5 6A 6B 7 8 9 10 11 12 13 14 15 16 17 18
12Z AVG MX 2MIN
DY MAX MIN AVG DEP HDD CDD WTR SNW DPTH SPD SPD DIR MIN PSBL S-S WX SPD DR
================================================================================
1 72 43 58 6 7 0 0.00 0.0 0 4.9 18 200 M M 1 128 24 200
2 72 49 61 9 4 0 0.06 0.0 0 6.9 18 150 M M 10 123 26 170
3 70 46 58 6 7 0 0.82 0.0 0 5.3 24 180 M M 6 13 38 180
4 67 42 55 3 10 0 T 0.0 0 8.2 24 330 M M 1 37 320
5 65 47 56 3 9 0 T 0.0 0 10.4 18 320 M M 6 1 27 330
6 72 39 56 3 9 0 0.00 0.0 0 2.4 8 80 M M 0 18 13 260
7 70 38 54 1 11 0 0.00 0.0 0 8.6 21 150 M M 3 28 170
8 75 57 66 13 0 1 0.00 0.0 0 6.6 17 170 M M 7 21 170
9 75 62 69 16 0 4 T 0.0 0 3.7 15 170 M M 9 20 170
10 73 61 67 13 0 2 0.19 0.0 0 5.1 20 190 M M 9 12 27 190
11 73 49 61 7 4 0 0.02 0.0 0 10.2 23 320 M M 9 13 32 320
12 59 36 48 -6 17 0 0.00 0.0 0 11.0 23 320 M M 5 39 280
13 65 31 48 -6 17 0 0.00 0.0 0 1.9 10 320 M M 0 16 320
14 68 34 51 -3 14 0 0.00 0.0 0 4.8 15 190 M M 1 1 22 160
15 73 51 62 8 3 0 0.00 0.0 0 4.4 10 200 M M 7 19 210
16 70 56 63 8 2 0 0.02 0.0 0 7.2 18 180 M M 6 29 340
17 56 31 44 -11 21 0 0.00 0.0 0 9.7 17 350 M M 4 31 330
18 56 29 43 -12 22 0 0.00 0.0 0 4.9 13 320 M M 0 19 270
19 65 28 47 -8 18 0 0.00 0.0 0 3.5 18 190 M M 0 24 190
20 77 36 57 1 8 0 0.00 0.0 0 4.4 15 170 M M 1 12 20 160
21 79 50 65 9 0 0 0.00 0.0 0 9.3 23 180 M M 5 12 32 190
22 78 60 69 13 0 4 0.00 0.0 0 9.3 18 220 M M 5 31 220
23 76 49 63 7 2 0 0.00 0.0 0 7.4 24 330 M M 0 34 330
24 79 39 59 3 6 0 0.00 0.0 0 2.0 14 300 M M 0 18 19 330
25 81 44 63 6 2 0 0.00 0.0 0 10.0 24 180 M M 1 1 35 190
26 82 65 74 17 0 9 0.00 0.0 0 13.0 18 190 M M 6 27 210
27 86 69 78 21 0 13 0.00 0.0 0 14.1 25 190 M M 6 35 180
28 73 48 61 4 4 0 0.00 0.0 0 11.5 25 320 M M 5 18 37 310
29 53 47 50 -8 15 0 0.00 0.0 0 6.3 14 70 M M 8 8 19 60
================================================================================
SM 2060 1336 212 33 1.11 0.0 207.0 M 121
================================================================================
AV 71.0 46.1 7.1 FASTST M M 4 MAX(MPH)
MISC ----> # 25 190 39 280
================================================================================
NOTES:
# LAST OF SEVERAL OCCURRENCES
COLUMN 17 PEAK WIND IN M.P.H.
PRELIMINARY LOCAL CLIMATOLOGICAL DATA (WS FORM: F-6) , PAGE 2
STATION: CONROE
MONTH: FEBRUARY
YEAR: 2024
LATITUDE: 30 21 N
LONGITUDE: 95 25 W
[TEMPERATURE DATA] [PRECIPITATION DATA] SYMBOLS USED IN COLUMN 16
AVERAGE MONTHLY: 58.6 TOTAL FOR MONTH: 1.11 1 = FOG OR MIST
DPTR FM NORMAL: 4.1 DPTR FM NORMAL: -1.83 2 = FOG REDUCING VISIBILITY
HIGHEST: 86 ON 27 GRTST 24HR 0.88 ON 2- 3 TO 1/4 MILE OR LESS
LOWEST: 28 ON 19 3 = THUNDER
SNOW, ICE PELLETS, HAIL 4 = ICE PELLETS
TOTAL MONTH: 0.0 INCH 5 = HAIL
GRTST 24HR 0.0 6 = FREEZING RAIN OR DRIZZLE
GRTST DEPTH: 0 7 = DUSTSTORM OR SANDSTORM:
VSBY 1/2 MILE OR LESS
8 = SMOKE OR HAZE
[NO. OF DAYS WITH] [WEATHER - DAYS WITH] 9 = BLOWING SNOW
X = TORNADO
MAX 32 OR BELOW: 0 0.01 INCH OR MORE: 5
MAX 90 OR ABOVE: 0 0.10 INCH OR MORE: 2
MIN 32 OR BELOW: 4 0.50 INCH OR MORE: 1
MIN 0 OR BELOW: 0 1.00 INCH OR MORE: 0
[HDD (BASE 65) ]
TOTAL THIS MO. 212 CLEAR (SCALE 0-3) 11
DPTR FM NORMAL -103 PTCLDY (SCALE 4-7) 14
TOTAL FM JUL 1 1412 CLOUDY (SCALE 8-10) 4
DPTR FM NORMAL -63
[CDD (BASE 65) ]
TOTAL THIS MO. 33
DPTR FM NORMAL 12 [PRESSURE DATA]
TOTAL FM JAN 1 33 HIGHEST SLP 30.33 ON 29
DPTR FM NORMAL 1 LOWEST SLP 29.53 ON 4
[REMARKS]
#FINAL-02-24#