000
CXUS55 KCYS 050154 CCA
CF6CYS
PRELIMINARY LOCAL CLIMATOLOGICAL DATA (WS FORM: F-6)...CORRECTED
STATION: CHEYENNE WYOMING AIRPORT
MONTH: JUNE
YEAR: 2022
LATITUDE: 41 9 N
LONGITUDE: 104 49 W
TEMPERATURE IN F: :PCPN: SNOW: WIND :SUNSHINE: SKY :PK WND
================================================================================
1 2 3 4 5 6A 6B 7 8 9 10 11 12 13 14 15 16 17 18
12Z AVG MX 2MIN
DY MAX MIN AVG DEP HDD CDD WTR SNW DPTH SPD SPD DIR MIN PSBL S-S WX SPD DR
================================================================================
1 61 37 49 -9 16 0 0.00 0.0 0 5.9 17 170 M M 5 28 160
2 69 37 53 -6 12 0 T 0.0 0 8.0 17 120 M M 2 26 120
3 73 45 59 0 6 0 0.20 0.0 0 9.3 23 160 M M 2 3 32 280
4 80 50 65 6 0 0 T 0.0 0 8.9 24 320 M M 3 3 35 320
5 79 55 67 7 0 2 T 0.0 0 11.8 36 280 M M 3 46 280
6 80 49 65 5 0 0 T 0.0 0 12.1 29 280 M M 2 40 280
7 79 44 62 2 3 0 0.00 0.0 0 11.4 31 20 M M 4 12 44 20
8 73 40 57 -4 8 0 0.00 0.0 0 10.3 18 160 M M 0 26 150
9 87 51 69 8 0 4 0.00 0.0 0 9.8 24 340 M M 1 38 20
10 89 49 69 8 0 4 0.00 0.0 0 10.4 25 330 M M 1 37 330
11 95 61 78 16 0 13 0.00 0.0 0 13.1 24 320 M M 0 36 270
12 92 56 74 12 0 9 0.00 0.0 0 12.2 29 180 M M 0 42 180
13 94 52 73 11 0 8 0.00 0.0 0 17.2 38 310 M M 0 8 57 300
14 75 52 64 1 1 0 0.00 0.0 0 21.0 40 280 M M 2 55 280
15 81 48 65 2 0 0 T 0.0 0 16.8 37 270 M M 1 52 270
16 88 48 68 5 0 3 0.01 0.0 0 10.5 33 150 M M 0 47 150
17 91 59 75 11 0 10 0.00 0.0 0 13.3 30 190 M M 0 40 130
18 87 61 74 10 0 9 T 0.0 0 8.8 23 270 M M 2 29 270
19 86 57 72 8 0 7 0.01 0.0 0 6.3 32 250 M M 2 43 260
20 83 55 69 5 0 4 0.03 0.0 0 13.4 33 280 M M 1 47 280
21 77 47 62 -3 3 0 0.00 0.0 0 12.1 24 170 M M 0 32 160
22 84 50 67 2 0 2 0.00 0.0 0 8.3 20 160 M M 0 26 160
23 90 57 74 8 0 9 0.00 0.0 0 9.9 18 340 M M 0 25 330
24 85 61 73 7 0 8 0.03 0.0 0 14.0 32 310 M M 2 45 310
25 72 47 60 -6 5 0 T 0.0 0 12.4 29 360 M M 7 1 45 360
26 67 51 59 -7 6 0 0.00 0.0 0 11.7 25 140 M M 6 37 140
27 86 47 67 0 0 2 T 0.0 0 7.6 24 190 M M 1 3 37 10
28 90 53 72 5 0 7 0.00 0.0 0 6.5 20 60 M M 1 35 80
29 90 63 77 10 0 12 T 0.0 0 17.2 45 280 M M 2 3 59 300
30 84 55 70 2 0 5 0.07 0.0 0 12.6 36 280 M M 3 3 50 280
================================================================================
SM 2467 1537 60 118 0.35 0.0 342.8 M 53
================================================================================
AV 82.2 51.2 11.4 FASTST M M 2 MAX(MPH)
MISC ----> 45 280 59 300
================================================================================
NOTES:
# LAST OF SEVERAL OCCURRENCES
COLUMN 17 PEAK WIND IN M.P.H.
PRELIMINARY LOCAL CLIMATOLOGICAL DATA (WS FORM: F-6) , PAGE 2
STATION: CHEYENNE WYOMING AIRPORT
MONTH: JUNE
YEAR: 2022
LATITUDE: 41 9 N
LONGITUDE: 104 49 W
[TEMPERATURE DATA] [PRECIPITATION DATA] SYMBOLS USED IN COLUMN 16
AVERAGE MONTHLY: 66.7 TOTAL FOR MONTH: 0.35 1 = FOG OR MIST
DPTR FM NORMAL: 3.6 DPTR FM NORMAL: -1.81 2 = FOG REDUCING VISIBILITY
HIGHEST: 95 ON 11 GRTST 24HR 0.20 ON 2- 3 TO 1/4 MILE OR LESS
LOWEST: 37 ON 2, 1 3 = THUNDER
SNOW, ICE PELLETS, HAIL 4 = ICE PELLETS
TOTAL MONTH: 0.0 INCH 5 = HAIL
GRTST 24HR 0.0 6 = FREEZING RAIN OR DRIZZLE
GRTST DEPTH: 0 7 = DUSTSTORM OR SANDSTORM:
VSBY 1/2 MILE OR LESS
8 = SMOKE OR HAZE
[NO. OF DAYS WITH] [WEATHER - DAYS WITH] 9 = BLOWING SNOW
X = TORNADO
MAX 32 OR BELOW: 0 0.01 INCH OR MORE: 6
MAX 90 OR ABOVE: 7 0.10 INCH OR MORE: 1
MIN 32 OR BELOW: 0 0.50 INCH OR MORE: 0
MIN 0 OR BELOW: 0 1.00 INCH OR MORE: 0
[HDD (BASE 65) ]
TOTAL THIS MO. 60 CLEAR (SCALE 0-3) 26
DPTR FM NORMAL -55 PTCLDY (SCALE 4-7) 4
TOTAL FM JUL 1 6446 CLOUDY (SCALE 8-10) 0
DPTR FM NORMAL -513
[CDD (BASE 65) ]
TOTAL THIS MO. 118
DPTR FM NORMAL 62 [PRESSURE DATA]
TOTAL FM JAN 1 121 HIGHEST SLP 30.38 ON 26
DPTR FM NORMAL 61 LOWEST SLP 29.30 ON 13
[REMARKS]
JUNE 11...RECORD HIGH 95 DEGREES (PREVIOUS 92 DEGREES IN 2013)
JUNE 11...TIED RECORD HIGH LOW 61 DEGREES PREVIOUSLY SET IN 1918
JUNE 12...TIED RECORD HIGH 92 DEGREES PREVIOUSLY SET IN 1956
JUNE 13...TIED RECORD HIGH 94 DEGREES PREVIOUSLY SET IN 1956
JUNE 17...TIED RECORD HIGH LOW 58 DEGREES PREVIOUSLY SET IN 1912
AVERAGE TEMPERATURE 66.7 DEGREES WAS 9TH WARMEST FOR JUNE
#FINAL-06-22#