000
CXUS53 KUNR 011030
CF6D07
PRELIMINARY LOCAL CLIMATOLOGICAL DATA (WS FORM: F-6)
STATION: FAITH SD
MONTH: FEBRUARY
YEAR: 2022
LATITUDE: 45 1 N
LONGITUDE: 102 1 W
TEMPERATURE IN F: :PCPN: SNOW: WIND :SUNSHINE: SKY :PK WND
================================================================================
1 2 3 4 5 6A 6B 7 8 9 10 11 12 13 14 15 16 17 18
12Z AVG MX 2MIN
DY MAX MIN AVG DEP HDD CDD WTR SNW DPTH SPD SPD DIR MIN PSBL S-S WX SPD DR
================================================================================
1 18 -1 9 -11 56 0 0.00 M M 20.1 40 310 M M M 50 320
2 6 -7 0 -20 65 0 0.01 M M 7.6 14 20 M M M 17 320
3 25 -6 10 -10 55 0 0.00 M M 14.6 25 170 M M M 30 160
4 20 3 12 -8 53 0 0.00 M M 15.6 26 170 M M M 31 170
5 53 12 33 13 32 0 0.00 M M 18.9 32 300 M M M 44 310
6 47 27 37 17 28 0 0.00 M M 14.7 35 330 M M M 47 340
7 59 31 45 24 20 0 0.00 M M 17.3 31 280 M M M 39 300
8 51 33 42 21 23 0 0.00 M M 24.8 44 300 M M M 57 310
9 42 25 34 13 31 0 0.00 M M 13.7 26 330 M M M 34 330
10 60 24 42 21 23 0 0.01 M M 23.8 43 330 M M M 55 330
11 37 9 23 2 42 0 0.01 M M 19.2 38 310 M M M 51 310
12 38 4 21 -1 44 0 0.00 M M 12.2 28 340 M M M 38 350
13 53 0 27 5 38 0 0.00 M M 16.3 31 310 M M M 40 310
14 31 11 21 -1 44 0 0.00 M M 13.1 28 130 M M M 35 130
15 38 9 24 2 41 0 0.00 M M 10.6 25 350 M M M 32 350
16 28 3 16 -7 49 0 0.00 M M 12.9 24 350 M M M 32 350
17 42 -2 20 -3 45 0 0.00 M M 16.0 30 290 M M M 39 290
18 43 11 27 4 38 0 0.00 M M 18.8 36 330 M M M 49 360
19 61 9 35 11 30 0 0.00 M M 17.4 31 260 M M M 39 260
20 49 5 27 3 38 0 0.00 M M 19.2 28 70 M M M 36 320
21 5 -11 -3 -27 68 0 0.02 M M 22.5 30 20 M M M 37 40
22 -6 -14 -10 -34 75 0 0.03 M M 16.0 24 340 M M M 29 360
23 0 -21 -10 -35 75 0 0.00 M M 7.2 18 150 M M M 23 150
24 5 -9 -2 -27 67 0 0.01 M M 12.7 18 180 M M M 23 140
25 24 -9 8 -18 57 0 0.00 M M 11.6 18 290 M M M 25 280
26 33 8 21 -5 44 0 0.00 M M 14.5 24 290 M M M 30 290
27 50 18 34 8 31 0 0.00 M M 13.8 22 290 M M M 29 290
28 57 32 45 18 20 0 0.00 M M 11.0 24 300 M M M 31 290
================================================================================
SM 969 194 1232 0 0.09 M 436.1 M M
================================================================================
AV 34.6 6.9 15.6 FASTST M M M MAX(MPH)
MISC ----> 44 300 57 310
================================================================================
NOTES:
# LAST OF SEVERAL OCCURRENCES
COLUMN 17 PEAK WIND IN M.P.H.
PRELIMINARY LOCAL CLIMATOLOGICAL DATA (WS FORM: F-6) , PAGE 2
STATION: FAITH SD
MONTH: FEBRUARY
YEAR: 2022
LATITUDE: 45 1 N
LONGITUDE: 102 1 W
[TEMPERATURE DATA] [PRECIPITATION DATA] SYMBOLS USED IN COLUMN 16
AVERAGE MONTHLY: 20.8 TOTAL FOR MONTH: 0.09 1 = FOG OR MIST
DPTR FM NORMAL: -1.8 DPTR FM NORMAL: -0.41 2 = FOG REDUCING VISIBILITY
HIGHEST: 61 ON 19 GRTST 24HR 0.05 ON 21-22 TO 1/4 MILE OR LESS
LOWEST: -21 ON 23 3 = THUNDER
SNOW, ICE PELLETS, HAIL 4 = ICE PELLETS
TOTAL MONTH: M 5 = HAIL
GRTST 24HR M ON M 6 = FREEZING RAIN OR DRIZZLE
GRTST DEPTH: M ON M 7 = DUSTSTORM OR SANDSTORM:
VSBY 1/2 MILE OR LESS
8 = SMOKE OR HAZE
[NO. OF DAYS WITH] [WEATHER - DAYS WITH] 9 = BLOWING SNOW
X = TORNADO
MAX 32 OR BELOW: 11 0.01 INCH OR MORE: 6
MAX 90 OR ABOVE: 0 0.10 INCH OR MORE: 0
MIN 32 OR BELOW: 27 0.50 INCH OR MORE: 0
MIN 0 OR BELOW: 10 1.00 INCH OR MORE: 0
[HDD (BASE 65) ]
TOTAL THIS MO. 1232 CLEAR (SCALE 0-3) 0
DPTR FM NORMAL 45 PTCLDY (SCALE 4-7) 0
TOTAL FM JUL 1 5113 CLOUDY (SCALE 8-10) 28
DPTR FM NORMAL -505
[CDD (BASE 65) ]
TOTAL THIS MO. 0
DPTR FM NORMAL 0 [PRESSURE DATA]
TOTAL FM JAN 1 0 HIGHEST SLP 30.87 ON 23
DPTR FM NORMAL 0 LOWEST SLP 29.50 ON 20
[REMARKS]
#FINAL-02-22#