000
CXUS54 KFWD 010730
CF6DAL
PRELIMINARY LOCAL CLIMATOLOGICAL DATA (WS FORM: F-6)
STATION: DALLAS LOVE FIELD
MONTH: JUNE
YEAR: 2021
LATITUDE: 32 50 N
LONGITUDE: 96 51 W
TEMPERATURE IN F: :PCPN: SNOW: WIND :SUNSHINE: SKY :PK WND
================================================================================
1 2 3 4 5 6A 6B 7 8 9 10 11 12 13 14 15 16 17 18
12Z AVG MX 2MIN
DY MAX MIN AVG DEP HDD CDD WTR SNW DPTH SPD SPD DIR MIN PSBL S-S WX SPD DR
================================================================================
1 74 66 70 -10 0 5 0.01 0.0 0 6.9 17 320 M M 9 1 27 50
2 83 61 72 -9 0 7 0.00 0.0 M 4.4 13 310 M M 6 21 230
3 81 65 73 -8 0 8 0.00 0.0 0 4.1 10 150 M M 8 14 180
4 82 68 75 -6 0 10 0.06 0.0 0 5.7 13 180 M M 9 1 16 190
5 86 68 77 -4 0 12 0.43 0.0 0 4.7 16 20 M M 8 13 23 30
6 87 68 78 -4 0 13 0.00 0.0 0 9.4 15 160 M M 7 3 23 150
7 80 68 74 -8 0 9 0.73 0.0 0 8.4 32 310 M M 8 138 43 290
8 88 73 81 -1 0 16 0.01 0.0 0 8.9 23 130 M M 8 13 33 130
9 91 77 84 2 0 19 0.00 0.0 0 9.5 16 180 M M 6 24 200
10 91 77 84 2 0 19 0.00 0.0 0 10.4 17 170 M M 5 25 170
11 92 78 85 2 0 20 0.00 0.0 0 11.5 18 180 M M 4 33 170
12 92 72 82 -1 0 17 T 0.0 0 6.6 29 360 M M 5 3 40 360
13 99 77 88 5 0 23 0.00 0.0 0 2.9 12 130 M M 5 22 80
14 98 82 90 7 0 25 0.00 0.0 0 5.0 14 70 M M 7 29 230
15 96 75 86 3 0 21 0.00 0.0 0 3.9 12 120 M M 2 17 120
16 98 74 86 2 0 21 0.00 0.0 0 4.6 10 130 M M 1 16 150
17 98 76 87 3 0 22 0.00 0.0 0 4.4 12 170 M M 2 17 120
18 94 79 87 3 0 22 0.00 0.0 0 7.3 14 120 M M 4 20 130
19 95 72 84 0 0 19 0.00 0.0 0 6.0 16 160 M M 1 21 170
20 96 78 87 3 0 22 0.00 0.0 M 10.9 20 170 M M 2 30 170
21 93 70 82 -2 0 17 0.04 0.0 0 8.8 22 180 M M 7 3 30 160
22 87 69 78 -6 0 13 0.00 0.0 0 7.2 14 120 M M 5 20 180
23 96 77 87 3 0 22 0.00 0.0 0 10.5 17 160 M M 5 26 170
24 96 80 88 3 0 23 0.00 0.0 0 12.0 21 150 M M 2 8 30 170
25 96 80 88 3 0 23 0.00 0.0 0 13.4 22 170 M M 3 33 150
26 95 80 88 3 0 23 0.00 0.0 0 12.7 21 170 M M 5 30 170
27 92 79 86 1 0 21 0.08 0.0 M 7.8 21 110 M M 7 38 29 170
28 89 76 83 -2 0 18 0.05 0.0 M 6.1 17 150 M M 9 1 24 150
29 91 75 83 -2 0 18 0.14 0.0 M 7.8 16 180 M M 8 18 23 190
30 93 75 84 -2 0 19 T 0.0 M 4.7 10 170 M M 5 1 15 150
================================================================================
SM 2729 2215 0 527 1.55 0.0 226.5 M 163
================================================================================
AV 91.0 73.8 7.6 FASTST M M 5 MAX(MPH)
MISC ----> 32 310 43 290
================================================================================
NOTES:
# LAST OF SEVERAL OCCURRENCES
COLUMN 17 PEAK WIND IN M.P.H.
PRELIMINARY LOCAL CLIMATOLOGICAL DATA (WS FORM: F-6) , PAGE 2
STATION: DALLAS LOVE FIELD
MONTH: JUNE
YEAR: 2021
LATITUDE: 32 50 N
LONGITUDE: 96 51 W
[TEMPERATURE DATA] [PRECIPITATION DATA] SYMBOLS USED IN COLUMN 16
AVERAGE MONTHLY: 82.4 TOTAL FOR MONTH: 1.55 1 = FOG OR MIST
DPTR FM NORMAL: -0.9 DPTR FM NORMAL: -2.28 2 = FOG REDUCING VISIBILITY
HIGHEST: 99 ON 13 GRTST 24HR 1.62 ON 31- 1 TO 1/4 MILE OR LESS
LOWEST: 61 ON 2 3 = THUNDER
SNOW, ICE PELLETS, HAIL 4 = ICE PELLETS
TOTAL MONTH: 0.0 INCH 5 = HAIL
GRTST 24HR 0.0 6 = FREEZING RAIN OR DRIZZLE
GRTST DEPTH: 0 7 = DUSTSTORM OR SANDSTORM:
VSBY 1/2 MILE OR LESS
8 = SMOKE OR HAZE
[NO. OF DAYS WITH] [WEATHER - DAYS WITH] 9 = BLOWING SNOW
X = TORNADO
MAX 32 OR BELOW: 0 0.01 INCH OR MORE: 9
MAX 90 OR ABOVE: 20 0.10 INCH OR MORE: 3
MIN 32 OR BELOW: 0 0.50 INCH OR MORE: 1
MIN 0 OR BELOW: 0 1.00 INCH OR MORE: 0
[HDD (BASE 65) ]
TOTAL THIS MO. 0 CLEAR (SCALE 0-3) 6
DPTR FM NORMAL 0 PTCLDY (SCALE 4-7) 20
TOTAL FM JUL 1 2027 CLOUDY (SCALE 8-10) 4
DPTR FM NORMAL 35
[CDD (BASE 65) ]
TOTAL THIS MO. 527
DPTR FM NORMAL -21 [PRESSURE DATA]
TOTAL FM JAN 1 929 HIGHEST SLP M ON M
DPTR FM NORMAL -139 LOWEST SLP 29.68 ON 20
[REMARKS]
#FINAL-06-21#