000
CXUS54 KFWD 010730
CF6DAL
PRELIMINARY LOCAL CLIMATOLOGICAL DATA (WS FORM: F-6)
STATION: DALLAS LOVE FIELD
MONTH: JULY
YEAR: 2023
LATITUDE: 32 50 N
LONGITUDE: 96 51 W
TEMPERATURE IN F: :PCPN: SNOW: WIND :SUNSHINE: SKY :PK WND
================================================================================
1 2 3 4 5 6A 6B 7 8 9 10 11 12 13 14 15 16 17 18
12Z AVG MX 2MIN
DY MAX MIN AVG DEP HDD CDD WTR SNW DPTH SPD SPD DIR MIN PSBL S-S WX SPD DR
================================================================================
1 89 78 84 -2 0 19 0.00 0.0 0 7.6 18 320 M M 8 25 320
2 90 75 83 -3 0 18 T 0.0 0 4.5 13 170 M M 7 3 18 230
3 98 76 87 1 0 22 T 0.0 0 9.2 22 50 M M 5 3 34 40
4 97 76 87 1 0 22 0.00 0.0 0 10.1 16 150 M M 4 23 140
5 96 80 88 2 0 23 0.00 0.0 0 8.6 17 150 M M 3 26 140
6 96 80 88 2 0 23 T 0.0 0 7.7 15 170 M M 6 3 23 170
7 95 78 87 1 0 22 0.00 0.0 0 9.8 17 180 M M 4 28 170
8 98 80 89 3 0 24 T 0.0 0 8.1 16 130 M M 6 24 80
9 91 73 82 -5 0 17 0.17 0.0 0 7.9 28 330 M M 6 13 36 330
10 96 78 87 0 0 22 T 0.0 0 8.4 15 120 M M 5 3 23 130
11 95 76 86 -1 0 21 0.03 0.0 0 9.0 18 60 M M 5 3 29 40
12 103 82 93 6 0 28 0.00 0.0 0 10.9 20 180 M M 2 29 160
13 102 82 92 5 0 27 0.00 0.0 0 10.7 18 160 M M 4 30 170
14 101 84 93 6 0 28 0.00 0.0 0 10.5 17 160 M M 7 26 160
15 100 82 91 4 0 26 0.00 0.0 0 7.7 17 330 M M 5 29 220
16 87 75 81 -6 0 16 0.10 0.0 0 7.3 24 310 M M 5 13 35 310
17 106 76 91 3 0 26 0.00 0.0 0 8.5 15 160 M M 2 24 170
18 106 86 96 8 0 31 0.00 0.0 0 10.9 20 180 M M 2 28 180
19 104 83 94 6 0 29 0.00 0.0 0 11.1 18 170 M M 1 27 150
20 102 83 93 5 0 28 0.00 0.0 0 9.0 16 120 M M 6 23 160
21 103 82 93 5 0 28 0.00 0.0 0 7.0 14 30 M M 5 24 80
22 94 77 86 -2 0 21 0.00 0.0 0 7.6 15 360 M M 3 26 50
23 97 72 85 -3 0 20 0.00 0.0 0 3.6 13 110 M M 1 17 90
24 101 77 89 1 0 24 0.00 0.0 0 7.8 15 130 M M 1 22 130
25 102 80 91 3 0 26 0.00 0.0 0 7.9 17 160 M M 1 27 160
26 101 82 92 4 0 27 0.00 0.0 0 9.7 18 150 M M 3 26 180
27 100 82 91 3 0 26 0.00 0.0 0 9.5 17 160 M M 1 26 150
28 100 83 92 4 0 27 0.00 0.0 0 7.6 15 140 M M 1 22 170
29 102 82 92 4 0 27 0.00 0.0 0 5.8 13 140 M M 2 21 150
30 103 82 93 5 0 28 0.00 0.0 0 5.0 14 110 M M 2 21 120
31 104 82 93 4 0 28 0.00 0.0 0 6.5 16 110 M M 3 23 150
================================================================================
SM 3059 2464 0 754 0.30 0.0 255.5 M 116
================================================================================
AV 98.7 79.5 8.2 FASTST M M 4 MAX(MPH)
MISC ----> 28 330 36 330
================================================================================
NOTES:
# LAST OF SEVERAL OCCURRENCES
COLUMN 17 PEAK WIND IN M.P.H.
PRELIMINARY LOCAL CLIMATOLOGICAL DATA (WS FORM: F-6) , PAGE 2
STATION: DALLAS LOVE FIELD
MONTH: JULY
YEAR: 2023
LATITUDE: 32 50 N
LONGITUDE: 96 51 W
[TEMPERATURE DATA] [PRECIPITATION DATA] SYMBOLS USED IN COLUMN 16
AVERAGE MONTHLY: 89.1 TOTAL FOR MONTH: 0.30 1 = FOG OR MIST
DPTR FM NORMAL: 1.8 DPTR FM NORMAL: -1.41 2 = FOG REDUCING VISIBILITY
HIGHEST: 106 ON 18,17 GRTST 24HR 0.17 ON 9- 9 TO 1/4 MILE OR LESS
LOWEST: 72 ON 23 3 = THUNDER
SNOW, ICE PELLETS, HAIL 4 = ICE PELLETS
TOTAL MONTH: 0.0 INCH 5 = HAIL
GRTST 24HR 0.0 6 = FREEZING RAIN OR DRIZZLE
GRTST DEPTH: 0 7 = DUSTSTORM OR SANDSTORM:
VSBY 1/2 MILE OR LESS
8 = SMOKE OR HAZE
[NO. OF DAYS WITH] [WEATHER - DAYS WITH] 9 = BLOWING SNOW
X = TORNADO
MAX 32 OR BELOW: 0 0.01 INCH OR MORE: 3
MAX 90 OR ABOVE: 29 0.10 INCH OR MORE: 2
MIN 32 OR BELOW: 0 0.50 INCH OR MORE: 0
MIN 0 OR BELOW: 0 1.00 INCH OR MORE: 0
[HDD (BASE 65) ]
TOTAL THIS MO. 0 CLEAR (SCALE 0-3) 14
DPTR FM NORMAL 0 PTCLDY (SCALE 4-7) 16
TOTAL FM JUL 1 0 CLOUDY (SCALE 8-10) 1
DPTR FM NORMAL 0
[CDD (BASE 65) ]
TOTAL THIS MO. 754
DPTR FM NORMAL 63 [PRESSURE DATA]
TOTAL FM JAN 1 1836 HIGHEST SLP M ON M
DPTR FM NORMAL 77 LOWEST SLP 29.71 ON 13
[REMARKS]
#FINAL-07-23#