000
CXUS51 KILN 010547
CF6DAY
PRELIMINARY LOCAL CLIMATOLOGICAL DATA (WS FORM: F-6)
STATION: DAYTON OH
MONTH: NOVEMBER
YEAR: 2020
LATITUDE: 39 54 N
LONGITUDE: 84 12 W
TEMPERATURE IN F: :PCPN: SNOW: WIND :SUNSHINE: SKY :PK WND
================================================================================
1 2 3 4 5 6A 6B 7 8 9 10 11 12 13 14 15 16 17 18
12Z AVG MX 2MIN
DY MAX MIN AVG DEP HDD CDD WTR SNW DPTH SPD SPD DIR MIN PSBL S-S WX SPD DR
================================================================================
1 53 32 43 -6 22 0 T T 0 18.5 35 270 M M 7 51 280
2 49 25 37 -11 28 0 0.00 0.0 0 12.7 22 260 M M 2 30 260
3 65 35 50 2 15 0 0.00 0.0 0 10.4 16 250 M M 1 20 240
4 70 48 59 11 6 0 0.00 0.0 0 12.8 20 210 M M 1 25 190
5 68 51 60 13 5 0 0.00 0.0 0 11.7 17 190 M M 7 24 190
6 71 48 60 13 5 0 0.00 0.0 0 8.3 16 220 M M 1 19 220
7 73 43 58 12 7 0 0.00 0.0 0 5.2 12 210 M M 1 15 210
8 80 49 65 19 0 0 0.00 0.0 0 6.9 14 130 M M 1 16 130
9 78 51 65 19 0 0 0.00 0.0 0 7.2 12 200 M M 1 15 160
10 78 60 69 24 0 4 0.11 0.0 0 13.2 26 190 M M 5 1 34 190
11 67 33 50 5 15 0 0.11 0.0 0 9.4 24 290 M M 6 1 29 270
12 54 30 42 -2 23 0 0.00 0.0 0 5.5 13 100 M M 0 1 15 80
13 56 31 44 0 21 0 0.00 0.0 0 8.0 21 300 M M 3 26 300
14 52 26 39 -5 26 0 T 0.0 0 9.2 18 140 M M 7 22 130
15 63 45 54 11 11 0 0.31 0.0 0 23.8 51 260 M M 9 1 65 270
16 52 33 43 0 22 0 0.00 0.0 0 15.9 26 270 M M 2 34 270
17 47 28 38 -4 27 0 T 0.0 0 14.3 28 310 M M 4 38 310
18 47 26 37 -5 28 0 0.00 0.0 0 9.0 20 180 M M 4 25 190
19 63 41 52 11 13 0 0.00 0.0 0 19.7 30 210 M M 6 41 210
20 64 50 57 16 8 0 0.00 0.0 0 13.8 23 210 M M 7 32 220
21 55 43 49 9 16 0 0.17 0.0 0 7.8 12 20 M M 10 1 14 30
22 43 36 40 0 25 0 0.67 0.0 0 11.0 20 330 M M 10 1 25 330
23 48 34 41 1 24 0 0.00 0.0 0 6.9 15 300 M M 8 1 19 290
24 46 34 40 1 25 0 0.01 0.0 0 8.9 18 130 M M 9 23 140
25 57 41 49 10 16 0 1.11 0.0 0 13.5 25 240 M M 10 1 31 250
26 53 48 51 13 14 0 T 0.0 0 10.1 25 240 M M 10 31 250
27 53 41 47 9 18 0 0.00 0.0 0 6.4 14 240 M M 9 17 220
28 51 31 41 4 24 0 0.00 0.0 0 6.2 17 310 M M 1 1 20 310
29 54 30 42 5 23 0 0.00 0.0 0 5.3 14 210 M M 5 16 210
30 44 32 38 2 27 0 0.62 2.4 0 14.9 23 320 M M 10 1 32 330
================================================================================
SM 1754 1155 494 4 3.11 2.4 326.5 M 157
================================================================================
AV 58.5 38.5 10.9 FASTST M M 5 MAX(MPH)
MISC ----> 51 260 65 270
================================================================================
NOTES:
# LAST OF SEVERAL OCCURRENCES
COLUMN 17 PEAK WIND IN M.P.H.
PRELIMINARY LOCAL CLIMATOLOGICAL DATA (WS FORM: F-6) , PAGE 2
STATION: DAYTON OH
MONTH: NOVEMBER
YEAR: 2020
LATITUDE: 39 54 N
LONGITUDE: 84 12 W
[TEMPERATURE DATA] [PRECIPITATION DATA] SYMBOLS USED IN COLUMN 16
AVERAGE MONTHLY: 48.5 TOTAL FOR MONTH: 3.11 1 = FOG OR MIST
DPTR FM NORMAL: 5.7 DPTR FM NORMAL: -0.28 2 = FOG REDUCING VISIBILITY
HIGHEST: 80 ON 8 GRTST 24HR 1.11 ON 25-25 TO 1/4 MILE OR LESS
LOWEST: 25 ON 2 3 = THUNDER
SNOW, ICE PELLETS, HAIL 4 = ICE PELLETS
TOTAL MONTH: 2.4 INCHES 5 = HAIL
GRTST 24HR 2.4 ON 30-30 6 = FREEZING RAIN OR DRIZZLE
GRTST DEPTH: 0 7 = DUSTSTORM OR SANDSTORM:
VSBY 1/2 MILE OR LESS
8 = SMOKE OR HAZE
[NO. OF DAYS WITH] [WEATHER - DAYS WITH] 9 = BLOWING SNOW
X = TORNADO
MAX 32 OR BELOW: 0 0.01 INCH OR MORE: 8
MAX 90 OR ABOVE: 0 0.10 INCH OR MORE: 7
MIN 32 OR BELOW: 10 0.50 INCH OR MORE: 3
MIN 0 OR BELOW: 0 1.00 INCH OR MORE: 1
[HDD (BASE 65) ]
TOTAL THIS MO. 494 CLEAR (SCALE 0-3) 11
DPTR FM NORMAL -170 PTCLDY (SCALE 4-7) 11
TOTAL FM JUL 1 877 CLOUDY (SCALE 8-10) 8
DPTR FM NORMAL -234
[CDD (BASE 65) ]
TOTAL THIS MO. 4
DPTR FM NORMAL 4 [PRESSURE DATA]
TOTAL FM JAN 1 1210 HIGHEST SLP 30.65 ON 18
DPTR FM NORMAL 319 LOWEST SLP 29.52 ON 15
[REMARKS]
#FINAL-11-20#