000
CXUS55 KBOU 011333
CLMDEN
CLIMATE REPORT
NATIONAL WEATHER SERVICE
733 AM MDT SAT APR 01 2023
...................................
...THE DENVER CO CLIMATE SUMMARY FOR THE MONTH OF MARCH 2023...
CLIMATE NORMAL PERIOD 1991 TO 2020
CLIMATE RECORD PERIOD 1872 TO 2023
WEATHER OBSERVED NORMAL DEPART LAST YEAR`S
VALUE DATE(S) VALUE FROM VALUE DATE(S)
NORMAL
................................................................
TEMPERATURE (F)
RECORD
HIGH 84 03/26/1971
LOW -11 03/28/1886
HIGHEST 71 03/15 84 -13 80 03/28
LOWEST 13 03/18 -11 24 -7 03/10
03/28
AVG. MAXIMUM 49.1 55.7 -6.6 53.7
AVG. MINIMUM 22.7 27.5 -4.8 25.2
MEAN 35.9 41.6 -5.7 39.4
DAYS MAX >= 90 0 0.0 0.0 0
DAYS MAX <= 32 1 1.7 -0.7 4
DAYS MIN <= 32 30 23.2 6.8 24
DAYS MIN <= 0 0 0.2 -0.2 1
PRECIPITATION (INCHES)
RECORD
MAXIMUM 4.56 1983
MINIMUM 0.03 2012
TOTALS 0.49 0.86 -0.37 1.17
DAILY AVG. 0.02 0.03 -0.01 0.04
DAYS >= .01 6 6.2 -0.2 6
DAYS >= .10 2 2.5 -0.5 5
DAYS >= .50 0 0.3 -0.3 0
DAYS >= 1.00 0 0.0 0.0 0
GREATEST
24 HR. TOTAL 0.25 03/15 TO 03/16 0.62 03/16 TO 03/17
STORM TOTAL 0.16 0.41
(MM/DD(HH)) MM
SNOWFALL (INCHES)
RECORDS
TOTAL MM 5
TOTALS MM MM
DEGREE DAYS
HEATING TOTAL 892 726 166 786
SINCE 7/1 5432 5035 397 MM
COOLING TOTAL 0 0 0 0
SINCE 1/1 0 0 0 MM
FREEZE DATES
RECORD
EARLIEST 09/08/1962
LATEST 06/08/2007
EARLIEST 10/24
LATEST 05/21
................................................................
WIND (MPH)
AVERAGE WIND SPEED 10.5
RESULTANT WIND SPEED/DIRECTION 2/110
HIGHEST WIND SPEED/DIRECTION 39/210 DATE 03/30
HIGHEST GUST SPEED/DIRECTION 54/220 DATE 03/30
SKY COVER
POSSIBLE SUNSHINE (PERCENT) MM
AVERAGE SKY COVER 0.58
NUMBER OF DAYS FAIR 4
NUMBER OF DAYS PC 22
NUMBER OF DAYS CLOUDY 5
WEATHER CONDITIONS. NUMBER OF DAYS WITH
THUNDERSTORM 0 MIXED PRECIP 0
HEAVY RAIN 0 RAIN 1
LIGHT RAIN 3 FREEZING RAIN 0
LT FREEZING RAIN 0 HAIL 0
HEAVY SNOW 1 SNOW 2
LIGHT SNOW 10 SLEET 0
FOG 17 FOG W/VIS <= 1/4 MILE 8
HAZE 3
- INDICATES NEGATIVE NUMBERS.
R INDICATES RECORD WAS SET OR TIED.
MM INDICATES DATA IS MISSING.
T INDICATES TRACE AMOUNT.
$$