000
CXUS54 KSHV 011300
CF6DEQ
PRELIMINARY LOCAL CLIMATOLOGICAL DATA (WS FORM: F-6)
STATION: DE QUEEN
MONTH: OCTOBER
YEAR: 2022
LATITUDE: 34 2 N
LONGITUDE: 94 24 W
TEMPERATURE IN F: :PCPN: SNOW: WIND :SUNSHINE: SKY :PK WND
================================================================================
1 2 3 4 5 6A 6B 7 8 9 10 11 12 13 14 15 16 17 18
12Z AVG MX 2MIN
DY MAX MIN AVG DEP HDD CDD WTR SNW DPTH SPD SPD DIR MIN PSBL S-S WX SPD DR
================================================================================
1 87 43 65 -5 0 0 0.00 0.0 0 1.4 9 10 M M 0 18 14 20
2 88 45 67 -2 0 2 0.00 0.0 0 2.4 10 100 M M 0 13 110
3 90 46 68 -1 0 3 0.00 0.0 0 2.5 10 130 M M 0 8 15 120
4 88 47 68 0 0 3 0.00 0.0 0 2.1 14 120 M M 0 18 19 120
5 89 47 68 0 0 3 0.00 0.0 0 1.9 9 230 M M 0 1 14 250
6 94 51 73 5 0 8 0.00 0.0 0 3.0 14 310 M M 0 1 22 310
7 90 52 71 4 0 6 0.00 0.0 0 1.8 9 110 M M 1 14 110
8 80 54 67 0 0 2 0.00 0.0 0 4.3 14 80 M M 3 8 21 80
9 82 50 66 0 0 1 0.00 0.0 0 1.6 16 270 M M 1 1 21 280
10 88 54 71 5 0 6 0.00 0.0 0 2.3 8 160 M M 4 M M
11 86 56 71 5 0 6 T 0.0 0 4.9 18 210 M M 2 25 210
12 92 58 75 10 0 10 0.00 0.0 0 5.6 16 250 M M 4 22 350
13 83 46 65 0 0 0 0.00 0.0 0 2.9 15 310 M M 0 21 330
14 88 40 64 0 1 0 0.00 0.0 0 3.9 18 240 M M 0 29 240
15 92 53 73 9 0 8 0.00 0.0 0 3.9 14 220 M M 1 20 200
16 78 62 70 6 0 5 1.62 0.0 0 5.0 15 20 M M 2 13 26 30
17 70 41 56 -7 9 0 0.00 0.0 0 4.4 15 340 M M 0 25 320
18 61 33 47 -16 18 0 0.00 0.0 0 3.5 17 320 M M 0 27 320
19 65 28 47 -15 18 0 0.00 0.0 0 1.9 12 310 M M 0 19 300
20 76 35 56 -6 9 0 0.00 0.0 0 1.0 7 170 M M 0 13 160
21 85 41 63 1 2 0 0.00 0.0 0 1.7 12 170 M M 0 1 17 200
22 84 51 68 7 0 3 0.00 0.0 0 6.4 22 200 M M 1 1 30 210
23 84 69 77 16 0 12 0.00 0.0 0 8.0 20 190 M M 5 29 190
24 78 62 70 10 0 5 2.06 0.0 0 7.4 18 170 M M 7 13 29 180
25 66 43 55 -5 10 0 0.80 0.0 0 9.7 24 250 M M 4 18 39 330
26 72 39 56 -4 9 0 0.00 0.0 0 1.5 10 120 M M 0 1 14 110
27 68 39 54 -5 11 0 0.00 0.0 0 4.1 14 90 M M 0 1 19 100
28 64 54 59 0 6 0 0.67 0.0 0 4.8 14 80 M M 6 1 21 70
29 67 55 61 2 4 0 1.00 0.0 0 5.4 18 70 M M 6 1 32 50
30 69 51 60 2 5 0 0.00 0.0 0 3.4 10 310 M M 6 12 16 310
31 76 48 62 4 3 0 0.00 0.0 0 1.0 10 240 M M 3 12 14 230
================================================================================
SM 2480 1493 105 83 6.15 0.0 113.7 M 56
================================================================================
AV 80.0 48.2 3.7 FASTST M M 2 MAX(MPH)
MISC ----> 24 250 39 330
================================================================================
NOTES:
# LAST OF SEVERAL OCCURRENCES
COLUMN 17 PEAK WIND IN M.P.H.
PRELIMINARY LOCAL CLIMATOLOGICAL DATA (WS FORM: F-6) , PAGE 2
STATION: DE QUEEN
MONTH: OCTOBER
YEAR: 2022
LATITUDE: 34 2 N
LONGITUDE: 94 24 W
[TEMPERATURE DATA] [PRECIPITATION DATA] SYMBOLS USED IN COLUMN 16
AVERAGE MONTHLY: 64.1 TOTAL FOR MONTH: 6.15 1 = FOG OR MIST
DPTR FM NORMAL: 0.4 DPTR FM NORMAL: 2.33 2 = FOG REDUCING VISIBILITY
HIGHEST: 94 ON 6 GRTST 24HR 2.85 ON 24-25 TO 1/4 MILE OR LESS
LOWEST: 28 ON 19 3 = THUNDER
SNOW, ICE PELLETS, HAIL 4 = ICE PELLETS
TOTAL MONTH: 0.0 INCH 5 = HAIL
GRTST 24HR 0.0 6 = FREEZING RAIN OR DRIZZLE
GRTST DEPTH: 0 7 = DUSTSTORM OR SANDSTORM:
VSBY 1/2 MILE OR LESS
8 = SMOKE OR HAZE
[NO. OF DAYS WITH] [WEATHER - DAYS WITH] 9 = BLOWING SNOW
X = TORNADO
MAX 32 OR BELOW: 0 0.01 INCH OR MORE: 5
MAX 90 OR ABOVE: 5 0.10 INCH OR MORE: 5
MIN 32 OR BELOW: 1 0.50 INCH OR MORE: 5
MIN 0 OR BELOW: 0 1.00 INCH OR MORE: 3
[HDD (BASE 65) ]
TOTAL THIS MO. 105 CLEAR (SCALE 0-3) 23
DPTR FM NORMAL -20 PTCLDY (SCALE 4-7) 8
TOTAL FM JUL 1 106 CLOUDY (SCALE 8-10) 0
DPTR FM NORMAL -25
[CDD (BASE 65) ]
TOTAL THIS MO. 83
DPTR FM NORMAL 0 [PRESSURE DATA]
TOTAL FM JAN 1 2527 HIGHEST SLP 30.39 ON 8
DPTR FM NORMAL 411 LOWEST SLP 29.58 ON 25
[REMARKS]
#FINAL-10-22#