000
CXUS56 KOTX 011010
CF6DEW
PRELIMINARY LOCAL CLIMATOLOGICAL DATA (WS FORM: F-6)
STATION: DEER_PARK WA AIRPORT
MONTH: JANUARY
YEAR: 2023
LATITUDE: 47 58 N
LONGITUDE: 117 25 W
TEMPERATURE IN F: :PCPN: SNOW: WIND :SUNSHINE: SKY :PK WND
================================================================================
1 2 3 4 5 6A 6B 7 8 9 10 11 12 13 14 15 16 17 18
12Z AVG MX 2MIN
DY MAX MIN AVG DEP HDD CDD WTR SNW DPTH SPD SPD DIR MIN PSBL S-S WX SPD DR
================================================================================
1 37 31 34 8 31 0 0.00 M M 3.1 8 310 M M 10 1 12 350
2 36 16 26 0 39 0 0.00 M M 4.8 15 60 M M 5 12 19 70
3 30 15 23 -3 42 0 0.00 M M 1.2 6 340 M M 9 128 6 330
4 35 16 26 0 39 0 0.00 M M 12.7 26 50 M M 6 32 50
5 38 33 36 9 29 0 0.00 M M 13.7 25 50 M M 9 32 50
6 40 25 33 6 32 0 T M M 2.9 13 20 M M 7 16 20
7 41 28 35 8 30 0 0.00 M M 5.9 13 50 M M 7 15 40
8 39 33 36 9 29 0 0.39 M M 5.7 15 20 M M 10 1 17 10
9 38 25 32 5 33 0 0.21 M M 4.4 16 30 M M 7 12 20 30
10 40 31 36 9 29 0 0.00 M M 8.0 16 40 M M 4 1 19 40
11 36 22 29 2 36 0 0.01 M M 5.4 13 30 M M 5 12 16 30
12 38 34 36 9 29 0 0.32 M M 6.2 14 30 M M 9 1 17 30
13 43 34 39 12 26 0 0.20 M M 4.6 10 40 M M 8 1 12 40
14 43 34 39 12 26 0 0.02 M M 5.4 15 30 M M 9 12 18 30
15 40 34 37 9 28 0 0.08 M M 3.2 10 20 M M 10 12 14 20
16 39 33 36 8 29 0 0.08 M M 2.5 8 160 M M 10 12 10 140
17 36 33 35 7 30 0 0.00 M M 1.9 9 190 M M 10 12 11 180
18 38 33 36 8 29 0 0.23 M M 3.2 7 150 M M 10 1 8 160
19 34 20 27 -1 38 0 0.01 M M 4.5 12 160 M M 10 12 13 170
20 31 17 24 -4 41 0 0.00 M M 1.2 6 340 M M 9 128 8 20
21 36 22 29 1 36 0 0.05 M M 4.6 15 50 M M 6 1 17 60
22 30 20 25 -3 40 0 T M M 4.0 10 180 M M 9 12 11 180
23 31 25 28 0 37 0 T M M 2.0 6 310 M M 10 1 7 310
24 32 28 30 2 35 0 0.00 M M 0.8 7 140 M M 10 1 12 250
25 32 29 31 3 34 0 0.00 M M 0.3 6 60 M M 10 1 6 50
26 36 31 34 6 31 0 0.01 M M 1.4 8 300 M M 10 12 9 300
27 35 29 32 4 33 0 0.09 M M 2.9 7 60 M M 10 12 9 200
28 33 11 22 -6 43 0 0.04 M M 14.4 25 60 M M 4 1 33 40
29 22 -3 10 -18 55 0 0.00 M M 3.7 12 40 M M 0 14 40
30 20 -6 7 -21 58 0 0.00 M M 1.8 6 50 M M 3 8 40
31 26 13 20 -8 45 0 T M M 3.2 8 30 M M 8 1 10 30
================================================================================
SM 1085 746 1092 0 1.74 M 139.6 M 244
================================================================================
AV 35.0 24.1 4.5 FASTST M M 8 MAX(MPH)
MISC ----> 26 50 33 40
================================================================================
NOTES:
# LAST OF SEVERAL OCCURRENCES
COLUMN 17 PEAK WIND IN M.P.H.
PRELIMINARY LOCAL CLIMATOLOGICAL DATA (WS FORM: F-6) , PAGE 2
STATION: DEER_PARK WA AIRPORT
MONTH: JANUARY
YEAR: 2023
LATITUDE: 47 58 N
LONGITUDE: 117 25 W
[TEMPERATURE DATA] [PRECIPITATION DATA] SYMBOLS USED IN COLUMN 16
AVERAGE MONTHLY: 29.5 TOTAL FOR MONTH: 1.74 1 = FOG OR MIST
DPTR FM NORMAL: 2.0 DPTR FM NORMAL: -1.15 2 = FOG REDUCING VISIBILITY
HIGHEST: 43 ON 14,13 GRTST 24HR 0.39 ON 8- 8 TO 1/4 MILE OR LESS
LOWEST: -6 ON 30 3 = THUNDER
SNOW, ICE PELLETS, HAIL 4 = ICE PELLETS
TOTAL MONTH: M 5 = HAIL
GRTST 24HR M ON M 6 = FREEZING RAIN OR DRIZZLE
GRTST DEPTH: M ON M 7 = DUSTSTORM OR SANDSTORM:
VSBY 1/2 MILE OR LESS
8 = SMOKE OR HAZE
[NO. OF DAYS WITH] [WEATHER - DAYS WITH] 9 = BLOWING SNOW
X = TORNADO
MAX 32 OR BELOW: 9 0.01 INCH OR MORE: 14
MAX 90 OR ABOVE: 0 0.10 INCH OR MORE: 5
MIN 32 OR BELOW: 22 0.50 INCH OR MORE: 0
MIN 0 OR BELOW: 2 1.00 INCH OR MORE: 0
[HDD (BASE 65) ]
TOTAL THIS MO. 1092 CLEAR (SCALE 0-3) 2
DPTR FM NORMAL -70 PTCLDY (SCALE 4-7) 10
TOTAL FM JUL 1 4147 CLOUDY (SCALE 8-10) 19
DPTR FM NORMAL -127
[CDD (BASE 65) ]
TOTAL THIS MO. 0
DPTR FM NORMAL 0 [PRESSURE DATA]
TOTAL FM JAN 1 0 HIGHEST SLP M ON M
DPTR FM NORMAL 0 LOWEST SLP 29.45 ON 15
[REMARKS]
#FINAL-01-23#