000
CXUS54 KFWD 010830
CF6DFW
PRELIMINARY LOCAL CLIMATOLOGICAL DATA (WS FORM: F-6)
STATION: DALLAS/FORT WORTH
MONTH: JANUARY
YEAR: 2022
LATITUDE: 32 54 N
LONGITUDE: 97 2 W
TEMPERATURE IN F: :PCPN: SNOW: WIND :SUNSHINE: SKY :PK WND
================================================================================
1 2 3 4 5 6A 6B 7 8 9 10 11 12 13 14 15 16 17 18
12Z AVG MX 2MIN
DY MAX MIN AVG DEP HDD CDD WTR SNW DPTH SPD SPD DIR MIN PSBL S-S WX SPD DR
================================================================================
1 73 23 48 2 17 0 0.05 0.0 0 12.7 38 310 M M 9 1 48 310
2 40 19 30 -16 35 0 0.00 0.0 0 16.8 31 330 M M 3 38 320
3 55 24 40 -6 25 0 0.00 0.0 0 7.4 14 150 M M 2 19 160
4 65 34 50 4 15 0 0.00 0.0 0 13.5 28 190 M M 3 34 200
5 62 38 50 4 15 0 0.00 0.0 0 9.7 18 30 M M 1 23 30
6 42 28 35 -11 30 0 0.00 0.0 0 13.8 28 360 M M 5 35 350
7 49 21 35 -11 30 0 0.00 0.0 0 9.3 18 170 M M 5 25 180
8 64 47 56 10 9 0 0.03 0.0 0 11.5 23 200 M M 10 1 32 190
9 62 41 52 6 13 0 T 0.0 0 16.5 28 10 M M 8 18 36 350
10 56 32 44 -2 21 0 0.00 0.0 0 7.7 22 20 M M 5 29 40
11 62 29 46 0 19 0 0.00 0.0 0 8.7 16 220 M M 5 22 210
12 64 36 50 4 15 0 0.00 0.0 0 7.5 15 220 M M 3 18 210
13 76 37 57 11 8 0 0.00 0.0 0 5.4 14 330 M M 2 18 340
14 79 39 59 13 6 0 0.00 0.0 0 11.0 39 330 M M 6 51 330
15 51 32 42 -4 23 0 T T 0 25.5 40 340 M M 7 58 320
16 54 28 41 -5 24 0 0.00 0.0 0 7.7 21 330 M M 1 28 320
17 65 31 48 2 17 0 0.00 0.0 0 5.8 14 190 M M 1 19 190
18 75 45 60 14 5 0 0.00 0.0 0 17.7 29 190 M M 4 37 180
19 62 34 48 2 17 0 T 0.0 0 17.4 32 360 M M 6 40 350
20 38 24 31 -15 34 0 0.00 0.0 0 19.1 30 10 M M 8 39 20
21 44 20 32 -14 33 0 0.00 0.0 0 6.0 15 30 M M 2 18 10
22 51 26 39 -8 26 0 0.00 0.0 0 2.9 9 200 M M 1 8 12 10
23 66 28 47 0 18 0 0.00 0.0 0 7.9 14 320 M M 1 19 300
24 59 39 49 2 16 0 T 0.0 0 7.1 16 230 M M 7 1 21 210
25 60 37 49 2 16 0 0.00 0.0 0 11.0 21 30 M M 3 12 27 20
26 50 27 39 -8 26 0 T 0.0 0 6.4 18 20 M M 4 23 20
27 51 37 44 -3 21 0 T 0.0 0 6.4 17 350 M M 7 21 350
28 57 31 44 -3 21 0 0.00 0.0 0 11.3 23 320 M M 1 30 320
29 68 30 49 2 16 0 0.00 0.0 0 8.1 20 240 M M 0 30 230
30 71 35 53 5 12 0 0.00 0.0 0 9.1 15 180 M M 4 20 170
31 69 46 58 10 7 0 0.00 0.0 0 10.6 22 190 M M 7 29 160
================================================================================
SM 1840 998 590 0 0.08 T 331.5 M 131
================================================================================
AV 59.4 32.2 10.7 FASTST M M 4 MAX(MPH)
MISC ----> 40 340 58 320
================================================================================
NOTES:
# LAST OF SEVERAL OCCURRENCES
COLUMN 17 PEAK WIND IN M.P.H.
PRELIMINARY LOCAL CLIMATOLOGICAL DATA (WS FORM: F-6) , PAGE 2
STATION: DALLAS/FORT WORTH
MONTH: JANUARY
YEAR: 2022
LATITUDE: 32 54 N
LONGITUDE: 97 2 W
[TEMPERATURE DATA] [PRECIPITATION DATA] SYMBOLS USED IN COLUMN 16
AVERAGE MONTHLY: 45.8 TOTAL FOR MONTH: 0.08 1 = FOG OR MIST
DPTR FM NORMAL: -0.5 DPTR FM NORMAL: -2.45 2 = FOG REDUCING VISIBILITY
HIGHEST: 79 ON 14 GRTST 24HR 0.05 ON 1- 1 TO 1/4 MILE OR LESS
LOWEST: 19 ON 2 3 = THUNDER
SNOW, ICE PELLETS, HAIL 4 = ICE PELLETS
TOTAL MONTH: T 5 = HAIL
GRTST 24HR T ON 15-15 6 = FREEZING RAIN OR DRIZZLE
GRTST DEPTH: 0 7 = DUSTSTORM OR SANDSTORM:
VSBY 1/2 MILE OR LESS
8 = SMOKE OR HAZE
[NO. OF DAYS WITH] [WEATHER - DAYS WITH] 9 = BLOWING SNOW
X = TORNADO
MAX 32 OR BELOW: 0 0.01 INCH OR MORE: 2
MAX 90 OR ABOVE: 0 0.10 INCH OR MORE: 0
MIN 32 OR BELOW: 17 0.50 INCH OR MORE: 0
MIN 0 OR BELOW: 0 1.00 INCH OR MORE: 0
[HDD (BASE 65) ]
TOTAL THIS MO. 590 CLEAR (SCALE 0-3) 13
DPTR FM NORMAL 8 PTCLDY (SCALE 4-7) 16
TOTAL FM JUL 1 1007 CLOUDY (SCALE 8-10) 2
DPTR FM NORMAL -456
[CDD (BASE 65) ]
TOTAL THIS MO. 0
DPTR FM NORMAL -2 [PRESSURE DATA]
TOTAL FM JAN 1 0 HIGHEST SLP 30.72 ON 10
DPTR FM NORMAL -2 LOWEST SLP 29.58 ON 1
[REMARKS]
#FINAL-01-22#