000
CXUS55 KCYS 061717
CF6DGW
PRELIMINARY LOCAL CLIMATOLOGICAL DATA (WS FORM: F-6)
STATION: CONVERSE CO (DOUGLAS) WY ARPT
MONTH: JANUARY
YEAR: 2021
LATITUDE: 42 46 N
LONGITUDE: 105 22 W
TEMPERATURE IN F: :PCPN: SNOW: WIND :SUNSHINE: SKY :PK WND
================================================================================
1 2 3 4 5 6A 6B 7 8 9 10 11 12 13 14 15 16 17 18
12Z AVG MX 2MIN
DY MAX MIN AVG DEP HDD CDD WTR SNW DPTH SPD SPD DIR MIN PSBL S-S WX SPD DR
================================================================================
1 30 4 17 -7 48 0 0.00 M M 3.1 12 340 M M 1 8 13 340
2 41 -1 20 -4 45 0 0.00 M M 8.4 30 280 M M 2 8 41 290
3 41 10 26 2 39 0 0.00 M M 15.9 36 270 M M 3 46 270
4 47 10 29 4 36 0 0.00 M M 4.3 17 340 M M 1 22 340
5 46 20 33 8 32 0 T M M 14.5 29 340 M M 4 18 40 360
6 39 11 25 0 40 0 0.00 M M 5.7 14 300 M M 0 18 300
7 40 10 25 0 40 0 T M M 5.4 21 300 M M 3 28 290
8 38 21 30 5 35 0 T M M 10.5 20 320 M M 10 26 310
9 31 17 24 -1 41 0 T M M 6.0 12 310 M M 9 18 14 310
10 37 5 21 -4 44 0 0.00 M M 2.1 8 350 M M 4 128 9 260
11 44 10 27 2 38 0 0.00 M M 8.6 22 300 M M 0 26 310
12 49 15 32 7 33 0 0.00 M M 9.0 23 270 M M 0 30 270
13 53 25 39 14 26 0 T M M 20.5 59 300 M M 1 18 81 310
14 28 16 22 -3 43 0 T M M 19.8 31 310 M M 4 8 46 330
15 40 15 28 3 37 0 0.00 M M 12.7 29 310 M M 1 36 310
16 36 15 26 1 39 0 0.03 M M 13.0 22 330 M M 9 1 29 340
17 38 9 24 -1 41 0 T M M 6.7 31 340 M M 4 1 45 340
18 33 11 22 -3 43 0 0.02 M M 12.4 32 320 M M 7 8 45 320
19 33 9 21 -4 44 0 0.00 M M 9.9 23 280 M M 3 30 270
20 44 26 35 10 30 0 0.00 M M 14.6 32 270 M M 0 40 270
21 38 20 29 4 36 0 T M M 6.2 14 330 M M 3 1 18 340
22 26 19 23 -2 42 0 T M M 6.6 18 130 M M 10 1 23 130
23 26 8 17 -8 48 0 0.01 M M 5.5 13 350 M M 10 128 16 350
24 27 1 14 -11 51 0 T M M 2.7 12 360 M M 5 128 14 350
25 21 0 11 -14 54 0 0.00 M M 5.0 14 110 M M 9 28 16 120
26 19 -2 9 -16 56 0 T M M 12.9 22 130 M M 7 18 28 130
27 39 -7 16 -9 49 0 0.00 M M 5.0 26 270 M M 3 28 35 220
28 48 22 35 10 30 0 0.00 M M 8.7 21 280 M M 0 32 280
29 54 24 39 14 26 0 0.00 M M 5.2 15 240 M M 1 23 230
30 42 27 35 10 30 0 0.01 M M 8.4 21 290 M M 7 1 25 290
31 46 20 33 8 32 0 T M M 4.8 12 270 M M 2 16 280
================================================================================
SM 1174 390 1228 0 0.07 M 274.1 M 123
================================================================================
AV 37.9 12.6 8.8 FASTST M M 4 MAX(MPH)
MISC ----> 59 300 81 310
================================================================================
NOTES:
# LAST OF SEVERAL OCCURRENCES
COLUMN 17 PEAK WIND IN M.P.H.
PRELIMINARY LOCAL CLIMATOLOGICAL DATA (WS FORM: F-6) , PAGE 2
STATION: CONVERSE CO (DOUGLAS) WY ARPT
MONTH: JANUARY
YEAR: 2021
LATITUDE: 42 46 N
LONGITUDE: 105 22 W
[TEMPERATURE DATA] [PRECIPITATION DATA] SYMBOLS USED IN COLUMN 16
AVERAGE MONTHLY: 25.2 TOTAL FOR MONTH: 0.07 1 = FOG OR MIST
DPTR FM NORMAL: 0.2 DPTR FM NORMAL: -0.31 2 = FOG REDUCING VISIBILITY
HIGHEST: 54 ON 29 GRTST 24HR 0.03 ON 16-16 TO 1/4 MILE OR LESS
LOWEST: -7 ON 27 3 = THUNDER
SNOW, ICE PELLETS, HAIL 4 = ICE PELLETS
TOTAL MONTH: M 5 = HAIL
GRTST 24HR M ON M 6 = FREEZING RAIN OR DRIZZLE
GRTST DEPTH: M ON M 7 = DUSTSTORM OR SANDSTORM:
VSBY 1/2 MILE OR LESS
8 = SMOKE OR HAZE
[NO. OF DAYS WITH] [WEATHER - DAYS WITH] 9 = BLOWING SNOW
X = TORNADO
MAX 32 OR BELOW: 8 0.01 INCH OR MORE: 4
MAX 90 OR ABOVE: 0 0.10 INCH OR MORE: 0
MIN 32 OR BELOW: 31 0.50 INCH OR MORE: 0
MIN 0 OR BELOW: 4 1.00 INCH OR MORE: 0
[HDD (BASE 65) ]
TOTAL THIS MO. 1228 CLEAR (SCALE 0-3) 16
DPTR FM NORMAL -14 PTCLDY (SCALE 4-7) 9
TOTAL FM JUL 1 4143 CLOUDY (SCALE 8-10) 6
DPTR FM NORMAL -188
[CDD (BASE 65) ]
TOTAL THIS MO. 0
DPTR FM NORMAL 0 [PRESSURE DATA]
TOTAL FM JAN 1 0 HIGHEST SLP 30.59 ON 19
DPTR FM NORMAL 0 LOWEST SLP 29.57 ON 30
[REMARKS]
#FINAL-01-21#