000
CXUS54 KAMA 020700
CF6DHT
PRELIMINARY LOCAL CLIMATOLOGICAL DATA (WS FORM: F-6)
STATION: DALHART
MONTH: JUNE
YEAR: 2022
LATITUDE: 36 1 N
LONGITUDE: 102 33 W
TEMPERATURE IN F: :PCPN: SNOW: WIND :SUNSHINE: SKY :PK WND
================================================================================
1 2 3 4 5 6A 6B 7 8 9 10 11 12 13 14 15 16 17 18
12Z AVG MX 2MIN
DY MAX MIN AVG DEP HDD CDD WTR SNW DPTH SPD SPD DIR MIN PSBL S-S WX SPD DR
================================================================================
1 65 53 59 -12 6 0 T M M 19.2 29 30 M M 9 18 40 30
2 60 53 57 -14 8 0 0.02 M M 8.9 14 140 M M 10 18 18 100
3 83 59 71 -1 0 6 0.14 M M 13.2 38 190 M M 7 13 60 190
4 93 53 73 1 0 8 0.00 M M 14.5 35 220 M M 1 128 42 220
5 92 56 74 2 0 9 0.00 M M 12.2 26 160 M M 0 34 160
6 92 64 78 5 0 13 0.00 M M 14.6 30 160 M M 3 1238 37 160
7 89 61 75 2 0 10 0.00 M M 14.5 48 210 M M 6 18 72 200
8 76 58 67 -6 0 2 0.09 M M 13.9 40 30 M M 4 138 52 30
9 94 59 77 3 0 12 0.05 M M 13.1 38 340 M M 4 138 54 340
10 97 57 77 3 0 12 0.00 M M 8.0 17 250 M M 0 1 22 250
11 103 67 85 11 0 20 0.00 M M 9.1 16 110 M M 0 18 20 120
12 107 69 88 14 0 23 0.00 M M M M M M M 0 M M
13 102 69 86 11 0 21 0.00 M M 23.8 36 180 M M 0 8 48 180
14 103 69 86 11 0 21 0.00 M M 18.9 36 210 M M 0 8 47 210
15 91 61 76 1 0 11 0.00 M M 15.4 29 10 M M 0 8 41 200
16 100 66 83 8 0 18 0.00 M M 15.5 23 160 M M 0 38 160
17 96 63 80 4 0 15 0.00 M M 17.3 32 170 M M 0 8 47 170
18 96 62 79 3 0 14 0.00 M M 20.3 30 160 M M 0 8 43 170
19 96 68 82 6 0 17 T M M 16.9 31 180 M M 3 8 49 180
20 92 62 77 1 0 12 0.08 M M 13.3 39 170 M M 2 3 58 180
21 76 62 69 -7 0 4 0.06 M M 12.5 22 300 M M 3 1 28 300
22 87 62 75 -1 0 10 0.00 M M 7.9 15 40 M M 3 19 50
23 98 62 80 3 0 15 0.00 M M 14.4 30 210 M M 1 18 44 240
24 102 64 83 6 0 18 0.00 M M 13.8 25 220 M M 1 8 35 220
25 87 65 76 -1 0 11 0.19 M M 16.3 30 20 M M 2 13 41 20
26 75 60 68 -9 0 3 0.05 M M 14.9 26 60 M M 8 1 36 60
27 75 57 66 -11 0 1 T M M 6.0 21 30 M M 6 8 23 30
28 90 52 71 -7 0 6 0.00 M M 7.2 17 210 M M 1 18 23 170
29 95 64 80 2 0 15 0.00 M M 14.5 24 200 M M 0 40 170
30 101 64 83 5 0 18 0.00 M M 15.8 31 340 M M 0 8 43 330
================================================================================
SM 2713 1841 14 345 0.68 M 405.9 M 74
================================================================================
AV 90.4 61.4 14.0 FASTST M M 2 MAX(MPH)
MISC ----> 48 210 72 200
================================================================================
NOTES:
# LAST OF SEVERAL OCCURRENCES
COLUMN 17 PEAK WIND IN M.P.H.
PRELIMINARY LOCAL CLIMATOLOGICAL DATA (WS FORM: F-6) , PAGE 2
STATION: DALHART
MONTH: JUNE
YEAR: 2022
LATITUDE: 36 1 N
LONGITUDE: 102 33 W
[TEMPERATURE DATA] [PRECIPITATION DATA] SYMBOLS USED IN COLUMN 16
AVERAGE MONTHLY: 75.9 TOTAL FOR MONTH: 0.68 1 = FOG OR MIST
DPTR FM NORMAL: 1.0 DPTR FM NORMAL: -1.56 2 = FOG REDUCING VISIBILITY
HIGHEST: 107 ON 12 GRTST 24HR 0.24 ON 25-26 TO 1/4 MILE OR LESS
LOWEST: 52 ON 28 3 = THUNDER
SNOW, ICE PELLETS, HAIL 4 = ICE PELLETS
TOTAL MONTH: M 5 = HAIL
GRTST 24HR M ON M 6 = FREEZING RAIN OR DRIZZLE
GRTST DEPTH: M ON M 7 = DUSTSTORM OR SANDSTORM:
VSBY 1/2 MILE OR LESS
8 = SMOKE OR HAZE
[NO. OF DAYS WITH] [WEATHER - DAYS WITH] 9 = BLOWING SNOW
X = TORNADO
MAX 32 OR BELOW: 0 0.01 INCH OR MORE: 8
MAX 90 OR ABOVE: 20 0.10 INCH OR MORE: 2
MIN 32 OR BELOW: 0 0.50 INCH OR MORE: 0
MIN 0 OR BELOW: 0 1.00 INCH OR MORE: 0
[HDD (BASE 65) ]
TOTAL THIS MO. 14 CLEAR (SCALE 0-3) 22
DPTR FM NORMAL 9 PTCLDY (SCALE 4-7) 6
TOTAL FM JUL 1 4222 CLOUDY (SCALE 8-10) 2
DPTR FM NORMAL -139
[CDD (BASE 65) ]
TOTAL THIS MO. 345
DPTR FM NORMAL 43 [PRESSURE DATA]
TOTAL FM JAN 1 525 HIGHEST SLP 30.35 ON 27
DPTR FM NORMAL 116 LOWEST SLP 29.47 ON 13
[REMARKS]
#FINAL-06-22#