527
CXUS54 KAMA 010710
CF6DHT
PRELIMINARY LOCAL CLIMATOLOGICAL DATA (WS FORM: F-6)
STATION: DALHART
MONTH: MAY
YEAR: 2020
LATITUDE: 36 1 N
LONGITUDE: 102 33 W
TEMPERATURE IN F: :PCPN: SNOW: WIND :SUNSHINE: SKY :PK WND
================================================================================
1 2 3 4 5 6A 6B 7 8 9 10 11 12 13 14 15 16 17 18
12Z AVG MX 2MIN
DY MAX MIN AVG DEP HDD CDD WTR SNW DPTH SPD SPD DIR MIN PSBL S-S WX SPD DR
================================================================================
1 94 54 74 16 0 9 0.00 0.0 0 9.8 23 360 M M 0 30 140
2 85 51 68 9 0 3 0.00 0.0 0 15.8 31 350 M M 0 39 350
3 89 57 73 14 0 8 0.00 0.0 0 12.6 23 30 M M 3 27 30
4 87 50 69 9 0 4 0.00 0.0 0 16.0 33 30 M M 0 8 44 20
5 74 50 62 2 3 0 0.00 0.0 0 9.9 20 30 M M 3 26 30
6 81 44 63 3 2 0 0.00 0.0 0 11.9 24 140 M M 0 31 130
7 90 49 70 10 0 5 0.00 0.0 0 17.5 51 10 M M 1 8 63 20
8 62 44 53 -8 12 0 0.00 0.0 0 19.1 41 20 M M 3 49 10
9 77 34 56 -5 9 0 0.00 0.0 0 15.0 25 360 M M 0 32 40
10 68 37 53 -9 12 0 0.03 0.0 0 13.9 28 150 M M 3 32 160
11 71 42 57 -5 8 0 0.07 0.0 0 14.0 28 160 M M 7 13 34 170
12 65 38 52 -10 13 0 0.02 0.0 0 11.9 21 130 M M 7 12 24 40
13 92 52 72 10 0 7 0.00 0.0 0 15.0 37 220 M M 3 18 62 230
14 86 44 65 2 0 0 0.00 0.0 0 11.9 23 110 M M 0 29 110
15 80 50 65 2 0 0 0.71 0.0 0 14.2 25 110 M M 4 13 35 90
16 78 53 66 3 0 1 0.00 0.0 0 9.6 20 130 M M 4 27 120
17 86 56 71 7 0 6 0.04 0.0 0 10.8 28 330 M M 5 32 340
18 96 57 77 13 0 12 0.00 0.0 0 9.1 23 120 M M 0 28 120
19 89 59 74 10 0 9 0.00 0.0 0 13.2 44 150 M M 3 18 56 150
20 87 60 74 9 0 9 0.00 0.0 0 14.7 33 130 M M 0 39 140
21 90 59 75 10 0 10 0.00 0.0 0 11.0 29 20 M M 0 1 34 10
22 86 52 69 4 0 4 0.00 0.0 0 10.5 22 40 M M 1 27 200
23 94 59 77 11 0 12 0.00 0.0 0 19.4 40 160 M M 0 18 53 180
24 88 57 73 7 0 8 0.00 0.0 0 14.1 41 10 M M 1 50 10
25 69 49 59 -7 6 0 0.06 0.0 0 17.2 41 360 M M 7 1 46 360
26 81 45 63 -4 2 0 0.00 0.0 0 6.9 17 280 M M 2 25 270
27 86 55 71 4 0 6 0.00 0.0 0 9.6 21 80 M M 0 8 30 30
28 84 59 72 5 0 7 T 0.0 0 9.4 21 70 M M 4 28 60
29 93 55 74 6 0 9 0.00 0.0 0 13.8 25 170 M M 0 8 32 160
30 94 58 76 8 0 11 0.00 0.0 0 20.8 33 190 M M 0 42 180
31 93 59 76 8 0 11 0.00 0.0 0 18.0 28 160 M M 0 38 170
================================================================================
SM 2595 1588 67 151 0.93 0.0 416.6 M 61
================================================================================
AV 83.7 51.2 13.4 FASTST M M 2 MAX(MPH)
MISC ----> 51 10 63 20
================================================================================
NOTES:
# LAST OF SEVERAL OCCURRENCES
COLUMN 17 PEAK WIND IN M.P.H.
PRELIMINARY LOCAL CLIMATOLOGICAL DATA (WS FORM: F-6) , PAGE 2
STATION: DALHART
MONTH: MAY
YEAR: 2020
LATITUDE: 36 1 N
LONGITUDE: 102 33 W
[TEMPERATURE DATA] [PRECIPITATION DATA] SYMBOLS USED IN COLUMN 16
AVERAGE MONTHLY: 67.5 TOTAL FOR MONTH: 0.93 1 = FOG OR MIST
DPTR FM NORMAL: 4.1 DPTR FM NORMAL: -1.31 2 = FOG REDUCING VISIBILITY
HIGHEST: 96 ON 18 GRTST 24HR 0.71 ON 15-15 TO 1/4 MILE OR LESS
LOWEST: 34 ON 9 3 = THUNDER
SNOW, ICE PELLETS, HAIL 4 = ICE PELLETS
TOTAL MONTH: 0.0 INCH 5 = HAIL
GRTST 24HR 0.0 6 = FREEZING RAIN OR DRIZZLE
GRTST DEPTH: 0 7 = DUSTSTORM OR SANDSTORM:
VSBY 1/2 MILE OR LESS
8 = SMOKE OR HAZE
[NO. OF DAYS WITH] [WEATHER - DAYS WITH] 9 = BLOWING SNOW
X = TORNADO
MAX 32 OR BELOW: 0 0.01 INCH OR MORE: 6
MAX 90 OR ABOVE: 9 0.10 INCH OR MORE: 1
MIN 32 OR BELOW: 0 0.50 INCH OR MORE: 1
MIN 0 OR BELOW: 0 1.00 INCH OR MORE: 0
[HDD (BASE 65) ]
TOTAL THIS MO. 67 CLEAR (SCALE 0-3) 23
DPTR FM NORMAL -48 PTCLDY (SCALE 4-7) 8
TOTAL FM JUL 1 4285 CLOUDY (SCALE 8-10) 0
DPTR FM NORMAL -431
[CDD (BASE 65) ]
TOTAL THIS MO. 151
DPTR FM NORMAL 85 [PRESSURE DATA]
TOTAL FM JAN 1 161 HIGHEST SLP M ON M
DPTR FM NORMAL 89 LOWEST SLP 29.48 ON 23
[REMARKS]
#FINAL-05-20#