000
CXUS53 KDLH 041619 CCA
CF6DLH
PRELIMINARY LOCAL CLIMATOLOGICAL DATA (WS FORM: F-6)
STATION: DULUTH
MONTH: NOVEMBER
YEAR: 2023
LATITUDE: 46 49 N
LONGITUDE: 92 11 W
TEMPERATURE IN F: :PCPN: SNOW: WIND :SUNSHINE: SKY :PK WND
================================================================================
1 2 3 4 5 6A 6B 7 8 9 10 11 12 13 14 15 16 17 18
12Z AVG MX 2MIN
DY MAX MIN AVG DEP HDD CDD WTR SNW DPTH SPD SPD DIR MIN PSBL S-S WX SPD DR
================================================================================
1 34 17 26 -11 39 0 0.00 0.0 0 8.7 16 230 M M 4 23 220
2 42 21 32 -4 33 0 0.00 0.0 0 7.8 15 250 M M 7 20 240
3 38 25 32 -4 33 0 0.00 0.0 0 7.7 18 330 M M 5 28 350
4 35 17 26 -9 39 0 0.01 T 0 4.4 12 270 M M 7 1 16 250
5 46 30 38 3 27 0 0.54 T T 12.4 23 80 M M 10 1 32 70
6 47 33 40 6 25 0 0.31 0.0 0 11.6 22 300 M M 10 1 32 290
7 36 30 33 -1 32 0 0.15 0.3 0 12.8 25 100 M M 9 14 35 100
8 42 34 38 4 27 0 0.16 0.0 0 11.1 24 280 M M 10 1 35 280
9 37 31 34 1 31 0 T T 0 14.6 23 280 M M 8 32 280
10 38 32 35 3 30 0 T T T 6.5 16 310 M M 10 1 23 290
11 36 30 33 1 32 0 0.11 0.5 T 8.1 16 140 M M 10 1X 23 130
12 49 31 40 8 25 0 0.00 0.0 0 12.1 23 240 M M 3 30 250
13 51 34 43 12 22 0 0.00 0.0 0 11.0 21 300 M M 0 30 290
14 59 38 49 19 16 0 0.00 0.0 0 13.3 26 220 M M 2 38 220
15 55 30 43 13 22 0 0.00 0.0 0 10.0 21 190 M M 0 27 190
16 62 29 46 16 19 0 0.00 0.0 0 16.4 31 250 M M 3 43 330
17 39 21 30 1 35 0 0.00 0.0 0 9.3 15 240 M M 3 23 290
18 50 27 39 11 26 0 0.00 0.0 0 8.3 15 270 M M 0 21 280
19 45 22 34 6 31 0 0.00 0.0 M 5.9 13 90 M M 1 17 100
20 41 32 37 9 28 0 0.00 0.0 0 6.8 12 210 M M 5 17 140
21 40 25 33 6 32 0 0.01 0.0 0 11.6 21 340 M M 7 1 30 340
22 38 21 30 3 35 0 0.00 0.0 0 10.0 21 350 M M 2 31 360
23 30 12 21 -5 44 0 0.00 0.0 0 12.4 17 320 M M 1 28 310
24 29 11 20 -6 45 0 0.00 0.0 0 10.5 16 310 M M 0 24 320
25 28 17 23 -2 42 0 0.01 T 0 12.1 21 260 M M 6 8 26 270
26 28 12 20 -5 45 0 0.02 0.5 T 15.1 26 300 M M 9 18 39 290
27 14 4 9 -15 56 0 T T T 12.9 23 310 M M 5 8 33 300
28 24 -2 11 -13 54 0 0.00 0.0 T 10.8 21 240 M M 4 30 240
29 42 20 31 8 34 0 0.00 0.0 T 12.1 18 260 M M 2 24 260
30 37 17 27 4 38 0 T T T 9.8 18 300 M M 3 26 300
================================================================================
SM 1192 701 997 0 1.32 1.3 316.1 M 146
================================================================================
AV 39.7 23.4 10.5 FASTST M M 5 MAX(MPH)
MISC ----> 31 250 43 330
================================================================================
NOTES:
# LAST OF SEVERAL OCCURRENCES
COLUMN 17 PEAK WIND IN M.P.H.
PRELIMINARY LOCAL CLIMATOLOGICAL DATA (WS FORM: F-6) , PAGE 2
STATION: DULUTH
MONTH: NOVEMBER
YEAR: 2023
LATITUDE: 46 49 N
LONGITUDE: 92 11 W
[TEMPERATURE DATA] [PRECIPITATION DATA] SYMBOLS USED IN COLUMN 16
AVERAGE MONTHLY: 31.6 TOTAL FOR MONTH: 1.32 1 = FOG OR MIST
DPTR FM NORMAL: 1.8 DPTR FM NORMAL: -0.64 2 = FOG REDUCING VISIBILITY
HIGHEST: 62 ON 16 GRTST 24HR 0.85 ON 5- 6 TO 1/4 MILE OR LESS
LOWEST: -2 ON 28 3 = THUNDER
SNOW, ICE PELLETS, HAIL 4 = ICE PELLETS
TOTAL MONTH: 1.3 INCHES 5 = HAIL
GRTST 24HR 0.5 ON 11-11 6 = FREEZING RAIN OR DRIZZLE
GRTST DEPTH: T 7 = DUSTSTORM OR SANDSTORM:
VSBY 1/2 MILE OR LESS
8 = SMOKE OR HAZE
[NO. OF DAYS WITH] [WEATHER - DAYS WITH] 9 = BLOWING SNOW
X = TORNADO
MAX 32 OR BELOW: 6 0.01 INCH OR MORE: 9
MAX 90 OR ABOVE: 0 0.10 INCH OR MORE: 5
MIN 32 OR BELOW: 26 0.50 INCH OR MORE: 1
MIN 0 OR BELOW: 1 1.00 INCH OR MORE: 0
[HDD (BASE 65) ]
TOTAL THIS MO. 997 CLEAR (SCALE 0-3) 11
DPTR FM NORMAL -59 PTCLDY (SCALE 4-7) 12
TOTAL FM JUL 1 1857 CLOUDY (SCALE 8-10) 7
DPTR FM NORMAL -214
[CDD (BASE 65) ]
TOTAL THIS MO. 0
DPTR FM NORMAL 0 [PRESSURE DATA]
TOTAL FM JAN 1 290 HIGHEST SLP 30.63 ON 24
DPTR FM NORMAL 35 LOWEST SLP 29.40 ON 16
[REMARKS]
#FINAL-11-23#