000
CXUS53 KDLH 042154
CLMDLH
CLIMATE REPORT
NATIONAL WEATHER SERVICE DULUTH MN
354 PM CST MON DEC 04 2023
...................................
...THE DULUTH CLIMATE SUMMARY FOR THE MONTH OF NOVEMBER 2023...
CLIMATE NORMAL PERIOD: 1991 TO 2020
CLIMATE RECORD PERIOD: 1870 TO 2023
WEATHER OBSERVED NORMAL DEPART LAST YEAR`S
VALUE DATE(S) VALUE FROM VALUE DATE(S)
NORMAL
................................................................
TEMPERATURE (F)
RECORD
HIGH 75 11/06/2020
LOW -29 11/29/1875
HIGHEST 62 11/16 MM MM 71 11/02
LOWEST -2 11/28 MM MM 5 11/20
11/30
AVG. MAXIMUM 39.7 37.1 2.6 37.0
AVG. MINIMUM 23.4 22.5 0.9 24.0
MEAN 31.5 29.8 1.8 30.5
DAYS MAX >= 90 0 0.0 0.0 0
DAYS MAX <= 32 6 11.7 -5.7 14
DAYS MIN <= 32 26 25.0 1.0 24
DAYS MIN <= 0 1 1.0 0.0 0
PRECIPITATION (INCHES)
RECORD
MAXIMUM 5.08 2000
MINIMUM 0.09 1916
TOTALS 1.32 1.96 -0.64 3.63
DAILY AVG. 0.04 0.07 -0.03 0.12
DAYS >= .01 9 11.0 -2.0 16
DAYS >= .10 5 4.9 0.1 8
DAYS >= .50 1 1.0 0.0 2
DAYS >= 1.00 0 0.3 -0.3 1
GREATEST
24 HR. TOTAL 0.85 11/05 TO 11/06
SNOWFALL (INCHES)
RECORDS
TOTAL 50.1 1991
TOTALS 1.3 14.1 -12.8 12.9
SINCE 7/1 3.0 16.9 -13.9 MM
SNOWDEPTH AVG. T 2
DAYS >= 1.0 0 3.7 -3.7 4
GREATEST
SNOW DEPTH MM 5 11/15
11/16
11/17
24 HR TOTAL MM
DEGREE DAYS
HEATING TOTAL 997 1056 -59 1026
SINCE 7/1 1857 2071 -214 MM
COOLING TOTAL 0 0 0 0
SINCE 1/1 290 255 35 MM
................................................................
WIND (MPH)
AVERAGE WIND SPEED 10.5
HIGHEST WIND SPEED/DIRECTION 31/250 DATE 11/16
HIGHEST GUST SPEED/DIRECTION 43/330 DATE 11/16
SKY COVER
POSSIBLE SUNSHINE (PERCENT) MM
AVERAGE SKY COVER 0.48
NUMBER OF DAYS FAIR 13
NUMBER OF DAYS PC 9
NUMBER OF DAYS CLOUDY 8
AVERAGE RH (PERCENT) 70
WEATHER CONDITIONS. NUMBER OF DAYS WITH
THUNDERSTORM 0 MIXED PRECIP 0
HEAVY RAIN 0 RAIN 2
LIGHT RAIN 6 FREEZING RAIN 0
LT FREEZING RAIN 0 HAIL 0
HEAVY SNOW 0 SNOW 1
LIGHT SNOW 10 SLEET 1
FOG 9 FOG W/VIS <= 1/4 MILE 0
HAZE 3
- INDICATES NEGATIVE NUMBERS.
R INDICATES RECORD WAS SET OR TIED.
MM INDICATES DATA IS MISSING.
T INDICATES TRACE AMOUNT.
$$