189
CXUS55 KEAX 010736
CF6DMO
PRELIMINARY LOCAL CLIMATOLOGICAL DATA (WS FORM: F-6)
STATION: SEDALIA MO
MONTH: JUNE
YEAR: 2020
LATITUDE: 38 42 N
LONGITUDE: 93 6 W
TEMPERATURE IN F: :PCPN: SNOW: WIND :SUNSHINE: SKY :PK WND
================================================================================
1 2 3 4 5 6A 6B 7 8 9 10 11 12 13 14 15 16 17 18
12Z AVG MX 2MIN
DY MAX MIN AVG DEP HDD CDD WTR SNW DPTH SPD SPD DIR MIN PSBL S-S WX SPD DR
================================================================================
1 84 63 74 3 0 9 0.00 M M 10.1 20 190 M M 0 28 190
2 86 65 76 5 0 11 0.00 M M 10.8 18 220 M M 0 26 180
3 91 66 79 7 0 14 0.16 M M 12.0 38 100 M M 1 13 56 90
4 85 64 75 3 0 10 0.92 M M 8.2 38 310 M M 3 13 65 330
5 86 68 77 5 0 12 0.13 M M 5.0 32 320 M M 2 3 50 320
6 90 66 78 6 0 13 0.00 M M 5.8 12 160 M M 1 1 16 120
7 90 69 80 7 0 15 0.00 M M 8.1 15 120 M M 0 20 130
8 88 69 79 6 0 14 0.02 M M 8.2 17 110 M M 0 18 27 90
9 88 69 79 6 0 14 1.25 M M 11.3 26 220 M M 7 1 42 210
10 75 59 67 -7 0 2 0.04 M M 12.4 25 300 M M 6 1 38 280
11 84 56 70 -4 0 5 0.00 M M 6.9 15 210 M M 0 19 210
12 88 65 77 3 0 12 0.00 M M 7.2 15 220 M M 0 21 220
13 88 65 77 2 0 12 0.00 M M 6.1 14 140 M M 0 19 130
14 88 64 76 1 0 11 0.00 M M 8.2 14 120 M M 1 19 110
15 89 68 79 4 0 14 0.00 M M 7.7 14 140 M M 1 19 150
16 84 65 75 0 0 10 0.00 M M 9.2 15 130 M M 0 21 120
17 84 59 72 -4 0 7 0.00 M M 9.6 16 150 M M 2 22 160
18 87 64 76 0 0 11 0.00 M M 9.2 18 150 M M 1 24 110
19 85 69 77 1 0 12 0.15 M M 8.0 28 270 M M 2 13 46 260
20 81 67 74 -2 0 9 2.23 M M 7.1 18 270 M M 4 13 24 270
21 87 68 78 2 0 13 0.00 M M 7.8 16 190 M M 0 22 170
22 85 67 76 -1 0 11 0.20 M M 4.6 25 340 M M 1 13 36 340
23 79 63 71 -6 0 6 0.00 M M 6.9 20 330 M M 2 29 320
24 83 59 71 -6 0 6 0.00 M M 4.6 14 340 M M 0 21 320
25 88 64 76 -1 0 11 0.00 M M 6.6 16 180 M M 1 21 190
26 89 71 80 2 0 15 0.00 M M 9.3 17 220 M M 1 23 180
27 80 68 74 -4 0 9 0.33 M M 7.1 25 220 M M 5 13 33 210
28 89 74 82 4 0 17 0.00 M M 9.8 18 200 M M 3 25 200
29 86 75 81 3 0 16 0.00 M M 11.9 21 190 M M 5 29 200
30 89 75 82 4 0 17 T M M 9.2 16 180 M M 4 3 24 190
================================================================================
SM 2576 1984 0 338 5.43 M 248.9 M 53
================================================================================
AV 85.9 66.1 8.3 FASTST M M 2 MAX(MPH)
MISC ----> # 38 100 65 330
================================================================================
NOTES:
# LAST OF SEVERAL OCCURRENCES
COLUMN 17 PEAK WIND IN M.P.H.
PRELIMINARY LOCAL CLIMATOLOGICAL DATA (WS FORM: F-6) , PAGE 2
STATION: SEDALIA MO
MONTH: JUNE
YEAR: 2020
LATITUDE: 38 42 N
LONGITUDE: 93 6 W
[TEMPERATURE DATA] [PRECIPITATION DATA] SYMBOLS USED IN COLUMN 16
AVERAGE MONTHLY: 76.0 TOTAL FOR MONTH: 5.43 1 = FOG OR MIST
DPTR FM NORMAL: 1.1 DPTR FM NORMAL: 0.34 2 = FOG REDUCING VISIBILITY
HIGHEST: 91 ON 3 GRTST 24HR 2.38 ON 19-20 TO 1/4 MILE OR LESS
LOWEST: 56 ON 11 3 = THUNDER
SNOW, ICE PELLETS, HAIL 4 = ICE PELLETS
TOTAL MONTH: M 5 = HAIL
GRTST 24HR M ON M 6 = FREEZING RAIN OR DRIZZLE
GRTST DEPTH: M ON M 7 = DUSTSTORM OR SANDSTORM:
VSBY 1/2 MILE OR LESS
8 = SMOKE OR HAZE
[NO. OF DAYS WITH] [WEATHER - DAYS WITH] 9 = BLOWING SNOW
X = TORNADO
MAX 32 OR BELOW: 0 0.01 INCH OR MORE: 10
MAX 90 OR ABOVE: 3 0.10 INCH OR MORE: 8
MIN 32 OR BELOW: 0 0.50 INCH OR MORE: 3
MIN 0 OR BELOW: 0 1.00 INCH OR MORE: 2
[HDD (BASE 65) ]
TOTAL THIS MO. 0 CLEAR (SCALE 0-3) 23
DPTR FM NORMAL -6 PTCLDY (SCALE 4-7) 7
TOTAL FM JUL 1 4568 CLOUDY (SCALE 8-10) 0
DPTR FM NORMAL -1
[CDD (BASE 65) ]
TOTAL THIS MO. 338
DPTR FM NORMAL 34 [PRESSURE DATA]
TOTAL FM JAN 1 422 HIGHEST SLP M ON M
DPTR FM NORMAL -21 LOWEST SLP 29.43 ON 9
[REMARKS]
#FINAL-06-20#