000
CXUS53 KEAX 011842 RRB
CLMDMO
CLIMATE REPORT
NATIONAL WEATHER SERVICE KANSAS CITY/PLEASANT HILL MO
140 PM CDT THU JUN 01 2023
...................................
...THE SEDALIA MO CLIMATE SUMMARY FOR THE MONTH OF MAY 2023...
CLIMATE NORMAL PERIOD: 1991 TO 2020
CLIMATE RECORD PERIOD: 9999 TO 9999
WEATHER OBSERVED NORMAL DEPART LAST YEAR`S
VALUE DATE(S) VALUE FROM VALUE DATE(S)
NORMAL
................................................................
TEMPERATURE (F)
HIGHEST 93 05/06 87 6 92 05/09
05/12
LOWEST 42 05/03 39 3 44 05/23
AVG. MAXIMUM 79.3 74.4 4.9 75.9
AVG. MINIMUM 56.5 54.2 2.3 57.4
MEAN 67.9 64.3 3.6 66.7
DAYS MAX >= 90 2 1.0 1.0 5
DAYS MAX <= 32 0 0.0 0.0 0
DAYS MIN <= 32 0 0.0 0.0 0
DAYS MIN <= 0 0 0.0 0.0 0
PRECIPITATION (INCHES)
TOTALS 4.02 4.68 -0.66 5.90
DAILY AVG. 0.13 0.15 -0.02 0.19
DAYS >= .01 10 12.0 -2.0 12
DAYS >= .10 7 7.1 -0.1 9
DAYS >= .50 3 3.2 -0.2 4
DAYS >= 1.00 1 1.2 -0.2 1
GREATEST
24 HR. TOTAL 2.13 05/14 TO 05/14
DEGREE DAYS
HEATING TOTAL 48 113 -65 93
SINCE 7/1 4279 4939 -660 MM
COOLING TOTAL 144 92 52 152
SINCE 1/1 162 114 48 MM
................................................................
WIND (MPH)
AVERAGE WIND SPEED 7.4
HIGHEST WIND SPEED/DIRECTION 35/350 DATE 05/08
HIGHEST GUST SPEED/DIRECTION 47/340 DATE 05/08
SKY COVER
POSSIBLE SUNSHINE (PERCENT) MM
AVERAGE SKY COVER 0.16
NUMBER OF DAYS FAIR 25
NUMBER OF DAYS PC 6
NUMBER OF DAYS CLOUDY 0
AVERAGE RH (PERCENT) 63
WEATHER CONDITIONS. NUMBER OF DAYS WITH
THUNDERSTORM 8 MIXED PRECIP 0
HEAVY RAIN 3 RAIN 4
LIGHT RAIN 12 FREEZING RAIN 0
LT FREEZING RAIN 0 HAIL 0
HEAVY SNOW 0 SNOW 0
LIGHT SNOW 0 SLEET 0
FOG 10 FOG W/VIS <= 1/4 MILE 1
HAZE 4
- INDICATES NEGATIVE NUMBERS.
R INDICATES RECORD WAS SET OR TIED.
MM INDICATES DATA IS MISSING.
T INDICATES TRACE AMOUNT.
$$