000
CXUS52 KCAE 011500
CF6DNL
PRELIMINARY LOCAL CLIMATOLOGICAL DATA (WS FORM: F-6)
STATION: AUGUSTA DANIEL FIELD GA
MONTH: DECEMBER
YEAR: 2021
LATITUDE: 33 28 N
LONGITUDE: 82 2 W
TEMPERATURE IN F: :PCPN: SNOW: WIND :SUNSHINE: SKY :PK WND
================================================================================
1 2 3 4 5 6A 6B 7 8 9 10 11 12 13 14 15 16 17 18
12Z AVG MX 2MIN
DY MAX MIN AVG DEP HDD CDD WTR SNW DPTH SPD SPD DIR MIN PSBL S-S WX SPD DR
================================================================================
1 71 43 57 3 8 0 0.00 M M 3.7 15 200 M M 0 19 200
2 76 51 64 10 1 0 0.00 M M 3.9 15 300 M M 0 20 320
3 81 55 68 15 0 3 0.00 M M 4.0 12 290 M M 0 17 280
4 74 53 64 11 1 0 0.00 M M 1.2 8 210 M M 0 13 200
5 74 51 63 10 2 0 0.00 M M 2.8 10 40 M M 2 18 14 20
6 74 54 64 11 1 0 T M M 5.3 15 210 M M 3 18 22 230
7 65 53 59 6 6 0 0.00 M M 6.7 15 80 M M 7 17 40
8 55 46 51 -1 14 0 0.96 M M 4.7 17 350 M M 10 1 24 350
9 52 43 48 -4 17 0 0.00 M M 3.6 10 100 M M 9 12 14 80
10 57 49 53 1 12 0 0.50 M M 4.0 9 140 M M 10 128 12 140
11 76 57 67 15 0 2 0.45 M M 7.7 20 300 M M 9 12 29 290
12 62 46 54 2 11 0 T M M 7.6 16 50 M M 2 19 310
13 65 38 52 0 13 0 0.00 M M 3.9 10 360 M M 0 12 60
14 68 38 53 2 12 0 0.00 M M 4.6 12 350 M M 0 14 350
15 67 45 56 5 9 0 0.00 M M 5.4 12 60 M M 3 17 20
16 62 50 56 5 9 0 0.09 M M 1.9 10 350 M M 7 128 13 350
17 69 60 65 14 0 0 0.00 M M 2.0 7 150 M M 9 12 11 330
18 77 61 69 18 0 4 2.26 M M 5.3 22 300 M M 8 1238 30 310
19 68 50 59 9 6 0 0.13 M M 7.4 21 50 M M 10 12 27 50
20 50 40 45 -5 20 0 0.00 M M 8.7 20 50 M M 1 26 50
21 47 40 44 -6 21 0 0.17 M M 8.5 15 360 M M 9 1 22 340
22 63 42 53 3 12 0 0.04 M M 6.7 14 310 M M 2 1 17 260
23 60 37 49 -1 16 0 0.00 M M 4.9 12 350 M M 0 16 360
24 66 39 53 3 12 0 0.00 M M 4.2 13 190 M M 0 16 210
25 73 47 60 10 5 0 0.00 M M 6.5 15 230 M M 4 24 290
26 79 62 71 21 0 6 0.00 M M 4.4 10 330 M M 2 14 320
27 73 57 65 15 0 0 0.00 M M 3.8 13 230 M M 7 12 23 250
28 77 66 72 23 0 7 0.00 M M 8.2 16 210 M M 7 1 23 200
29 79 66 73 24 0 8 0.05 M M 8.9 20 210 M M 7 26 210
30 72 65 69 20 0 4 1.78 M M 4.2 14 310 M M 10 123 20 290
31 76 60 68 19 0 3 T M M 4.1 13 210 M M 5 12 17 200
================================================================================
SM 2108 1564 208 37 6.43 M 158.8 M 143
================================================================================
AV 68.0 50.5 5.1 FASTST M M 5 MAX(MPH)
MISC ----> 22 300 30 310
================================================================================
NOTES:
# LAST OF SEVERAL OCCURRENCES
COLUMN 17 PEAK WIND IN M.P.H.
PRELIMINARY LOCAL CLIMATOLOGICAL DATA (WS FORM: F-6) , PAGE 2
STATION: AUGUSTA DANIEL FIELD GA
MONTH: DECEMBER
YEAR: 2021
LATITUDE: 33 28 N
LONGITUDE: 82 2 W
[TEMPERATURE DATA] [PRECIPITATION DATA] SYMBOLS USED IN COLUMN 16
AVERAGE MONTHLY: 59.2 TOTAL FOR MONTH: 6.43 1 = FOG OR MIST
DPTR FM NORMAL: 8.1 DPTR FM NORMAL: 2.61 2 = FOG REDUCING VISIBILITY
HIGHEST: 81 ON 3 GRTST 24HR 2.39 ON 18-19 TO 1/4 MILE OR LESS
LOWEST: 37 ON 23 3 = THUNDER
SNOW, ICE PELLETS, HAIL 4 = ICE PELLETS
TOTAL MONTH: M 5 = HAIL
GRTST 24HR M ON M 6 = FREEZING RAIN OR DRIZZLE
GRTST DEPTH: M ON M 7 = DUSTSTORM OR SANDSTORM:
VSBY 1/2 MILE OR LESS
8 = SMOKE OR HAZE
[NO. OF DAYS WITH] [WEATHER - DAYS WITH] 9 = BLOWING SNOW
X = TORNADO
MAX 32 OR BELOW: 0 0.01 INCH OR MORE: 10
MAX 90 OR ABOVE: 0 0.10 INCH OR MORE: 7
MIN 32 OR BELOW: 0 0.50 INCH OR MORE: 4
MIN 0 OR BELOW: 0 1.00 INCH OR MORE: 2
[HDD (BASE 65) ]
TOTAL THIS MO. 208 CLEAR (SCALE 0-3) 14
DPTR FM NORMAL -229 PTCLDY (SCALE 4-7) 9
TOTAL FM JUL 1 499 CLOUDY (SCALE 8-10) 8
DPTR FM NORMAL -235
[CDD (BASE 65) ]
TOTAL THIS MO. 37
DPTR FM NORMAL 29 [PRESSURE DATA]
TOTAL FM JAN 1 2705 HIGHEST SLP 30.50 ON 15
DPTR FM NORMAL 42 LOWEST SLP 29.79 ON 22
[REMARKS]
#FINAL-12-21#