000
CXUS53 KFGF 010815
CF6DVL
PRELIMINARY LOCAL CLIMATOLOGICAL DATA (WS FORM: F-6)
STATION: DEVILS LAKE ND
MONTH: AUGUST
YEAR: 2021
LATITUDE: 48 7 N
LONGITUDE: 98 54 W
TEMPERATURE IN F: :PCPN: SNOW: WIND :SUNSHINE: SKY :PK WND
================================================================================
1 2 3 4 5 6A 6B 7 8 9 10 11 12 13 14 15 16 17 18
12Z AVG MX 2MIN
DY MAX MIN AVG DEP HDD CDD WTR SNW DPTH SPD SPD DIR MIN PSBL S-S WX SPD DR
================================================================================
1 80 49 65 -5 0 0 0.00 M M 3.9 10 350 M M 0 M M
2 87 61 74 4 0 9 0.00 M M 5.8 10 200 M M 2 8 M M
3 90 59 75 5 0 10 0.00 M M 3.6 17 200 M M 2 18 M M
4 82 67 75 5 0 10 0.03 M M 11.0 15 220 M M 5 1 21 220
5 76 60 68 -2 0 3 T M M 9.5 18 350 M M 5 18 22 10
6 79 51 65 -5 0 0 0.00 M M 6.1 13 110 M M 0 128 M M
7 86 54 70 1 0 5 0.00 M M 7.8 13 130 M M 1 8 M M
8 93 63 78 9 0 13 0.00 M M 8.2 15 160 M M 0 M M
9 77 64 71 2 0 6 0.38 M M 10.9 27 40 M M 4 138 39 50
10 85 61 73 4 0 8 0.01 M M 15.2 23 260 M M 4 1 30 260
11 84 55 70 1 0 5 0.00 M M 16.6 25 270 M M 1 36 260
12 75 51 63 -5 2 0 0.00 M M 17.3 31 310 M M 2 40 300
13 78 46 62 -6 3 0 0.00 M M 9.5 17 330 M M 0 31 340
14 93 62 78 10 0 13 0.00 M M 7.5 14 250 M M 0 M M
15 96 63 80 12 0 15 0.00 M M 10.4 21 180 M M 0 27 180
16 94 72 83 15 0 18 0.00 M M 13.4 23 180 M M 0 27 180
17 87 66 77 10 0 12 0.03 M M 7.3 12 110 M M 0 M M
18 93 70 82 15 0 17 0.00 0.0 M 11.8 16 140 M M 0 20 160
19 83 60 72 5 0 7 0.00 M M M M M M M M M M
20 70 54 62 -4 3 0 0.68 M M M M M M M M M M
21 72 50 61 -5 4 0 0.03 M M M M M M M M M M
22 72 59 66 0 0 1 0.50 M M M M M M M M M M
23 72 55 64 -2 1 0 0.03 M M M M M M M M M M
24 71 56 64 -1 1 0 0.10 M M M M M M M M M M
25 66 51 59 -6 6 0 T M M 8.2 12 80 M M 6 M M
26 66 51 59 -6 6 0 0.10 M M 12.5 18 80 M M 9 23 90
27 68 53 61 -3 4 0 0.28 M M 8.2 20 80 M M 7 1 M M
28 76 59 68 4 0 3 0.27 M M 6.2 13 180 M M 8 123 M M
29 76 56 66 2 0 1 T M M 11.0 23 320 M M 1 23 290
30 79 53 66 3 0 1 0.00 M M 7.7 13 110 M M 1 M M
31 80 59 70 7 0 5 0.00 M M 10.9 15 110 M M 2 M M
================================================================================
SM 2486 1790 30 162 2.44 0.0 240.6 M 60
================================================================================
AV 80.2 57.7 9.6 FASTST M M 2 MAX(MPH)
MISC ----> 31 310 40 300
================================================================================
NOTES:
# LAST OF SEVERAL OCCURRENCES
COLUMN 17 PEAK WIND IN M.P.H.
PRELIMINARY LOCAL CLIMATOLOGICAL DATA (WS FORM: F-6) , PAGE 2
STATION: DEVILS LAKE ND
MONTH: AUGUST
YEAR: 2021
LATITUDE: 48 7 N
LONGITUDE: 98 54 W
[TEMPERATURE DATA] [PRECIPITATION DATA] SYMBOLS USED IN COLUMN 16
AVERAGE MONTHLY: 69.0 TOTAL FOR MONTH: 2.44 1 = FOG OR MIST
DPTR FM NORMAL: 1.8 DPTR FM NORMAL: 0.01 2 = FOG REDUCING VISIBILITY
HIGHEST: 96 ON 15 GRTST 24HR 0.68 ON 20-20 TO 1/4 MILE OR LESS
LOWEST: 46 ON 13 3 = THUNDER
SNOW, ICE PELLETS, HAIL 4 = ICE PELLETS
TOTAL MONTH: 0.0 INCH 5 = HAIL
GRTST 24HR 0.0 6 = FREEZING RAIN OR DRIZZLE
GRTST DEPTH: M ON M 7 = DUSTSTORM OR SANDSTORM:
VSBY 1/2 MILE OR LESS
8 = SMOKE OR HAZE
[NO. OF DAYS WITH] [WEATHER - DAYS WITH] 9 = BLOWING SNOW
X = TORNADO
MAX 32 OR BELOW: 0 0.01 INCH OR MORE: 12
MAX 90 OR ABOVE: 6 0.10 INCH OR MORE: 7
MIN 32 OR BELOW: 0 0.50 INCH OR MORE: 2
MIN 0 OR BELOW: 0 1.00 INCH OR MORE: 0
[HDD (BASE 65) ]
TOTAL THIS MO. 30 CLEAR (SCALE 0-3) 17
DPTR FM NORMAL -2 PTCLDY (SCALE 4-7) 7
TOTAL FM JUL 1 39 CLOUDY (SCALE 8-10) 7
DPTR FM NORMAL 0
[CDD (BASE 65) ]
TOTAL THIS MO. 162
DPTR FM NORMAL 62 [PRESSURE DATA]
TOTAL FM JAN 1 616 HIGHEST SLP M ON M
DPTR FM NORMAL 368 LOWEST SLP M ON M
[REMARKS]
#FINAL-08-21#